000
CXUS53 KUNR 230945
CF6RAP
PRELIMINARY LOCAL CLIMATOLOGICAL DATA (WS FORM: F-6)

                                          STATION:   RAPID CITY AIRPORT SD
                                          MONTH:     NOVEMBER
                                          YEAR:      2017
                                          LATITUDE:   44  2 N
                                          LONGITUDE: 103  4 W

  TEMPERATURE IN F:       :PCPN:    SNOW:  WIND      :SUNSHINE: SKY     :PK WND
================================================================================
1   2   3   4   5  6A  6B    7    8   9   10  11  12  13   14  15   16   17  18
                                     12Z  AVG MX 2MIN
DY MAX MIN AVG DEP HDD CDD  WTR  SNW DPTH SPD SPD DIR MIN PSBL S-S WX    SPD DR
================================================================================

 1  51  32  42   1  23   0 0.05    T    0  9.9 25 350   M    M   8 1      32 340
 2  34  29  32  -9  33   0 0.01    T    0 11.7 28 350   M    M   8 1      34 350
 3  43  28  36  -4  29   0 0.01  0.0    T 11.5 24 180   M    M   8 1      30 160
 4  39  25  32  -8  33   0 0.01    T    0 17.8 32 350   M    M   8 12     39 350
 5  42  22  32  -8  33   0 0.00  0.0    0  7.6 18 170   M    M   8        25 180
 6  29  19  24 -15  41   0    T    T    0 14.8 29 350   M    M  10        35 360
 7  39  12  26 -13  39   0 0.00  0.0    0  4.5 15 360   M    M   4        17 360
 8  43  12  28 -10  37   0 0.00  0.0    0  9.8 23 350   M    M   0        28 350
 9  28  21  25 -13  40   0 0.00  0.0    0 12.6 22 130   M    M   9        26 130
10  48  20  34  -3  31   0 0.00  0.0    0  7.6 21 150   M    M   1        24 170
11  50  23  37   0  28   0 0.00  0.0    0  6.7 14 110   M    M   3        17 120
12  55  19  37   1  28   0 0.00  0.0    0  6.7 23 170   M    M   2        28 170
13  60  29  45   9  20   0 0.00  0.0    0  4.2 12 130   M    M   0        15 140
14  60  31  46  11  19   0    T  0.0    0 13.3 39 340   M    M   2        47 340
15  48  22  35   0  30   0 0.00  0.0    0  6.7 18 120   M    M   0        22 120
16  73  22  48  14  17   0 0.00  0.0    0 13.3 36 340   M    M   0        44 340
17  45  33  39   5  26   0 0.06  0.0    0  7.9 24 340   M    M   8 1      32 340
18  47  20  34   1  31   0 0.00  0.0    0 12.3 28 320   M    M   2        34 320
19  55  17  36   3  29   0 0.00  0.0    0  3.5 13 150   M    M   0        14 170
20  68  27  48  16  17   0    T    T    0  9.7 30 360   M    M   1 1      35 360
21  35  19  27  -5  38   0    T    T    0 10.6 32 330   M    M   3 1      38 330
22  73  24  49  18  16   0 0.00  0.0    0  8.1 36 330   M    M   0        42 330
================================================================================
SM 1065  506       638   0  0.14    T    210.8          M       85
================================================================================
AV 48.4 23.0                               9.6 FASTST   M    M   4    MAX(MPH)
                                 MISC ---->  # 39 340               # 47  340
================================================================================
NOTES:
# LAST OF SEVERAL OCCURRENCES

COLUMN 17 PEAK WIND IN M.P.H.

PRELIMINARY LOCAL CLIMATOLOGICAL DATA (WS FORM: F-6) , PAGE 2

                                          STATION:  RAPID CITY AIRPORT SD
                                          MONTH:    NOVEMBER
                                          YEAR:     2017
                                          LATITUDE:   44  2 N
                                          LONGITUDE: 103  4 W

[TEMPERATURE DATA]      [PRECIPITATION DATA]       SYMBOLS USED IN COLUMN 16

AVERAGE MONTHLY: 35.7   TOTAL FOR MONTH:   0.14    1 = FOG OR MIST
DPTR FM NORMAL:  -0.7   DPTR FM NORMAL:   -0.29    2 = FOG REDUCING VISIBILITY
HIGHEST:    73 ON 22,16 GRTST 24HR  0.06 ON 17-17      TO 1/4 MILE OR LESS
LOWEST:     12 ON  8, 7                            3 = THUNDER
                        SNOW, ICE PELLETS, HAIL    4 = ICE PELLETS
                        TOTAL MONTH:    T          5 = HAIL
                        GRTST 24HR    T  ON 21-21  6 = FREEZING RAIN OR DRIZZLE
                        GRTST DEPTH:   T           7 = DUSTSTORM OR SANDSTORM:
                                                       VSBY 1/2 MILE OR LESS
                                                   8 = SMOKE OR HAZE
[NO. OF DAYS WITH]      [WEATHER - DAYS WITH]      9 = BLOWING SNOW
                                                   X = TORNADO
MAX 32 OR BELOW:   2    0.01 INCH OR MORE:   5
MAX 90 OR ABOVE:   0    0.10 INCH OR MORE:   0
MIN 32 OR BELOW:  21    0.50 INCH OR MORE:   0
MIN  0 OR BELOW:   0    1.00 INCH OR MORE:   0

[HDD (BASE 65) ]
TOTAL THIS MO.   638    CLEAR  (SCALE 0-3)  11
DPTR FM NORMAL    10    PTCLDY (SCALE 4-7)   7
TOTAL FM JUL 1  1388    CLOUDY (SCALE 8-10)  4
DPTR FM NORMAL    -2

[CDD (BASE 65) ]
TOTAL THIS MO.     0
DPTR FM NORMAL     0    [PRESSURE DATA]
TOTAL FM JAN 1   709    HIGHEST SLP M ON M
DPTR FM NORMAL    73    LOWEST  SLP 29.47 ON  1

[REMARKS]
