000
CXUS53 KUNR 270945
CF6RAP
PRELIMINARY LOCAL CLIMATOLOGICAL DATA (WS FORM: F-6)

                                          STATION:   RAPID CITY AIRPORT SD
                                          MONTH:     FEBRUARY
                                          YEAR:      2015
                                          LATITUDE:   44  2 N
                                          LONGITUDE: 103  4 W

  TEMPERATURE IN F:       :PCPN:    SNOW:  WIND      :SUNSHINE: SKY     :PK WND
================================================================================
1   2   3   4   5  6A  6B    7    8   9   10  11  12  13   14  15   16   17  18
                                     12Z  AVG MX 2MIN
DY MAX MIN AVG DEP HDD CDD  WTR  SNW DPTH SPD SPD DIR MIN PSBL S-S WX    SPD DR
================================================================================

 1  15  -1   7 -18  58   0    T  0.3    1 12.3 24 350   M    M   3 19     29 350
 2  39   5  22  -4  43   0 0.00  0.0    T  9.1 29 350   M    M   4        36 360
 3  47  15  31   5  34   0    T    T    T 13.0 26 350   M    M   5 1      33 350
 4  21   7  14 -12  51   0    T    T    T 12.7 26 360   M    M   2 1      31 360
 5  52  12  32   6  33   0 0.00  0.0    0  3.7 12 140   M    M   2        14 150
 6  72  32  52  26  13   0 0.00  0.0    0  8.5 20 150   M    M   0        24 140
 7  71  41  56  30   9   0    T  0.0    0 12.1 37 300   M    M   2        46 290
 8  64  35  50  24  15   0 0.00  0.0    0 12.0 29 350   M    M   0        34 340
 9  55  26  41  15  24   0 0.00  0.0    0  8.6 31 350   M    M   0 1      36 350
10  57  25  41  15  24   0    T  0.0    0 19.6 37 340   M    M   6 1      45 350
11  36  17  27   1  38   0 0.00  0.0    0  9.3 18 360   M    M   8        23  10
12  57  14  36   9  29   0 0.00  0.0    0 12.1 22 330   M    M   6 1      28 330
13  63  26  45  18  20   0 0.00  0.0    0  7.6 26 330   M    M   2        33 330
14  36  16  26  -1  39   0    T    T    0 13.4 25 150   M    M   8 12     30 150
15  44  18  31   4  34   0 0.00  0.0    0 11.2 31 340   M    M   6 1      39 350
16  39  25  32   5  33   0 0.12  2.4    T 15.3 39 350   M    M   8 18     46 350
17  26   6  16 -12  49   0 0.07  1.8    2 22.3 38 330   M    M   3 1289   46 330
18  26   0  13 -15  52   0 0.00  0.0    1  5.0 17 350   M    M   7        21 350
19  55  18  37   9  28   0 0.00  0.0    T  8.8 25 350   M    M   1        31 350
20  51  29  40  12  25   0 0.00  0.0    0 12.2 28 320   M    M   5        33 320
21  36  10  23  -5  42   0 0.02  0.4    T 18.2 30 340   M    M   8 1      38 340
22  18  -4   7 -22  58   0    T  0.3    1  4.6 15  20   M    M   4 1      18  20
23  45  -2  22  -7  43   0 0.00  0.0    0  6.5 31 320   M    M   1        41 320
24  56  30  43  14  22   0 0.00  0.0    0 10.7 36 330   M    M   2        43 330
25  45   7  26  -4  39   0 0.04  1.2    0 20.4 35 350   M    M   8 1      45 350
26   9 -10   0 -30  65   0    T  0.1    1 10.4 20 360   M    M   4 19     25 360
================================================================================
SM 1135  397       920   0  0.25     6.5 299.6          M      105
================================================================================
AV 43.7 15.3                              11.5 FASTST   M    M   4    MAX(MPH)
                                 MISC ---->  # 39 350               # 46  290
================================================================================
NOTES:
# LAST OF SEVERAL OCCURRENCES

COLUMN 17 PEAK WIND IN M.P.H.

PRELIMINARY LOCAL CLIMATOLOGICAL DATA (WS FORM: F-6) , PAGE 2

                                          STATION:  RAPID CITY AIRPORT SD
                                          MONTH:    FEBRUARY
                                          YEAR:     2015
                                          LATITUDE:   44  2 N
                                          LONGITUDE: 103  4 W

[TEMPERATURE DATA]      [PRECIPITATION DATA]       SYMBOLS USED IN COLUMN 16

AVERAGE MONTHLY: 29.5   TOTAL FOR MONTH:   0.25    1 = FOG OR MIST
DPTR FM NORMAL:   2.3   DPTR FM NORMAL:   -0.15    2 = FOG REDUCING VISIBILITY
HIGHEST:    72 ON  6    GRTST 24HR  0.19 ON 16-17      TO 1/4 MILE OR LESS
LOWEST:    -10 ON 26                               3 = THUNDER
                        SNOW, ICE PELLETS, HAIL    4 = ICE PELLETS
                        TOTAL MONTH:   6.5 INCHES  5 = HAIL
                        GRTST 24HR   2.4 ON   M    6 = FREEZING RAIN OR DRIZZLE
                        GRTST DEPTH:   2 ON 17     7 = DUSTSTORM OR SANDSTORM:
                                                       VSBY 1/2 MILE OR LESS
                                                   8 = SMOKE OR HAZE
[NO. OF DAYS WITH]      [WEATHER - DAYS WITH]      9 = BLOWING SNOW
                                                   X = TORNADO
MAX 32 OR BELOW:   6    0.01 INCH OR MORE:   4
MAX 90 OR ABOVE:   0    0.10 INCH OR MORE:   1
MIN 32 OR BELOW:  24    0.50 INCH OR MORE:   0
MIN  0 OR BELOW:   5    1.00 INCH OR MORE:   0

[HDD (BASE 65) ]
TOTAL THIS MO.   920    CLEAR  (SCALE 0-3)  11
DPTR FM NORMAL   -63    PTCLDY (SCALE 4-7)  13
TOTAL FM JUL 1  4999    CLOUDY (SCALE 8-10)  2
DPTR FM NORMAL  -140

[CDD (BASE 65) ]
TOTAL THIS MO.     0
DPTR FM NORMAL     0    [PRESSURE DATA]
TOTAL FM JAN 1     0    HIGHEST SLP M ON M
DPTR FM NORMAL     0    LOWEST  SLP 29.49 ON  7

[REMARKS]
