000
CXUS54 KFWD 010730
CF6RBD
PRELIMINARY LOCAL CLIMATOLOGICAL DATA (WS FORM: F-6)

                                          STATION:   DALLAS EXECUTIVE
                                          MONTH:     FEBRUARY
                                          YEAR:      2015
                                          LATITUDE:   32 40 N
                                          LONGITUDE:  96 52 W

  TEMPERATURE IN F:       :PCPN:    SNOW:  WIND      :SUNSHINE: SKY     :PK WND
================================================================================
1   2   3   4   5  6A  6B    7    8   9   10  11  12  13   14  15   16   17  18
                                     12Z  AVG MX 2MIN
DY MAX MIN AVG DEP HDD CDD  WTR  SNW DPTH SPD SPD DIR MIN PSBL S-S WX    SPD DR
================================================================================

 1  62  37  50   2  15   0 0.26  0.0    0 14.6 29 320   M    M   6 1      35 330
 2  44  26  35 -13  30   0 0.00  0.0    0  8.6 28 340   M    M   0        33 340
 3  54  31  43  -5  22   0 0.00  0.0    0  7.8 17 160   M    M   3        22 170
 4  61  40  51   3  14   0 0.01  0.0    0  9.2 26 340   M    M   8 18     32 340
 5  40  32  36 -12  29   0    T  0.0    0  9.5 21 350   M    M  10 168    27 350
 6  59  35  47  -1  18   0 0.00  0.0    0  6.0 15 150   M    M   5 8      22 150
 7  71  43  57   8   8   0 0.00  0.0    0 11.3 23 160   M    M   1 18     36 180
 8  76  55  66  17   0   1 0.00  0.0    0  6.8 15 180   M    M   1        24 190
 9  79  49  64  15   1   0 0.00  0.0    0  7.0 14 340   M    M   0        17 350
10  77  44  61  12   4   0 0.00  0.0    0  9.5 17 160   M    M   0        24 160
11  70  46  58   9   7   0 0.00  0.0    0 10.0 20 350   M    M   0        25  10
12  58  39  49  -1  16   0 0.00  0.0    0  9.7 20 360   M    M   0        26 360
13  68  33  51   1  14   0 0.00  0.0    0  5.4 14 250   M    M   0        18 230
14  80  43  62  12   3   0 0.00  0.0    0  4.6 13 220   M    M   0        20 210
15  74  55  65  15   0   0    T  0.0    0  8.6 20 170   M    M   5        27 170
16  63  32  48  -2  17   0 0.22    M    0 15.5 26 330   M    M   8 18     33 330
17  55  29  42  -8  23   0 0.01    M    0  7.1 18 340   M    M   5        23 330
18  60  31  46  -5  19   0 0.00  0.0    0  5.1 15  70   M    M   0 18     19  70
19  61  33  47  -4  18   0 0.00  0.0    0 10.2 20 140   M    M   0        26 140
20  71  45  58   7   7   0 0.00  0.0    0 12.7 22 160   M    M   8 1      40 210
21  67  48  58   7   7   0 0.00  0.0    0 11.5 26 320   M    M   6 8      35 180
22  49  29  39 -13  26   0 0.57    M    0 13.1 25 350   M    M   9 16     30 350
23  29  26  28 -24  37   0 0.35    M    M 11.9 21  50   M    M  10 1236   26  10
24  37  25  31 -21  34   0 0.00  0.0    0  5.3 12 340   M    M   7 18     15 340
25  50  32  41 -11  24   0 0.80    M    0  3.4 10 310   M    M   6 1268   16 320
26  37  29  33 -20  32   0    T    T    0 13.4 25 350   M    M   7 18     32 340
27  31  25  28 -25  37   0 0.08    M    0 10.4 16  40   M    M   9 1268   22  50
28  32  26  29 -24  36   0 0.17  0.0    0  6.9 12  40   M    M  10 16     14  40
================================================================================
SM 1615 1018       498   1  2.47    T    255.1          M      124
================================================================================
AV 57.7 36.4                               9.1 FASTST   M    M   4    MAX(MPH)
                                 MISC ---->  # 29 320               # 40  210
================================================================================
NOTES:
# LAST OF SEVERAL OCCURRENCES

COLUMN 17 PEAK WIND IN M.P.H.

PRELIMINARY LOCAL CLIMATOLOGICAL DATA (WS FORM: F-6) , PAGE 2

                                          STATION:  DALLAS EXECUTIVE
                                          MONTH:    FEBRUARY
                                          YEAR:     2015
                                          LATITUDE:   32 40 N
                                          LONGITUDE:  96 52 W

[TEMPERATURE DATA]      [PRECIPITATION DATA]       SYMBOLS USED IN COLUMN 16

AVERAGE MONTHLY: 47.0   TOTAL FOR MONTH:   2.47    1 = FOG OR MIST
DPTR FM NORMAL:  -3.2   DPTR FM NORMAL:   -0.34    2 = FOG REDUCING VISIBILITY
HIGHEST:    80 ON 14    GRTST 24HR  0.91 ON 22-23      TO 1/4 MILE OR LESS
LOWEST:     25 ON 27,24                            3 = THUNDER
                        SNOW, ICE PELLETS, HAIL    4 = ICE PELLETS
                        TOTAL MONTH:    T          5 = HAIL
                        GRTST 24HR    T  ON 26-26  6 = FREEZING RAIN OR DRIZZLE
                        GRTST DEPTH:   0           7 = DUSTSTORM OR SANDSTORM:
                                                       VSBY 1/2 MILE OR LESS
                                                   8 = SMOKE OR HAZE
[NO. OF DAYS WITH]      [WEATHER - DAYS WITH]      9 = BLOWING SNOW
                                                   X = TORNADO
MAX 32 OR BELOW:   3    0.01 INCH OR MORE:   9
MAX 90 OR ABOVE:   0    0.10 INCH OR MORE:   6
MIN 32 OR BELOW:  13    0.50 INCH OR MORE:   2
MIN  0 OR BELOW:   0    1.00 INCH OR MORE:   0

[HDD (BASE 65) ]
TOTAL THIS MO.   498    CLEAR  (SCALE 0-3)  12
DPTR FM NORMAL    77    PTCLDY (SCALE 4-7)  11
TOTAL FM JUL 1  1795    CLOUDY (SCALE 8-10)  5
DPTR FM NORMAL   -92

[CDD (BASE 65) ]
TOTAL THIS MO.     1
DPTR FM NORMAL    -5    [PRESSURE DATA]
TOTAL FM JAN 1     5    HIGHEST SLP M ON M
DPTR FM NORMAL    -3    LOWEST  SLP 29.63 ON 21

[REMARKS]
#FINAL-02-15#
