000
CXUS56 KSTO 011455
CF6RBL
PRELIMINARY LOCAL CLIMATOLOGICAL DATA (WS FORM: F-6)

                                          STATION:   RED BLUFF AIRPORT CA
                                          MONTH:     SEPTEMBER
                                          YEAR:      2014
                                          LATITUDE:   40  9 N
                                          LONGITUDE: 122 15 W

  TEMPERATURE IN F:       :PCPN:    SNOW:  WIND      :SUNSHINE: SKY     :PK WND
================================================================================
1   2   3   4   5  6A  6B    7    8   9   10  11  12  13   14  15   16   17  18
                                     12Z  AVG MX 2MIN
DY MAX MIN AVG DEP HDD CDD  WTR  SNW DPTH SPD SPD DIR MIN PSBL S-S WX    SPD DR
================================================================================

 1 104  70  87  10   0  22 0.00  0.0    0  8.1 21 340   M    M   0 8      26  10
 2  99  65  82   5   0  17 0.00  0.0    0  7.9 20 160   M    M   0        22 150
 3 101  61  81   4   0  16 0.00  0.0    0 11.1 22 360   M    M   0        28 360
 4 102  63  83   6   0  18 0.00  0.0    0  7.4 22 360   M    M   0        27  10
 5  98  58  78   2   0  13 0.00  0.0    0  5.0 14 120   M    M   0        16 140
 6  97  61  79   3   0  14 0.00  0.0    0  6.4 17 170   M    M   0        22 180
 7  97  56  77   1   0  12 0.00  0.0    0  4.7 20 160   M    M   0        24 150
 8  92  57  75  -1   0  10 0.00  0.0    0  6.4 16 170   M    M   0        20 180
 9  93  56  75  -1   0  10 0.00  0.0    0  4.1 12 170   M    M   0        14 180
10 101  60  81   5   0  16 0.00  0.0    0  7.0 15 360   M    M   0        21  10
11 100  62  81   5   0  16 0.00  0.0    0  5.6 12 150   M    M   0        16 150
12 101  60  81   6   0  16 0.00  0.0    0  6.3 15 140   M    M   0        19 140
13 101  66  84   9   0  19 0.00  0.0    0  6.2 16 140   M    M   0        19 140
14  98  64  81   6   0  16 0.00  0.0    0  6.9 17 170   M    M   0        20 150
15  98  64  81   6   0  16 0.00  0.0    0 10.5 26 160   M    M   0        33 150
16  90  55  73  -1   0   8 0.00  0.0    0  4.9 13 150   M    M   0        17 150
17  93  61  77   3   0  12 0.00  0.0    0 13.7 26 150   M    M   1        34 150
18  85  65  75   1   0  10 0.00  0.0    0  8.4 17 160   M    M   3        24 140
19 101  61  81   7   0  16 0.00  0.0    0  8.6 20 150   M    M   0        24  10
20  92  63  78   4   0  13 0.00  0.0    0  6.6 20 140   M    M   0        23 130
21  86  61  74   1   0   9 0.00  0.0    0  7.4 17 160   M    M   0 8      22 160
22  88  60  74   1   0   9 0.00  0.0    0  4.9 15 160   M    M   0 8      17 170
23  89  63  76   3   0  11 0.00  0.0    0  9.2 21 160   M    M   0 8      26 140
24  87  61  74   1   0   9 0.54  0.0    0 11.7 24 170   M    M   1 1      30 170
25  71  57  64  -8   1   0 1.90  0.0    0  8.4 17 180   M    M   9 13     22 170
26  79  56  68  -4   0   3    T  0.0    0  6.8 12  40   M    M   3        20 350
27  84  55  70  -2   0   5    T  0.0    0  8.1 20  40   M    M   2        28  10
28  72  58  65  -7   0   0 0.00  0.0    0  7.3 15 170   M    M   6        18 150
29  79  54  67  -4   0   2 0.00  0.0    0  4.4 12 170   M    M   0        14 170
30  85  58  72   1   0   7 0.00  0.0    0 10.8 24 350   M    M   0        30 350
================================================================================
SM 2763 1811         1 345  2.44     0.0 224.8          M       25
================================================================================
AV 92.1 60.4                               7.5 FASTST   M    M   1    MAX(MPH)
                                 MISC ---->  # 26 160               # 34  150
================================================================================
NOTES:
# LAST OF SEVERAL OCCURRENCES

COLUMN 17 PEAK WIND IN M.P.H.

PRELIMINARY LOCAL CLIMATOLOGICAL DATA (WS FORM: F-6) , PAGE 2

                                          STATION:  RED BLUFF AIRPORT CA
                                          MONTH:    SEPTEMBER
                                          YEAR:     2014
                                          LATITUDE:   40  9 N
                                          LONGITUDE: 122 15 W

[TEMPERATURE DATA]      [PRECIPITATION DATA]       SYMBOLS USED IN COLUMN 16

AVERAGE MONTHLY: 76.2   TOTAL FOR MONTH:   2.44    1 = FOG OR MIST
DPTR FM NORMAL:   1.8   DPTR FM NORMAL:    1.94    2 = FOG REDUCING VISIBILITY
HIGHEST:   104 ON  1    GRTST 24HR  2.31 ON 24-25      TO 1/4 MILE OR LESS
LOWEST:     54 ON 29                               3 = THUNDER
                        SNOW, ICE PELLETS, HAIL    4 = ICE PELLETS
                        TOTAL MONTH:   0.0 INCH    5 = HAIL
                        GRTST 24HR     0.0         6 = FREEZING RAIN OR DRIZZLE
                        GRTST DEPTH:   0           7 = DUSTSTORM OR SANDSTORM:
                                                       VSBY 1/2 MILE OR LESS
                                                   8 = SMOKE OR HAZE
[NO. OF DAYS WITH]      [WEATHER - DAYS WITH]      9 = BLOWING SNOW
                                                   X = TORNADO
MAX 32 OR BELOW:   0    0.01 INCH OR MORE:   2
MAX 90 OR ABOVE:  19    0.10 INCH OR MORE:   2
MIN 32 OR BELOW:   0    0.50 INCH OR MORE:   2
MIN  0 OR BELOW:   0    1.00 INCH OR MORE:   1

[HDD (BASE 65) ]
TOTAL THIS MO.     1    CLEAR  (SCALE 0-3)  27
DPTR FM NORMAL    -5    PTCLDY (SCALE 4-7)   2
TOTAL FM JUL 1     1    CLOUDY (SCALE 8-10)  1
DPTR FM NORMAL    -5

[CDD (BASE 65) ]
TOTAL THIS MO.   345
DPTR FM NORMAL    58    [PRESSURE DATA]
TOTAL FM JAN 1  2143    HIGHEST SLP 30.01 ON 29
DPTR FM NORMAL   398    LOWEST  SLP 29.60 ON  3

[REMARKS]
#FINAL-09-14#
