000
CXUS51 KPHI 270800
CF6RDG
PRELIMINARY LOCAL CLIMATOLOGICAL DATA (WS FORM: F-6)

                                          STATION:   READING PA
                                          MONTH:     FEBRUARY
                                          YEAR:      2015
                                          LATITUDE:   40 22 N
                                          LONGITUDE:  75 58 W

  TEMPERATURE IN F:       :PCPN:    SNOW:  WIND      :SUNSHINE: SKY     :PK WND
================================================================================
1   2   3   4   5  6A  6B    7    8   9   10  11  12  13   14  15   16   17  18
                                     12Z  AVG MX 2MIN
DY MAX MIN AVG DEP HDD CDD  WTR  SNW DPTH SPD SPD DIR MIN PSBL S-S WX    SPD DR
================================================================================

 1  36  17  27  -3  38   0 0.10    M    M  2.4 14 170   M    M   9 1      19 110
 2  39  19  29  -1  36   0 0.76    M    M 12.5 36 320   M    M   8 16     46 340
 3  27  15  21  -9  44   0 0.00    M    M  7.9 22 300   M    M   1        26 290
 4  41  15  28  -2  37   0 0.00    M    M  2.7 10 220   M    M   4        12 220
 5  36  12  24  -6  41   0    T    M    M 13.5 29 320   M    M   5 19     34 310
 6  30   6  18 -12  47   0 0.00    M    M  5.3 15 290   M    M   2        20 290
 7  40  14  27  -4  38   0 0.00    M    M  1.4 12 230   M    M   7        14 230
 8  38  31  35   4  30   0    T    M    M  2.5  9  90   M    M   3 18     11  80
 9  35  26  31   0  34   0 0.01    M    M  8.9 14  50   M    M  10 16     19  60
10  34  26  30  -1  35   0 0.00    M    M  9.1 18 340   M    M   8        22 350
11  34  18  26  -5  39   0 0.00    M    M  3.4 14 350   M    M   2        17 350
12  37  13  25  -6  40   0 0.02    M    M 12.5 35 310   M    M   6 18     43 310
13  20   6  13 -19  52   0 0.00    M    M 11.5 29 310   M    M   0        36 320
14  28  11  20 -12  45   0 0.08    M    M  6.5 36 320   M    M   9 19     49 290
15  13   3   8 -24  57   0    T    M    M 22.6 38 310   M    M   4 9      48 310
16  13  -1   6 -26  59   0    T    M    M  9.3 26 310   M    M   3 1      33 310
17  23   8  16 -16  49   0    T    M    M  3.2 10 270   M    M   4 1      12 270
18  29   1  15 -18  50   0    T    M    M  5.4 32 280   M    M   3 128    43 290
19  17   3  10 -23  55   0    T    M    M 18.1 29 310   M    M   3 9      37 300
20  14  -1   7 -26  58   0 0.00    M    M 10.4 22 290   M    M   0        30 290
21  25   2  14 -20  51   0 0.35    M    M  5.2 17 190   M    M   6 18     25 190
22  42  25  34   0  31   0 0.10    M    M  3.6 21 310   M    M   5 168    25 300
23  33   7  20 -14  45   0 0.00    M    M 13.3 26 330   M    M   2        32 300
24  23  -3  10 -24  55   0 0.00    M    M  5.8 15 200   M    M   0        20 160
25  37  11  24 -11  41   0 0.00    M    M  5.4 18 250   M    M   1        23 250
26  29  19  24 -11  41   0 0.01    M    M  5.8 14  40   M    M   7        18  30
================================================================================
SM  773  303      1148   0  1.43    M    208.2          M      112
================================================================================
AV 29.7 11.7                               8.0 FASTST   M    M   4    MAX(MPH)
                                 MISC ---->  # 38 310               # 49  290
================================================================================
NOTES:
# LAST OF SEVERAL OCCURRENCES

COLUMN 17 PEAK WIND IN M.P.H.

PRELIMINARY LOCAL CLIMATOLOGICAL DATA (WS FORM: F-6) , PAGE 2

                                          STATION:  READING PA
                                          MONTH:    FEBRUARY
                                          YEAR:     2015
                                          LATITUDE:   40 22 N
                                          LONGITUDE:  75 58 W

[TEMPERATURE DATA]      [PRECIPITATION DATA]       SYMBOLS USED IN COLUMN 16

AVERAGE MONTHLY: 20.7   TOTAL FOR MONTH:   1.43    1 = FOG OR MIST
DPTR FM NORMAL: -11.3   DPTR FM NORMAL:   -0.86    2 = FOG REDUCING VISIBILITY
HIGHEST:    42 ON 22    GRTST 24HR  0.76 ON  2- 2      TO 1/4 MILE OR LESS
LOWEST:     -3 ON 24                               3 = THUNDER
                        SNOW, ICE PELLETS, HAIL    4 = ICE PELLETS
                        TOTAL MONTH:    M          5 = HAIL
                        GRTST 24HR    M  ON   M    6 = FREEZING RAIN OR DRIZZLE
                        GRTST DEPTH:  M  ON   M    7 = DUSTSTORM OR SANDSTORM:
                                                       VSBY 1/2 MILE OR LESS
                                                   8 = SMOKE OR HAZE
[NO. OF DAYS WITH]      [WEATHER - DAYS WITH]      9 = BLOWING SNOW
                                                   X = TORNADO
MAX 32 OR BELOW:  13    0.01 INCH OR MORE:   8
MAX 90 OR ABOVE:   0    0.10 INCH OR MORE:   4
MIN 32 OR BELOW:  26    0.50 INCH OR MORE:   1
MIN  0 OR BELOW:   3    1.00 INCH OR MORE:   0

[HDD (BASE 65) ]
TOTAL THIS MO.  1148    CLEAR  (SCALE 0-3)  11
DPTR FM NORMAL   290    PTCLDY (SCALE 4-7)  12
TOTAL FM JUL 1  4212    CLOUDY (SCALE 8-10)  3
DPTR FM NORMAL   229

[CDD (BASE 65) ]
TOTAL THIS MO.     0
DPTR FM NORMAL     0    [PRESSURE DATA]
TOTAL FM JAN 1     0    HIGHEST SLP M ON M
DPTR FM NORMAL     0    LOWEST  SLP 29.36 ON  2

[REMARKS]
