000
CXUS56 KPDT 241832
CF6RDM
PRELIMINARY LOCAL CLIMATOLOGICAL DATA (WS FORM: F-6)

                                          STATION:   REDMOND OR
                                          MONTH:     SEPTEMBER
                                          YEAR:      2016
                                          LATITUDE:   44 16 N
                                          LONGITUDE: 121  9 W

  TEMPERATURE IN F:       :PCPN:    SNOW:  WIND      :SUNSHINE: SKY     :PK WND
================================================================================
1   2   3   4   5  6A  6B    7    8   9   10  11  12  13   14  15   16   17  18
                                     12Z  AVG MX 2MIN
DY MAX MIN AVG DEP HDD CDD  WTR  SNW DPTH SPD SPD DIR MIN PSBL S-S WX    SPD DR
================================================================================

 1  72  43  58  -3   7   0    T  0.0    0  4.9 20 330   M    M   4        24 330
 2  69  42  56  -5   9   0 0.00  0.0    0  7.8 21 330   M    M   5        27 310
 3  69  34  52  -9  13   0    T  0.0    0  6.4 17 350   M    M   2        22 350
 4  70  34  52  -9  13   0 0.00  0.0    0  6.5 21 280   M    M   1        24 280
 5  72  33  53  -7  12   0 0.00  0.0    0  4.1 15 310   M    M   0        22 300
 6  72  39  56  -4   9   0 0.02  0.0    0  6.9 22 290   M    M   4 8      26 290
 7  80  41  61   1   4   0 0.00  0.0    0  5.9 18 310   M    M   0        24 310
 8  79  38  59  -1   6   0 0.00  0.0    0  6.6 18  20   M    M   0        22 360
 9  78  30  54  -5  11   0 0.00  0.0    0  5.2 15 340   M    M   0        19 330
10  91  33  62   3   3   0 0.00  0.0    0  6.4 20 290   M    M   0        24 290
11  76  45  61   2   4   0 0.00  0.0    0  8.1 20 290   M    M   0        25 290
12  66  30  48 -10  17   0 0.00  0.0    0 10.4 24  20   M    M   0 8      31  30
13  69  29  49  -9  16   0 0.00  0.0    0  6.1 18 330   M    M   0        25 320
14  76  24  50  -8  15   0 0.00  0.0    0  5.2 16 350   M    M   0        24  10
15  80  34  57  -1   8   0 0.00  0.0    0  4.6 12 350   M    M   0        16  30
16  84  35  60   3   5   0 0.00  0.0    0  5.4 17 310   M    M   0 8      20 320
17  80  50  65   8   0   0    T  0.0    0  5.9 22 240   M    M   5        27 250
18  80  41  61   5   4   0 0.00  0.0    0  6.8 25 300   M    M   4        32 280
19  71  33  52  -4  13   0 0.00  0.0    0  5.6 18 340   M    M   0 1      25 350
20  68  41  55  -1  10   0 0.00  0.0    0  6.6 16 340   M    M   0        20 340
21  66  32  49  -7  16   0 0.00  0.0    0  8.5 22 330   M    M   3        28 330
22  64  31  48  -7  17   0 0.01  0.0    0  9.2 25 290   M    M   3        29 290
23  62  28  45 -10  20   0 0.01  0.0    0  6.0 22 290   M    M   4        28 300
================================================================================
SM 1694  820       232   0  0.04     0.0 149.1          M       35
================================================================================
AV 73.7 35.7                               6.5 FASTST   M    M   2    MAX(MPH)
                                 MISC ---->  # 25 300               # 32  280
================================================================================
NOTES:
# LAST OF SEVERAL OCCURRENCES

COLUMN 17 PEAK WIND IN M.P.H.

PRELIMINARY LOCAL CLIMATOLOGICAL DATA (WS FORM: F-6) , PAGE 2

                                          STATION:  REDMOND OR
                                          MONTH:    SEPTEMBER
                                          YEAR:     2016
                                          LATITUDE:   44 16 N
                                          LONGITUDE: 121  9 W

[TEMPERATURE DATA]      [PRECIPITATION DATA]       SYMBOLS USED IN COLUMN 16

AVERAGE MONTHLY: 54.7   TOTAL FOR MONTH:   0.04    1 = FOG OR MIST
DPTR FM NORMAL:  -3.7   DPTR FM NORMAL:   -0.27    2 = FOG REDUCING VISIBILITY
HIGHEST:    91 ON 10    GRTST 24HR  0.02 ON  6- 6      TO 1/4 MILE OR LESS
LOWEST:     24 ON 14                               3 = THUNDER
                        SNOW, ICE PELLETS, HAIL    4 = ICE PELLETS
                        TOTAL MONTH:   0.0 INCH    5 = HAIL
                        GRTST 24HR     0.0         6 = FREEZING RAIN OR DRIZZLE
                        GRTST DEPTH:   0           7 = DUSTSTORM OR SANDSTORM:
                                                       VSBY 1/2 MILE OR LESS
                                                   8 = SMOKE OR HAZE
[NO. OF DAYS WITH]      [WEATHER - DAYS WITH]      9 = BLOWING SNOW
                                                   X = TORNADO
MAX 32 OR BELOW:   0    0.01 INCH OR MORE:   3
MAX 90 OR ABOVE:   1    0.10 INCH OR MORE:   0
MIN 32 OR BELOW:   7    0.50 INCH OR MORE:   0
MIN  0 OR BELOW:   0    1.00 INCH OR MORE:   0

[HDD (BASE 65) ]
TOTAL THIS MO.   232    CLEAR  (SCALE 0-3)  16
DPTR FM NORMAL    62    PTCLDY (SCALE 4-7)   7
TOTAL FM JUL 1   321    CLOUDY (SCALE 8-10)  0
DPTR FM NORMAL     2

[CDD (BASE 65) ]
TOTAL THIS MO.     0
DPTR FM NORMAL   -14    [PRESSURE DATA]
TOTAL FM JAN 1   239    HIGHEST SLP 30.00 ON  3
DPTR FM NORMAL    19    LOWEST  SLP 29.80 ON 17

[REMARKS]
