000
CXUS52 KRAH 281345
CF6RDU
PRELIMINARY LOCAL CLIMATOLOGICAL DATA (WS FORM: F-6)

                                          STATION:   RALEIGH-DURHAM INTL AIRPORT NC
                                          MONTH:     APRIL
                                          YEAR:      2017
                                          LATITUDE:   35 52 N
                                          LONGITUDE:  78 47 W

  TEMPERATURE IN F:       :PCPN:    SNOW:  WIND      :SUNSHINE: SKY     :PK WND
================================================================================
1   2   3   4   5  6A  6B    7    8   9   10  11  12  13   14  15   16   17  18
                                     12Z  AVG MX 2MIN
DY MAX MIN AVG DEP HDD CDD  WTR  SNW DPTH SPD SPD DIR MIN PSBL S-S WX    SPD DR
================================================================================

 1  75  49  62   6   3   0 0.00  0.0    0  6.1 14  20   M    M   1        26 330
 2  69  49  59   2   6   0 0.00  0.0    0  6.1 16  80   M    M   4        21  90
 3  76  50  63   6   2   0 0.40  0.0    0  9.2 23 170   M    M   7 13     29 190
 4  82  63  73  16   0   8    T  0.0    0 13.0 24 240   M    M   5        31 230
 5  78  53  66   9   0   1 0.32  0.0    0  6.7 17 160   M    M   7 13     24 290
 6  70  50  60   2   5   0 0.09  0.0    0 15.3 44 230   M    M   7 13     52 240
 7  59  43  51  -7  14   0 0.00  0.0    0 11.8 24 290   M    M   6        36 260
 8  67  34  51  -7  14   0 0.00  0.0    0  3.1 13 270   M    M   3        17 280
 9  77  38  58  -1   7   0 0.00  0.0    0  4.4 14 230   M    M   3        20 240
10  78  49  64   5   1   0 0.00  0.0    0  9.7 18 230   M    M   7        24 240
11  82  55  69  10   0   4 0.00  0.0    0 10.5 21 230   M    M   2        25 240
12  83  56  70  11   0   5 0.00  0.0    0  4.1 14 210   M    M   6        19 220
13  80  54  67   7   0   2 0.00  0.0    0  8.1 18 120   M    M   4        24 110
14  81  53  67   7   0   2    T  0.0    0  4.5 12 250   M    M   6 1      15 240
15  85  61  73  13   0   8 0.00  0.0    0  9.5 21 220   M    M   5        27 220
16  82  60  71  11   0   6 0.00  0.0    0 12.8 23 250   M    M   6 8      31 240
17  86  62  74  13   0   9 0.05  0.0    0  9.9 20 310   M    M   5 1      32 300
18  74  61  68   7   0   3 0.03  0.0    0  9.5 18  90   M    M   9 1      24 110
19  69  55  62   1   3   0    T  0.0    0  3.5 10  50   M    M   9 1      13  50
20  85  56  71  10   0   6 0.00  0.0    0  5.8 15 230   M    M   7 18     21 230
21  89  63  76  14   0  11 0.21  0.0    0  7.0 18 230   M    M   6 1      22 230
22  87  56  72  10   0   7 0.09  0.0    0  9.4 26 250   M    M   8 1      35 240
23  56  53  55  -7  10   0 0.77  0.0    0 11.1 21  90   M    M  10 1      27  80
24  60  53  57  -5   8   0 4.51  0.0    0 10.9 21  50   M    M   8 1      25  40
25  70  58  64   1   1   0 2.17  0.0    0  6.9 13  40   M    M   9 1      16  20
26  81  56  69   6   0   4 0.00  0.0    0  5.3 16 230   M    M   5        23 220
27  82  62  72   9   0   7 0.00  0.0    0 10.5 20 220   M    M   6        26 210
================================================================================
SM 2063 1452        74  83  8.64     0.0 224.7          M      161
================================================================================
AV 76.4 53.8                               8.3 FASTST   M    M   6    MAX(MPH)
                                 MISC ---->  # 44 230               # 52  240
================================================================================
NOTES:
# LAST OF SEVERAL OCCURRENCES

COLUMN 17 PEAK WIND IN M.P.H.

PRELIMINARY LOCAL CLIMATOLOGICAL DATA (WS FORM: F-6) , PAGE 2

                                          STATION:  RALEIGH-DURHAM INTL AIRPORT NC
                                          MONTH:    APRIL
                                          YEAR:     2017
                                          LATITUDE:   35 52 N
                                          LONGITUDE:  78 47 W

[TEMPERATURE DATA]      [PRECIPITATION DATA]       SYMBOLS USED IN COLUMN 16

AVERAGE MONTHLY: 65.1   TOTAL FOR MONTH:   8.64    1 = FOG OR MIST
DPTR FM NORMAL:   5.3   DPTR FM NORMAL:    5.98    2 = FOG REDUCING VISIBILITY
HIGHEST:    89 ON 21    GRTST 24HR  4.51 ON 24-24      TO 1/4 MILE OR LESS
LOWEST:     34 ON  8                               3 = THUNDER
                        SNOW, ICE PELLETS, HAIL    4 = ICE PELLETS
                        TOTAL MONTH:   0.0 INCH    5 = HAIL
                        GRTST 24HR     0.0         6 = FREEZING RAIN OR DRIZZLE
                        GRTST DEPTH:   0           7 = DUSTSTORM OR SANDSTORM:
                                                       VSBY 1/2 MILE OR LESS
                                                   8 = SMOKE OR HAZE
[NO. OF DAYS WITH]      [WEATHER - DAYS WITH]      9 = BLOWING SNOW
                                                   X = TORNADO
MAX 32 OR BELOW:   0    0.01 INCH OR MORE:  10
MAX 90 OR ABOVE:   0    0.10 INCH OR MORE:   6
MIN 32 OR BELOW:   0    0.50 INCH OR MORE:   3
MIN  0 OR BELOW:   0    1.00 INCH OR MORE:   2

[HDD (BASE 65) ]
TOTAL THIS MO.    74    CLEAR  (SCALE 0-3)   3
DPTR FM NORMAL  -106    PTCLDY (SCALE 4-7)  19
TOTAL FM JUL 1  2461    CLOUDY (SCALE 8-10)  5
DPTR FM NORMAL  -715

[CDD (BASE 65) ]
TOTAL THIS MO.    83
DPTR FM NORMAL    42    [PRESSURE DATA]
TOTAL FM JAN 1   109    HIGHEST SLP M ON M
DPTR FM NORMAL    56    LOWEST  SLP 29.43 ON  6

[REMARKS]
