000
CXUS52 KRAH 311345
CF6RDU
PRELIMINARY LOCAL CLIMATOLOGICAL DATA (WS FORM: F-6)

                                          STATION:   RALEIGH-DURHAM INTL AIRPORT NC
                                          MONTH:     AUGUST
                                          YEAR:      2015
                                          LATITUDE:   35 52 N
                                          LONGITUDE:  78 47 W

  TEMPERATURE IN F:       :PCPN:    SNOW:  WIND      :SUNSHINE: SKY     :PK WND
================================================================================
1   2   3   4   5  6A  6B    7    8   9   10  11  12  13   14  15   16   17  18
                                     12Z  AVG MX 2MIN
DY MAX MIN AVG DEP HDD CDD  WTR  SNW DPTH SPD SPD DIR MIN PSBL S-S WX    SPD DR
================================================================================

 1  93  65  79  -1   0  14 0.00  0.0    0  1.5 13 240   M    M   4 1      14 270
 2  90  65  78  -2   0  13 0.00  0.0    0  3.5 12  50   M    M   5        14  40
 3  95  69  82   2   0  17 0.00  0.0    0  6.3 15 220   M    M   5        21 220
 4  95  73  84   4   0  19 0.00  0.0    0  5.4 13 220   M    M   5        17 240
 5  97  73  85   5   0  20 0.00  0.0    0  3.2 15 240   M    M   5        23 240
 6  95  71  83   3   0  18 1.68  0.0    0  2.6 26 230   M    M   8 123    31 220
 7  75  70  73  -6   0   8 0.02  0.0    0  5.9 12  40   M    M   9 1      15  10
 8  85  66  76  -3   0  11 0.00  0.0    0  7.4 17  40   M    M   7 1      22  50
 9  89  64  77  -2   0  12 0.00  0.0    0  2.0  9 110   M    M   6        16 160
10  85  71  78  -1   0  13    T  0.0    0  7.4 14 170   M    M   8        17 160
11  87  69  78  -1   0  13 0.29  0.0    0  7.4 21 310   M    M   8 13     32 330
12  87  65  76  -3   0  11 0.00  0.0    0  3.1 12  30   M    M   3 1      17  40
13  88  63  76  -3   0  11 0.00  0.0    0  2.4 12  80   M    M   4        18 100
14  88  65  77  -2   0  12 0.00  0.0    0  3.3 13  80   M    M   4        18 140
15  91  66  79   0   0  14 0.00  0.0    0  2.6  9  40   M    M   6        14 110
16  92  69  81   2   0  16 0.00  0.0    0  3.1  8  60   M    M   7        13  30
17  95  69  82   3   0  17 0.00  0.0    0  4.2 13 230   M    M   6        17 210
18  85  74  80   2   0  15    T  0.0    0  5.7 20 190   M    M   9        26 200
19  89  72  81   3   0  16 0.19  0.0    0  6.4 22 190   M    M   9 13     28 180
20  90  72  81   3   0  16 0.00  0.0    0  4.3 10 240   M    M   8        21 220
21  88  70  79   1   0  14 0.00  0.0    0  5.6 16  40   M    M   6        22  50
22  87  66  77  -1   0  12 0.00  0.0    0  4.7 13  60   M    M   5        22 280
23  87  61  74  -4   0   9 0.00  0.0    0  1.4  9 170   M    M   7        24 210
24  92  72  82   4   0  17 0.89  0.0    0  3.6 17 250   M    M   6 13     29 180
25  89  72  81   3   0  16 0.00  0.0    0  3.0  9  30   M    M   6 1      14  40
26  82  69  76  -1   0  11 0.00  0.0    0  6.2 13  40   M    M   7        16  30
27  84  65  75  -2   0  10 0.00  0.0    0  6.4 15  60   M    M   7        21  30
28  87  60  74  -3   0   9 0.00  0.0    0  4.3 13  80   M    M   5 1      23 100
29  86  60  73  -4   0   8 0.00  0.0    0  1.9 12 110   M    M   8        16 140
30  86  63  75  -2   0  10 0.00  0.0    0  2.5 10 200   M    M   9        15 210
================================================================================
SM 2659 2029         0 402  3.07     0.0 127.3          M      192
================================================================================
AV 88.6 67.6                               4.2 FASTST   M    M   6    MAX(MPH)
                                 MISC ---->  # 26 230               # 32  330
================================================================================
NOTES:
# LAST OF SEVERAL OCCURRENCES

COLUMN 17 PEAK WIND IN M.P.H.

PRELIMINARY LOCAL CLIMATOLOGICAL DATA (WS FORM: F-6) , PAGE 2

                                          STATION:  RALEIGH-DURHAM INTL AIRPORT NC
                                          MONTH:    AUGUST
                                          YEAR:     2015
                                          LATITUDE:   35 52 N
                                          LONGITUDE:  78 47 W

[TEMPERATURE DATA]      [PRECIPITATION DATA]       SYMBOLS USED IN COLUMN 16

AVERAGE MONTHLY: 78.1   TOTAL FOR MONTH:   3.07    1 = FOG OR MIST
DPTR FM NORMAL:  -0.5   DPTR FM NORMAL:   -1.05    2 = FOG REDUCING VISIBILITY
HIGHEST:    97 ON  5    GRTST 24HR  1.68 ON  6- 6      TO 1/4 MILE OR LESS
LOWEST:     60 ON 29,28                            3 = THUNDER
                        SNOW, ICE PELLETS, HAIL    4 = ICE PELLETS
                        TOTAL MONTH:   0.0 INCH    5 = HAIL
                        GRTST 24HR     0.0         6 = FREEZING RAIN OR DRIZZLE
                        GRTST DEPTH:   0           7 = DUSTSTORM OR SANDSTORM:
                                                       VSBY 1/2 MILE OR LESS
                                                   8 = SMOKE OR HAZE
[NO. OF DAYS WITH]      [WEATHER - DAYS WITH]      9 = BLOWING SNOW
                                                   X = TORNADO
MAX 32 OR BELOW:   0    0.01 INCH OR MORE:   5
MAX 90 OR ABOVE:  11    0.10 INCH OR MORE:   4
MIN 32 OR BELOW:   0    0.50 INCH OR MORE:   2
MIN  0 OR BELOW:   0    1.00 INCH OR MORE:   1

[HDD (BASE 65) ]
TOTAL THIS MO.     0    CLEAR  (SCALE 0-3)   1
DPTR FM NORMAL     0    PTCLDY (SCALE 4-7)  23
TOTAL FM JUL 1     0    CLOUDY (SCALE 8-10)  6
DPTR FM NORMAL     0

[CDD (BASE 65) ]
TOTAL THIS MO.   402
DPTR FM NORMAL    -6    [PRESSURE DATA]
TOTAL FM JAN 1  1581    HIGHEST SLP M ON M
DPTR FM NORMAL   151    LOWEST  SLP 29.77 ON  7

[REMARKS]
