000
CXUS53 KMPX 011000
CF6RGK
PRELIMINARY LOCAL CLIMATOLOGICAL DATA (WS FORM: F-6)

                                          STATION:   RED_WING MN
                                          MONTH:     JULY
                                          YEAR:      2015
                                          LATITUDE:   44 34 N
                                          LONGITUDE:  92 29 W

  TEMPERATURE IN F:       :PCPN:    SNOW:  WIND      :SUNSHINE: SKY     :PK WND
================================================================================
1   2   3   4   5  6A  6B    7    8   9   10  11  12  13   14  15   16   17  18
                                     12Z  AVG MX 2MIN
DY MAX MIN AVG DEP HDD CDD  WTR  SNW DPTH SPD SPD DIR MIN PSBL S-S WX    SPD DR
================================================================================

 1  73  55  64   M   1   0 0.00    M    M  2.4  6  90   M    M   0         M  M
 2  77  52  65   M   0   0 0.00    M    M  1.3  7 120   M    M   1 12      M  M
 3  81  54  68   M   0   3 0.00    M    M  3.2  9 290   M    M   0         M  M
 4  84  57  71   M   0   6 0.00    M    M  2.3  6 200   M    M   1 8       M  M
 5  86  66  76   M   0  11 0.00    M    M  6.1 13 160   M    M   1        20 160
 6  77  61  69   M   0   4 2.57    M    M  7.5 17 350   M    M   7 138    29 350
 7  72  52  62   M   3   0 0.00    M    M  4.3 12  20   M    M   3        16  20
 8  73  52  63   M   2   0 0.00    M    M  2.0 10 150   M    M   5         M  M
 9  82  54  68   M   0   3 0.00    M    M  1.7  7 220   M    M   1         M  M
10  84  59  72   M   0   7 0.00    M    M  3.9 12 230   M    M   2         M  M
11  81  64  73   M   0   8 0.00    M    M  7.7 14 130   M    M   4        18 130
12  90  66  78   M   0  13 1.12    M    M  8.3 17 360   M    M   6 3      28 360
13  88  66  77   M   0  12 0.33    M    M  5.8 13 290   M    M   4 3      20 290
14  84  63  74   M   0   9 0.00    M    M  5.0 12  50   M    M   2        16  50
15  81  61  71   M   0   6 0.00    M    M  6.8 12 110   M    M   1         M  M
16  72  66  69   M   0   4 0.50    M    M  7.9 14 130   M    M   7 13     21 140
17  90  66  78   M   0  13 0.00    M    M  2.4  7 100   M    M   5 13      M  M
18  90  68  79   M   0  14 1.25    M    M  8.7 18 300   M    M   2 3      29 300
19  84  59  72   M   0   7 0.00    M    M  6.6 15 250   M    M   0        21 230
20  82  63  73   M   0   8 0.00    M    M  6.3 13 290   M    M   1        21 290
21  82  55  69   M   0   4 0.00    M    M  3.5  9 320   M    M   1        16 320
22  82  57  70   M   0   5 0.00    M    M  2.4  7 280   M    M   1         M  M
23  84  59  72   M   0   7 0.00    M    M  4.2 10 190   M    M   0         M  M
24  88  68  78   M   0  13 0.26    M    M  7.7 16 140   M    M   3        22 140
25  88  68  78   M   0  13 0.00    M    M  2.3  6 180   M    M   0         M  M
26  84  68  76   M   0  11    T    M    M  4.3 12 120   M    M   1         M  M
27  86  66  76   M   0  11 0.00    M    M  6.2 13 130   M    M   2        17 130
28  88  72  80   M   0  15 0.93    M    M  9.5 25 140   M    M   5        36 140
29  84  64  74   M   0   9 0.00    M    M 11.5 27 290   M    M   0        37 290
30  88  59  74   M   0   9 0.00    M    M  6.7 15 320   M    M   0        23 290
31  84  61  73   M   0   8 0.00    M    M  6.1 15 320   M    M   1        23 320
================================================================================
SM 2569 1901         6 233  6.96    M    164.6          M       67
================================================================================
AV 82.9 61.3                               5.3 FASTST   M    M   2    MAX(MPH)
                                 MISC ---->  # 27 290                 37    M
================================================================================
NOTES:
# LAST OF SEVERAL OCCURRENCES

COLUMN 17 PEAK WIND IN M.P.H.

PRELIMINARY LOCAL CLIMATOLOGICAL DATA (WS FORM: F-6) , PAGE 2

                                          STATION:  RED_WING MN
                                          MONTH:    JULY
                                          YEAR:     2015
                                          LATITUDE:   44 34 N
                                          LONGITUDE:  92 29 W

[TEMPERATURE DATA]      [PRECIPITATION DATA]       SYMBOLS USED IN COLUMN 16

AVERAGE MONTHLY: 72.1   TOTAL FOR MONTH:   6.96    1 = FOG OR MIST
DPTR FM NORMAL:     M   DPTR FM NORMAL:       M    2 = FOG REDUCING VISIBILITY
HIGHEST:    90 ON 18,17 GRTST 24HR  2.57 ON  6- 6      TO 1/4 MILE OR LESS
LOWEST:     52 ON  8, 7                            3 = THUNDER
                        SNOW, ICE PELLETS, HAIL    4 = ICE PELLETS
                        TOTAL MONTH:    M          5 = HAIL
                        GRTST 24HR    M  ON   M    6 = FREEZING RAIN OR DRIZZLE
                        GRTST DEPTH:  M  ON   M    7 = DUSTSTORM OR SANDSTORM:
                                                       VSBY 1/2 MILE OR LESS
                                                   8 = SMOKE OR HAZE
[NO. OF DAYS WITH]      [WEATHER - DAYS WITH]      9 = BLOWING SNOW
                                                   X = TORNADO
MAX 32 OR BELOW:   0    0.01 INCH OR MORE:   7
MAX 90 OR ABOVE:   3    0.10 INCH OR MORE:   7
MIN 32 OR BELOW:   0    0.50 INCH OR MORE:   5
MIN  0 OR BELOW:   0    1.00 INCH OR MORE:   3

[HDD (BASE 65) ]
TOTAL THIS MO.     6    CLEAR  (SCALE 0-3)  21
DPTR FM NORMAL     M    PTCLDY (SCALE 4-7)  10
TOTAL FM JUL 1     6    CLOUDY (SCALE 8-10)  0
DPTR FM NORMAL     M

[CDD (BASE 65) ]
TOTAL THIS MO.   233
DPTR FM NORMAL     M    [PRESSURE DATA]
TOTAL FM JAN 1   388    HIGHEST SLP M ON M
DPTR FM NORMAL     M    LOWEST  SLP M ON M

[REMARKS]
#FINAL-07-15#
