000
CXUS55 KGJT 241000
CF6RIL
PRELIMINARY LOCAL CLIMATOLOGICAL DATA (WS FORM: F-6)

                                          STATION:   RIFLE CO
                                          MONTH:     SEPTEMBER
                                          YEAR:      2017
                                          LATITUDE:   39 31 N
                                          LONGITUDE: 107 43 W

  TEMPERATURE IN F:       :PCPN:    SNOW:  WIND      :SUNSHINE: SKY     :PK WND
================================================================================
1   2   3   4   5  6A  6B    7    8   9   10  11  12  13   14  15   16   17  18
                                     12Z  AVG MX 2MIN
DY MAX MIN AVG DEP HDD CDD  WTR  SNW DPTH SPD SPD DIR MIN PSBL S-S WX    SPD DR
================================================================================

 1  89  53  71   5   0   6 0.00    M    M  4.3 12  20   M    M   1        16 340
 2  94  52  73   7   0   8 0.00    M    M  3.8 12 270   M    M   0        14 270
 3  96  54  75   9   0  10 0.00    M    M  2.2 14 290   M    M   0        17 290
 4  98  52  75   9   0  10 0.00    M    M  4.0 18 310   M    M   0        26 320
 5  94  54  74   9   0   9 0.00    M    M  4.1 15 350   M    M   0 8      21  10
 6  92  50  71   6   0   6 0.00    M    M  4.3 17 260   M    M   0 8      22 260
 7  92  52  72   8   0   7 0.00    M    M  5.4 24 280   M    M   0        29 290
 8  89  57  73   9   0   8 0.00    M    M  5.5 23 160   M    M   1 3      29 150
 9  89  54  72   8   0   7 0.18    M    M  7.0 33 180   M    M   1 38     43 180
10  87  54  71   8   0   6    T    M    M  5.0 36 290   M    M   2 3      43 280
11  88  55  72   9   0   7 0.00    M    M  5.6 23 120   M    M   1 3      26 120
12  87  54  71   8   0   6 0.00    M    M  5.3 18 260   M    M   0        27 360
13  89  53  71   9   0   6    T    M    M  5.8 25 310   M    M   0        32 350
14  77  50  64   2   1   0 0.14    M    M  6.5 35 240   M    M   3 1      40 250
15  74  48  61  -1   4   0 0.06    M    M  6.7 35 260   M    M   6 3      44 330
16  70  46  58  -3   7   0 0.00    M    M  8.1 28 280   M    M   2        34 280
17  78  40  59  -2   6   0    T    M    M  6.9 26 270   M    M   2 3      32 280
18  81  44  63   3   2   0 0.00    M    M  7.0 20 270   M    M   1        25 270
19  80  52  66   6   0   1    T    M    M 12.9 33 250   M    M   2        42 260
20  80  42  61   1   4   0 0.00    M    M  8.1 25 260   M    M   1 8      32 270
21  84  52  68   9   0   3 0.00    M    M 10.2 30 230   M    M   0        38 220
22  77  56  67   8   0   2 0.01    M    M 14.2 35 190   M    M   4 3      50 210
23  64  43  54  -4  11   0 0.57    M    M  6.3 36 270   M    M   7 1      47 270
================================================================================
SM 1949 1167        35 102  0.96    M    149.2          M       34
================================================================================
AV 84.7 50.7                               6.5 FASTST   M    M   1    MAX(MPH)
                                 MISC ---->  # 36 290               # 50  210
================================================================================
NOTES:
# LAST OF SEVERAL OCCURRENCES

COLUMN 17 PEAK WIND IN M.P.H.

PRELIMINARY LOCAL CLIMATOLOGICAL DATA (WS FORM: F-6) , PAGE 2

                                          STATION:  RIFLE CO
                                          MONTH:    SEPTEMBER
                                          YEAR:     2017
                                          LATITUDE:   39 31 N
                                          LONGITUDE: 107 43 W

[TEMPERATURE DATA]      [PRECIPITATION DATA]       SYMBOLS USED IN COLUMN 16

AVERAGE MONTHLY: 67.7   TOTAL FOR MONTH:   0.96    1 = FOG OR MIST
DPTR FM NORMAL:   5.2   DPTR FM NORMAL:   -0.21    2 = FOG REDUCING VISIBILITY
HIGHEST:    98 ON  4    GRTST 24HR  0.57 ON 23-23      TO 1/4 MILE OR LESS
LOWEST:     40 ON 17                               3 = THUNDER
                        SNOW, ICE PELLETS, HAIL    4 = ICE PELLETS
                        TOTAL MONTH:    M          5 = HAIL
                        GRTST 24HR    M  ON   M    6 = FREEZING RAIN OR DRIZZLE
                        GRTST DEPTH:  M  ON   M    7 = DUSTSTORM OR SANDSTORM:
                                                       VSBY 1/2 MILE OR LESS
                                                   8 = SMOKE OR HAZE
[NO. OF DAYS WITH]      [WEATHER - DAYS WITH]      9 = BLOWING SNOW
                                                   X = TORNADO
MAX 32 OR BELOW:   0    0.01 INCH OR MORE:   5
MAX 90 OR ABOVE:   6    0.10 INCH OR MORE:   3
MIN 32 OR BELOW:   0    0.50 INCH OR MORE:   1
MIN  0 OR BELOW:   0    1.00 INCH OR MORE:   0

[HDD (BASE 65) ]
TOTAL THIS MO.    35    CLEAR  (SCALE 0-3)  19
DPTR FM NORMAL   -45    PTCLDY (SCALE 4-7)   4
TOTAL FM JUL 1    35    CLOUDY (SCALE 8-10)  0
DPTR FM NORMAL   -52

[CDD (BASE 65) ]
TOTAL THIS MO.   102
DPTR FM NORMAL    80    [PRESSURE DATA]
TOTAL FM JAN 1   872    HIGHEST SLP M ON M
DPTR FM NORMAL   334    LOWEST  SLP 29.46 ON 21

[REMARKS]
