000
CXUS55 KGJT 221000
CF6RIL
PRELIMINARY LOCAL CLIMATOLOGICAL DATA (WS FORM: F-6)

                                          STATION:   RIFLE CO
                                          MONTH:     JANUARY
                                          YEAR:      2018
                                          LATITUDE:   39 31 N
                                          LONGITUDE: 107 43 W

  TEMPERATURE IN F:       :PCPN:    SNOW:  WIND      :SUNSHINE: SKY     :PK WND
================================================================================
1   2   3   4   5  6A  6B    7    8   9   10  11  12  13   14  15   16   17  18
                                     12Z  AVG MX 2MIN
DY MAX MIN AVG DEP HDD CDD  WTR  SNW DPTH SPD SPD DIR MIN PSBL S-S WX    SPD DR
================================================================================

 1  40  15  28   5  37   0 0.00    M    M  1.7  7 210   M    M   3         8 110
 2  42  12  27   4  38   0 0.00    M    M  2.2  8 140   M    M   0 8       9 140
 3  39   8  24   1  41   0 0.00    M    M  2.3  9 270   M    M   0         9 270
 4  44   9  27   4  38   0 0.00    M    M  1.7  9 200   M    M   0         9 210
 5  45  12  29   6  36   0 0.00    M    M  1.2  7 210   M    M   2         8 210
 6  38  19  29   6  36   0 0.16    M    M  0.6  9 280   M    M   7 1      11 280
 7  34  29  32   9  33   0    T    M    M  2.0  9 170   M    M  10 1      10 170
 8  37  24  31   8  34   0    T    M    M  3.5 12 130   M    M   7 1      13 130
 9  39  26  33  10  32   0    T    M    M  2.0  9  70   M    M  10 12     10  70
10  41  30  36  13  29   0 0.16    M    M  5.3 23 270   M    M   9 1      29 290
11  39  21  30   7  35   0 0.00    M    M  2.3 10 100   M    M   4        12 100
12  42  27  35  12  30   0    T    M    M  3.5 17 260   M    M   6        21 280
13  42  22  32   9  33   0 0.00    M    M  1.9  8 220   M    M   5         8 220
14  46  22  34  11  31   0 0.00    M    M  2.2 10 120   M    M   0        11 110
15  45  20  33   9  32   0 0.00    M    M  4.8 24 310   M    M   0        29 320
16  41  14  28   4  37   0 0.00    M    M  1.9  7 200   M    M   0        10 110
17  46  14  30   6  35   0 0.00    M    M  1.6  7 210   M    M   0         8 210
18  45  17  31   7  34   0 0.00    M    M  1.6  7 200   M    M   0         8 100
19  51  19  35  11  30   0 0.00    M    M  2.1  8 160   M    M   0        10 110
20  41  26  34  10  31   0 0.05    M    M  4.5 24 260   M    M   9 1      32 250
21  33  23  28   4  37   0    T    M    M 12.7 23 300   M    M   6 16     29 300
================================================================================
SM  870  409       719   0  0.37    M     61.6          M       78
================================================================================
AV 41.4 19.5                               2.9 FASTST   M    M   4    MAX(MPH)
                                 MISC ---->  # 24 310               # 32  250
================================================================================
NOTES:
# LAST OF SEVERAL OCCURRENCES

COLUMN 17 PEAK WIND IN M.P.H.

PRELIMINARY LOCAL CLIMATOLOGICAL DATA (WS FORM: F-6) , PAGE 2

                                          STATION:  RIFLE CO
                                          MONTH:    JANUARY
                                          YEAR:     2018
                                          LATITUDE:   39 31 N
                                          LONGITUDE: 107 43 W

[TEMPERATURE DATA]      [PRECIPITATION DATA]       SYMBOLS USED IN COLUMN 16

AVERAGE MONTHLY: 30.5   TOTAL FOR MONTH:   0.37    1 = FOG OR MIST
DPTR FM NORMAL:   7.1   DPTR FM NORMAL:   -0.23    2 = FOG REDUCING VISIBILITY
HIGHEST:    51 ON 19    GRTST 24HR  0.16 ON 10-10      TO 1/4 MILE OR LESS
LOWEST:      8 ON  3                               3 = THUNDER
                        SNOW, ICE PELLETS, HAIL    4 = ICE PELLETS
                        TOTAL MONTH:    M          5 = HAIL
                        GRTST 24HR    M  ON   M    6 = FREEZING RAIN OR DRIZZLE
                        GRTST DEPTH:  M  ON   M    7 = DUSTSTORM OR SANDSTORM:
                                                       VSBY 1/2 MILE OR LESS
                                                   8 = SMOKE OR HAZE
[NO. OF DAYS WITH]      [WEATHER - DAYS WITH]      9 = BLOWING SNOW
                                                   X = TORNADO
MAX 32 OR BELOW:   0    0.01 INCH OR MORE:   3
MAX 90 OR ABOVE:   0    0.10 INCH OR MORE:   2
MIN 32 OR BELOW:  21    0.50 INCH OR MORE:   0
MIN  0 OR BELOW:   0    1.00 INCH OR MORE:   0

[HDD (BASE 65) ]
TOTAL THIS MO.   719    CLEAR  (SCALE 0-3)  11
DPTR FM NORMAL  -156    PTCLDY (SCALE 4-7)   6
TOTAL FM JUL 1  3139    CLOUDY (SCALE 8-10)  4
DPTR FM NORMAL  -500

[CDD (BASE 65) ]
TOTAL THIS MO.     0
DPTR FM NORMAL     0    [PRESSURE DATA]
TOTAL FM JAN 1     0    HIGHEST SLP M ON M
DPTR FM NORMAL     0    LOWEST  SLP 29.39 ON 10

[REMARKS]
