000
CXUS56 KSGX 211445
CF6RIV
PRELIMINARY LOCAL CLIMATOLOGICAL DATA (WS FORM: F-6)

                                          STATION:   RIVERSIDE/MARCH FIELD CA
                                          MONTH:     NOVEMBER
                                          YEAR:      2014
                                          LATITUDE:   33 54 N
                                          LONGITUDE: 117 15 W

  TEMPERATURE IN F:       :PCPN:    SNOW:  WIND      :SUNSHINE: SKY     :PK WND
================================================================================
1   2   3   4   5  6A  6B    7    8   9   10  11  12  13   14  15   16   17  18
                                     12Z  AVG MX 2MIN
DY MAX MIN AVG DEP HDD CDD  WTR  SNW DPTH SPD SPD DIR MIN PSBL S-S WX    SPD DR
================================================================================

 1  63  47  55   M  10   0 0.17    M    0  7.3 17 150   M    M   7 1      22 150
 2  65  43  54   M  11   0 0.00  0.0    0  3.5 10 290   M    M   2         M  M
 3  70  39  55   M  10   0 0.00  0.0    0  8.3 21 320   M    M   0        25 330
 4  75  38  57   M   8   0 0.00  0.0    0  2.4  8 330   M    M   1         M  M
 5  85  43  64   M   1   0 0.00  0.0    0  5.7 16  70   M    M   0        27  70
 6  87  46  67   M   0   2 0.00  0.0    0  3.9 12  60   M    M   0         M  M
 7  87  44  66   M   0   1 0.00  0.0    0  2.0  7 350   M    M   0         M  M
 8  90  44  67   M   0   2 0.00  0.0    0  2.9  9 300   M    M   0         M  M
 9  86  45  66   M   0   1 0.00  0.0    0  3.1 12 300   M    M   0         M  M
10  72  43  58   M   7   0 0.00  0.0    0  4.2 10 310   M    M   2 12      M  M
11  64  56  60   M   5   0 0.00  0.0    0  4.3  8 310   M    M  10         M  M
12  68  55  62   M   3   0 0.00  0.0    0  5.2 12 310   M    M   6         M  M
13  67  49  58   M   7   0 0.00  0.0    0  2.9  9 320   M    M   6         M  M
14  69  55  62   M   3   0    T  0.0    0  4.5 12 310   M    M   7         M  M
15  69  48  59   M   6   0 0.00  0.0    0  3.7 10 290   M    M   6 1       M  M
16  68  44  56   M   9   0 0.00  0.0    0  6.5 14  60   M    M   1        20  60
17  73  44  59   M   6   0 0.00  0.0    0  6.3 15  50   M    M   2        23  50
18  77  44  61   M   4   0 0.00  0.0    0  7.7 15  60   M    M   3        24  60
19  72  39  56   M   9   0 0.00  0.0    0  3.2  9 330   M    M   2         M  M
20  67  38  53   M  12   0 0.00  0.0    0  4.1 13 290   M    M   4        18 330
================================================================================
SM 1474  904       111   6  0.17     0.0  91.7          M       59
================================================================================
AV 73.7 45.2                               4.6 FASTST   M    M   3    MAX(MPH)
                                 MISC ---->    21   M               # 27   70
================================================================================
NOTES:
# LAST OF SEVERAL OCCURRENCES

COLUMN 17 PEAK WIND IN M.P.H.

PRELIMINARY LOCAL CLIMATOLOGICAL DATA (WS FORM: F-6) , PAGE 2

                                          STATION:  RIVERSIDE/MARCH FIELD CA
                                          MONTH:    NOVEMBER
                                          YEAR:     2014
                                          LATITUDE:   33 54 N
                                          LONGITUDE: 117 15 W

[TEMPERATURE DATA]      [PRECIPITATION DATA]       SYMBOLS USED IN COLUMN 16

AVERAGE MONTHLY: 59.4   TOTAL FOR MONTH:   0.17    1 = FOG OR MIST
DPTR FM NORMAL:     M   DPTR FM NORMAL:       M    2 = FOG REDUCING VISIBILITY
HIGHEST:    90 ON  8    GRTST 24HR  0.17 ON  1- 1      TO 1/4 MILE OR LESS
LOWEST:     38 ON 20, 4                            3 = THUNDER
                        SNOW, ICE PELLETS, HAIL    4 = ICE PELLETS
                        TOTAL MONTH:   0.0 INCH    5 = HAIL
                        GRTST 24HR     0.0         6 = FREEZING RAIN OR DRIZZLE
                        GRTST DEPTH:   0           7 = DUSTSTORM OR SANDSTORM:
                                                       VSBY 1/2 MILE OR LESS
                                                   8 = SMOKE OR HAZE
[NO. OF DAYS WITH]      [WEATHER - DAYS WITH]      9 = BLOWING SNOW
                                                   X = TORNADO
MAX 32 OR BELOW:   0    0.01 INCH OR MORE:   1
MAX 90 OR ABOVE:   1    0.10 INCH OR MORE:   1
MIN 32 OR BELOW:   0    0.50 INCH OR MORE:   0
MIN  0 OR BELOW:   0    1.00 INCH OR MORE:   0

[HDD (BASE 65) ]
TOTAL THIS MO.   111    CLEAR  (SCALE 0-3)  13
DPTR FM NORMAL     M    PTCLDY (SCALE 4-7)   6
TOTAL FM JUL 1   121    CLOUDY (SCALE 8-10)  1
DPTR FM NORMAL     M

[CDD (BASE 65) ]
TOTAL THIS MO.     6
DPTR FM NORMAL     M    [PRESSURE DATA]
TOTAL FM JAN 1  1761    HIGHEST SLP M ON M
DPTR FM NORMAL     M    LOWEST  SLP M ON M

[REMARKS]
