000
CXUS55 KRIW 230901
CF6RIW
PRELIMINARY LOCAL CLIMATOLOGICAL DATA (WS FORM: F-6)

                                          STATION:   RIVERTON WY
                                          MONTH:     APRIL
                                          YEAR:      2014
                                          LATITUDE:   43  2 N
                                          LONGITUDE: 108 27 W

  TEMPERATURE IN F:       :PCPN:    SNOW:  WIND      :SUNSHINE: SKY     :PK WND
================================================================================
1   2   3   4   5  6A  6B    7    8   9   10  11  12  13   14  15   16   17  18
                                     12Z  AVG MX 2MIN
DY MAX MIN AVG DEP HDD CDD  WTR  SNW DPTH SPD SPD DIR MIN PSBL S-S WX    SPD DR
================================================================================

 1  47  22  35  -5  30   0 0.01  0.0    0  7.1 17 180   M    M   8 1      20 180
 2  49  22  36  -5  29   0 0.00  0.0    0  8.6 18  30   M    M   5 12     27 330
 3  45  21  33  -8  32   0 0.00  0.0    0  6.6 15  40   M    M   5        21  20
 4  53  22  38  -3  27   0 0.00  0.0    0  9.1 22 310   M    M   1        26 310
 5  56  31  44   3  21   0    T    T    0 10.8 24 310   M    M   4        32 330
 6  57  32  45   3  20   0 0.01    T    0 16.9 36 310   M    M   1        45 300
 7  59  28  44   2  21   0    T    T    0  9.1 23 310   M    M   2        29 300
 8  70  37  54  12  11   0 0.00  0.0    0 15.5 22 310   M    M   0        36 280
 9  72  42  57  15   8   0 0.00  0.0    0 11.1 32 270   M    M   0        42 270
10  67  34  51   9  14   0 0.00  0.0    0 13.3 36 320   M    M   0        45 310
11  71  30  51   8  14   0 0.00  0.0    0  8.4 24 310   M    M   0        28 310
12  61  31  46   3  19   0    T    T    0 15.0 24  60   M    M   3        32  60
13  31  17  24 -19  41   0 0.04  0.3    1 17.6 33  20   M    M   9 12     39  10
14  45  13  29 -15  36   0 0.00  0.0    T  7.2 14 110   M    M   0        17 150
15  63  33  48   4  17   0    T    T    0 15.2 49 300   M    M   1        61 310
16  51  28  40  -4  25   0    T  0.1    T  6.5 17  50   M    M   5 1      22 110
17  61  24  43  -1  22   0 0.00  0.0    0  6.3 13 300   M    M   0        14 300
18  68  35  52   7  13   0 0.00  0.0    0 16.6 45 250   M    M   1        55 260
19  69  30  50   5  15   0 0.00  0.0    0  8.8 21 320   M    M   0        32 270
20  72  36  54   9  11   0 0.00  0.0    0  6.4 23 320   M    M   1        28 300
21  66  36  51   5  14   0 0.00  0.0    0  6.1 12 100   M    M   0        16 100
22  70  37  54   8  11   0 0.01  0.0    0 12.6 37 200   M    M   2        45 200
================================================================================
SM 1303  641       451   0  0.07     0.4 234.8          M       48
================================================================================
AV 59.2 29.1                              10.7 FASTST   M    M   2    MAX(MPH)
                                 MISC ---->  # 49 300               # 61  310
================================================================================
NOTES:
# LAST OF SEVERAL OCCURRENCES

COLUMN 17 PEAK WIND IN M.P.H.

PRELIMINARY LOCAL CLIMATOLOGICAL DATA (WS FORM: F-6) , PAGE 2

                                          STATION:  RIVERTON WY
                                          MONTH:    APRIL
                                          YEAR:     2014
                                          LATITUDE:   43  2 N
                                          LONGITUDE: 108 27 W

[TEMPERATURE DATA]      [PRECIPITATION DATA]       SYMBOLS USED IN COLUMN 16

AVERAGE MONTHLY: 44.2   TOTAL FOR MONTH:   0.07    1 = FOG OR MIST
DPTR FM NORMAL:   1.2   DPTR FM NORMAL:   -0.80    2 = FOG REDUCING VISIBILITY
HIGHEST:    72 ON 20, 9 GRTST 24HR  0.04 ON 13-13      TO 1/4 MILE OR LESS
LOWEST:     13 ON 14                               3 = THUNDER
                        SNOW, ICE PELLETS, HAIL    4 = ICE PELLETS
                        TOTAL MONTH:   0.4 INCH    5 = HAIL
                        GRTST 24HR   0.3 ON   M    6 = FREEZING RAIN OR DRIZZLE
                        GRTST DEPTH:   1 ON 13     7 = DUSTSTORM OR SANDSTORM:
                                                       VSBY 1/2 MILE OR LESS
                                                   8 = SMOKE OR HAZE
[NO. OF DAYS WITH]      [WEATHER - DAYS WITH]      9 = BLOWING SNOW
                                                   X = TORNADO
MAX 32 OR BELOW:   1    0.01 INCH OR MORE:   4
MAX 90 OR ABOVE:   0    0.10 INCH OR MORE:   0
MIN 32 OR BELOW:  14    0.50 INCH OR MORE:   0
MIN  0 OR BELOW:   0    1.00 INCH OR MORE:   0

[HDD (BASE 65) ]
TOTAL THIS MO.   451    CLEAR  (SCALE 0-3)  16
DPTR FM NORMAL   -32    PTCLDY (SCALE 4-7)   5
TOTAL FM JUL 1  7248    CLOUDY (SCALE 8-10)  1
DPTR FM NORMAL    -7

[CDD (BASE 65) ]
TOTAL THIS MO.     0
DPTR FM NORMAL     0    [PRESSURE DATA]
TOTAL FM JAN 1     0    HIGHEST SLP M ON M
DPTR FM NORMAL     0    LOWEST  SLP 29.35 ON 22

[REMARKS]
