000
CXUS51 KRNK 300933
CF6RNK

PRELIMINARY LOCAL CLIMATOLOGICAL DATA (WS FORM: F-6)

                                          STATION:   BLACKSBURG VA
                                          MONTH:     JULY
                                          YEAR:      2014
                                          LATITUDE:   37 13 N
                                          LONGITUDE:  80 25 W

  TEMPERATURE IN F:       :PCPN:    SNOW:  WIND      :SUNSHINE: SKY     :PK WND
================================================================================
1   2   3   4   5  6A  6B    7    8   9   10  11  12  13   14  15   16   17  18
                                     12Z  AVG MX 2MIN
DY MAX MIN AVG DEP HDD CDD  WTR  SNW DPTH SPD SPD DIR MIN PSBL S-S WX    SPD DR
================================================================================

 1  88  65  77   6   0  12 0.00  0.0    0  2.9  8 240   M    M   3 1       M  M
 2  89  66  78   7   0  13    T  0.0    0  2.9 12 190   M    M   2 13     22 170
 3  84  65  75   4   0  10 0.01  0.0    0  2.9 10 360   M    M   4         M  M
 4  77  52  65  -6   0   0 0.00  0.0    0  8.0 17 330   M    M   2        25 320
 5  79  47  63  -8   2   0 0.00  0.0    0  2.5  9 110   M    M   0         M  M
 6  83  51  67  -4   0   2 0.00  0.0    0  3.1  8 260   M    M   3 18      M  M
 7  86  58  72   1   0   7 0.00  0.0    0  3.3 10 270   M    M   2 1      17 270
 8  88  62  75   4   0  10 0.02  0.0    0  5.7 13 240   M    M   2 3      23 260
 9  78  64  71   0   0   6 0.61  0.0    0  3.5  7 250   M    M   3 13      M  M
10  82  64  73   2   0   8    T  0.0    0  2.7  7 130   M    M   6 12      M  M
11  84  60  72   1   0   7 0.00  0.0    0  3.4  9 110   M    M   3 12      M  M
12  86  61  74   3   0   9 0.11  0.0    0  2.0  9 160   M    M   4 13      M  M
13  87  64  76   5   0  11 0.00  0.0    0  2.8 10 190   M    M   4 1       M  M
14  86  65  76   5   0  11 0.66  0.0    0  2.4  7 250   M    M   2 13     23 250
15  77  59  68  -3   0   3 0.07  0.0    0  3.7 10 300   M    M   5 1      16 300
16  75  53  64  -7   1   0 0.00  0.0    0  3.5 10 310   M    M   1 1      17 300
17  78  48  63  -8   2   0 0.00  0.0    0  2.0  8 330   M    M   2         M  M
18  73  55  64  -7   1   0 0.04  0.0    0  1.9  7 110   M    M   6 1       M  M
19  69  61  65  -6   0   0 0.04  0.0    0  2.2  6 150   M    M   9 1       M  M
20  77  62  70  -1   0   5    T  0.0    0  3.1  8 100   M    M   9 1       M  M
21  80  64  72   1   0   7 0.00  0.0    0  4.0 10 120   M    M   7 1       M  M
22  84  67  76   5   0  11 0.01  0.0    0  3.0  9 110   M    M   5 1       M  M
23  86  62  74   3   0   9    T  0.0    0  2.3  8 300   M    M   3 123     M  M
24  83  63  73   2   0   8 0.15  0.0    0  2.0  8 280   M    M   5 13      M  M
25  83  62  73   2   0   8 0.00  0.0    0  3.6  9 150   M    M   7 1       M  M
26  87  63  75   4   0  10 0.00  0.0    0  2.9  7 250   M    M   1 1       M  M
27  79  68  74   3   0   9 0.20  0.0    0  3.0  8 250   M    M   3 3      18 230
28  76  59  68  -3   0   3    T  0.0    0  8.4 21 300   M    M   5        33 300
29  76  53  65  -6   0   0    T  0.0    0  4.4 10 320   M    M   4 1       M  M
================================================================================
SM 2360 1743         6 179  1.92     0.0  98.1          M      112
================================================================================
AV 81.4 60.1                               3.4 FASTST   M    M   4    MAX(MPH)
                                 MISC ---->  # 21 300               # 33  300
================================================================================
NOTES:
# LAST OF SEVERAL OCCURRENCES

COLUMN 17 PEAK WIND IN M.P.H.

PRELIMINARY LOCAL CLIMATOLOGICAL DATA (WS FORM: F-6) , PAGE 2

                                          STATION:  BLACKSBURG VA
                                          MONTH:    JULY
                                          YEAR:     2014
                                          LATITUDE:   37 13 N
                                          LONGITUDE:  80 25 W

[TEMPERATURE DATA]      [PRECIPITATION DATA]       SYMBOLS USED IN COLUMN 16

AVERAGE MONTHLY: 70.7   TOTAL FOR MONTH:   1.92    1 = FOG OR MIST
DPTR FM NORMAL:  -0.3   DPTR FM NORMAL:   -2.07    2 = FOG REDUCING VISIBILITY
HIGHEST:    89 ON  2    GRTST 24HR  0.66 ON 14-14      TO 1/4 MILE OR LESS
LOWEST:     47 ON  5                               3 = THUNDER
                        SNOW, ICE PELLETS, HAIL    4 = ICE PELLETS
                        TOTAL MONTH:   0.0 INCH    5 = HAIL
                        GRTST 24HR     0.0         6 = FREEZING RAIN OR DRIZZLE
                        GRTST DEPTH:   0           7 = DUSTSTORM OR SANDSTORM:
                                                       VSBY 1/2 MILE OR LESS
                                                   8 = SMOKE OR HAZE
[NO. OF DAYS WITH]      [WEATHER - DAYS WITH]      9 = BLOWING SNOW
                                                   X = TORNADO
MAX 32 OR BELOW:   0    0.01 INCH OR MORE:  11
MAX 90 OR ABOVE:   0    0.10 INCH OR MORE:   5
MIN 32 OR BELOW:   0    0.50 INCH OR MORE:   2
MIN  0 OR BELOW:   0    1.00 INCH OR MORE:   0

[HDD (BASE 65) ]
TOTAL THIS MO.     6    CLEAR  (SCALE 0-3)  11
DPTR FM NORMAL     6    PTCLDY (SCALE 4-7)  16
TOTAL FM JUL 1     6    CLOUDY (SCALE 8-10)  2
DPTR FM NORMAL     6

[CDD (BASE 65) ]
TOTAL THIS MO.   179
DPTR FM NORMAL    -1    [PRESSURE DATA]
TOTAL FM JAN 1   403    HIGHEST SLP M ON M
DPTR FM NORMAL    75    LOWEST  SLP M ON M

[REMARKS]
