000
CXUS55 KREV 190844
CF6RNO
PRELIMINARY LOCAL CLIMATOLOGICAL DATA (WS FORM: F-6)

                                          STATION:   RENO-TAHOE INTL AIRPORT NV
                                          MONTH:     OCTOBER
                                          YEAR:      2017
                                          LATITUDE:   39 30 N
                                          LONGITUDE: 119 47 W

  TEMPERATURE IN F:       :PCPN:    SNOW:  WIND      :SUNSHINE: SKY     :PK WND
================================================================================
1   2   3   4   5  6A  6B    7    8   9   10  11  12  13   14  15   16   17  18
                                     12Z  AVG MX 2MIN
DY MAX MIN AVG DEP HDD CDD  WTR  SNW DPTH SPD SPD DIR MIN PSBL S-S WX    SPD DR
================================================================================

 1  65  46  56  -4   9   0 0.00  0.0    0  8.0 22  20   M    M   4        28  10
 2  62  38  50  -9  15   0 0.00  0.0    0  4.6 14 130   M    M   3        20 110
 3  57  43  50  -9  15   0    T  0.0    0  5.4 15 350   M    M   6        22 360
 4  66  35  51  -8  14   0 0.00  0.0    0  2.8  9 150   M    M   1        17 290
 5  70  36  53  -5  12   0 0.00  0.0    0  2.6 10  30   M    M   0        14 270
 6  77  39  58   0   7   0 0.00  0.0    0  1.5  9 300   M    M   0        12 250
 7  84  40  62   4   3   0 0.00  0.0    0  5.1 20 250   M    M   1        24 270
 8  61  42  52  -5  13   0 0.00  0.0    0  8.3 20  20   M    M   3        24  40
 9  62  38  50  -7  15   0 0.00  0.0    0  8.4 18 100   M    M   2        25 120
10  73  34  54  -2  11   0 0.00  0.0    0  3.4 21 280   M    M   4        26 300
11  69  42  56   0   9   0 0.00  0.0    0 10.8 29 190   M    M   4 8      34 290
12  61  32  47  -9  18   0 0.00  0.0    0  2.3 10 360   M    M   0        14 330
13  69  31  50  -5  15   0 0.00  0.0    0  4.6 18 300   M    M   0        22 300
14  57  35  46  -9  19   0 0.00  0.0    0  6.5 18  80   M    M   0        23  70
15  69  30  50  -4  15   0 0.00  0.0    0  1.8  7 160   M    M   4        10 270
16  74  32  53  -1  12   0 0.00  0.0    0  0.8  8 280   M    M   4        13 290
17  80  36  58   4   7   0 0.00  0.0    0  2.0 14  10   M    M   6        16  10
18  81  34  58   5   7   0 0.00  0.0    0  3.0 14 340   M    M   1        19 320
================================================================================
SM 1237  663       216   0    T      0.0  81.9          M       43
================================================================================
AV 68.7 36.8                               4.6 FASTST   M    M   2    MAX(MPH)
                                 MISC ---->  # 29 190               # 34  290
================================================================================
NOTES:
# LAST OF SEVERAL OCCURRENCES

COLUMN 17 PEAK WIND IN M.P.H.

PRELIMINARY LOCAL CLIMATOLOGICAL DATA (WS FORM: F-6) , PAGE 2

                                          STATION:  RENO-TAHOE INTL AIRPORT NV
                                          MONTH:    OCTOBER
                                          YEAR:     2017
                                          LATITUDE:   39 30 N
                                          LONGITUDE: 119 47 W

[TEMPERATURE DATA]      [PRECIPITATION DATA]       SYMBOLS USED IN COLUMN 16

AVERAGE MONTHLY: 52.8   TOTAL FOR MONTH:      T    1 = FOG OR MIST
DPTR FM NORMAL:  -3.8   DPTR FM NORMAL:   -0.29    2 = FOG REDUCING VISIBILITY
HIGHEST:    84 ON  7    GRTST 24HR    T  ON  3- 3      TO 1/4 MILE OR LESS
LOWEST:     30 ON 15                               3 = THUNDER
                        SNOW, ICE PELLETS, HAIL    4 = ICE PELLETS
                        TOTAL MONTH:   0.0 INCH    5 = HAIL
                        GRTST 24HR     0.0         6 = FREEZING RAIN OR DRIZZLE
                        GRTST DEPTH:   0           7 = DUSTSTORM OR SANDSTORM:
                                                       VSBY 1/2 MILE OR LESS
                                                   8 = SMOKE OR HAZE
[NO. OF DAYS WITH]      [WEATHER - DAYS WITH]      9 = BLOWING SNOW
                                                   X = TORNADO
MAX 32 OR BELOW:   0    0.01 INCH OR MORE:   0
MAX 90 OR ABOVE:   0    0.10 INCH OR MORE:   0
MIN 32 OR BELOW:   4    0.50 INCH OR MORE:   0
MIN  0 OR BELOW:   0    1.00 INCH OR MORE:   0

[HDD (BASE 65) ]
TOTAL THIS MO.   216    CLEAR  (SCALE 0-3)  11
DPTR FM NORMAL    57    PTCLDY (SCALE 4-7)   7
TOTAL FM JUL 1   334    CLOUDY (SCALE 8-10)  0
DPTR FM NORMAL    85

[CDD (BASE 65) ]
TOTAL THIS MO.     0
DPTR FM NORMAL    -4    [PRESSURE DATA]
TOTAL FM JAN 1  1401    HIGHEST SLP M ON M
DPTR FM NORMAL   563    LOWEST  SLP 29.76 ON  2

[REMARKS]
