000
CXUS51 KBUF 261205
CF6ROC
PRELIMINARY LOCAL CLIMATOLOGICAL DATA (WS FORM: F-6)

                                          STATION:   ROCHESTER NY
                                          MONTH:     JULY
                                          YEAR:      2014
                                          LATITUDE:   43  7 N
                                          LONGITUDE:  77 40 W

  TEMPERATURE IN F:       :PCPN:    SNOW:  WIND      :SUNSHINE: SKY     :PK WND
================================================================================
1   2   3   4   5  6A  6B    7    8   9   10  11  12  13   14  15   16   17  18
                                     12Z  AVG MX 2MIN
DY MAX MIN AVG DEP HDD CDD  WTR  SNW DPTH SPD SPD DIR MIN PSBL S-S WX    SPD DR
================================================================================

 1  89  74  82  12   0  17 0.01  0.0    0 12.4 30 250   M    M   6        38 240
 2  88  69  79   9   0  14 0.02  0.0    0  7.6 21 280   M    M   7 3      28 280
 3  75  62  69  -1   0   4 0.43  0.0    0  3.6 17 300   M    M   9 1      23 300
 4  73  58  66  -4   0   1    T  0.0    0 10.4 20 340   M    M   6        25 310
 5  80  52  66  -4   0   1 0.00  0.0    0  9.3 20 270   M    M   2        28 270
 6  83  55  69  -2   0   4 0.00  0.0    0 10.0 20 250   M    M   4        24 280
 7  80  65  73   2   0   8 0.47  0.0    0 13.2 26 230   M    M   8 13     36 240
 8  82  67  75   4   0  10 1.03  0.0    0 12.0 30 250   M    M   7 13     43 240
 9  73  60  67  -4   0   2    T  0.0    0  6.2 21 280   M    M   7        29 290
10  74  53  64  -7   1   0 0.00  0.0    0  3.5 15  20   M    M   2        22  30
11  79  53  66  -5   0   1 0.00  0.0    0  4.0 14 360   M    M   3 1      18  20
12  85  60  73   2   0   8 0.00  0.0    0  4.6 12  20   M    M   5        15  10
13  79  68  74   3   0   9 0.41  0.0    0  8.8 21 210   M    M   7 18     28 210
14  78  65  72   1   0   7    T  0.0    0  4.3 14  40   M    M   7        16  40
15  79  60  70  -1   0   5 0.87  0.0    0  7.7 23 260   M    M   7 138    31 270
16  74  58  66  -5   0   1 0.00  0.0    0  9.1 18 250   M    M   5        26 250
17  75  54  65  -6   0   0 0.00  0.0    0  6.0 14 280   M    M   7 1      17 300
18  77  53  65  -6   0   0 0.00  0.0    0  4.4 12  20   M    M   4        15  30
19  76  58  67  -4   0   2 0.15  0.0    0  2.8 12 220   M    M   9 1      15 220
20  79  64  72   1   0   7 0.28  0.0    0  4.3 14 190   M    M   9 1      17 190
21  84  65  75   4   0  10 0.00  0.0    0  4.1 15  40   M    M   5 1      17  40
22  88  63  76   5   0  11 0.00  0.0    0  2.8 12 230   M    M   3 12     15 220
23  82  66  74   3   0   9    T  0.0    0  8.8 20 310   M    M   8 1      25 320
24  72  56  64  -7   1   0 0.00  0.0    0  8.3 16  30   M    M   4        24  40
25  78  52  65  -6   0   0 0.00  0.0    0  6.0 13 250   M    M   3        18 280
================================================================================
SM 1982 1510         2 131  3.67     0.0 174.2          M      144
================================================================================
AV 79.3 60.4                               7.0 FASTST   M    M   6    MAX(MPH)
                                 MISC ---->  # 30 250               # 43  240
================================================================================
NOTES:
# LAST OF SEVERAL OCCURRENCES

COLUMN 17 PEAK WIND IN M.P.H.

PRELIMINARY LOCAL CLIMATOLOGICAL DATA (WS FORM: F-6) , PAGE 2

                                          STATION:  ROCHESTER NY
                                          MONTH:    JULY
                                          YEAR:     2014
                                          LATITUDE:   43  7 N
                                          LONGITUDE:  77 40 W

[TEMPERATURE DATA]      [PRECIPITATION DATA]       SYMBOLS USED IN COLUMN 16

AVERAGE MONTHLY: 69.8   TOTAL FOR MONTH:   3.67    1 = FOG OR MIST
DPTR FM NORMAL:  -1.0   DPTR FM NORMAL:    1.02    2 = FOG REDUCING VISIBILITY
HIGHEST:    89 ON  1    GRTST 24HR  1.03 ON  8- 8      TO 1/4 MILE OR LESS
LOWEST:     52 ON 25, 5                            3 = THUNDER
                        SNOW, ICE PELLETS, HAIL    4 = ICE PELLETS
                        TOTAL MONTH:   0.0 INCH    5 = HAIL
                        GRTST 24HR     0.0         6 = FREEZING RAIN OR DRIZZLE
                        GRTST DEPTH:   0           7 = DUSTSTORM OR SANDSTORM:
                                                       VSBY 1/2 MILE OR LESS
                                                   8 = SMOKE OR HAZE
[NO. OF DAYS WITH]      [WEATHER - DAYS WITH]      9 = BLOWING SNOW
                                                   X = TORNADO
MAX 32 OR BELOW:   0    0.01 INCH OR MORE:   9
MAX 90 OR ABOVE:   0    0.10 INCH OR MORE:   7
MIN 32 OR BELOW:   0    0.50 INCH OR MORE:   2
MIN  0 OR BELOW:   0    1.00 INCH OR MORE:   1

[HDD (BASE 65) ]
TOTAL THIS MO.     2    CLEAR  (SCALE 0-3)   4
DPTR FM NORMAL    -4    PTCLDY (SCALE 4-7)  17
TOTAL FM JUL 1     2    CLOUDY (SCALE 8-10)  4
DPTR FM NORMAL    -4

[CDD (BASE 65) ]
TOTAL THIS MO.   131
DPTR FM NORMAL   -19    [PRESSURE DATA]
TOTAL FM JAN 1   320    HIGHEST SLP M ON M
DPTR FM NORMAL    34    LOWEST  SLP 29.62 ON  1

[REMARKS]
