000
CXUS55 KABQ 241000
CF6ROW
PRELIMINARY LOCAL CLIMATOLOGICAL DATA (WS FORM: F-6)

                                          STATION:   ROSWELL NM
                                          MONTH:     AUGUST
                                          YEAR:      2016
                                          LATITUDE:   33 17 N
                                          LONGITUDE: 104 32 W

  TEMPERATURE IN F:       :PCPN:    SNOW:  WIND      :SUNSHINE: SKY     :PK WND
================================================================================
1   2   3   4   5  6A  6B    7    8   9   10  11  12  13   14  15   16   17  18
                                     12Z  AVG MX 2MIN
DY MAX MIN AVG DEP HDD CDD  WTR  SNW DPTH SPD SPD DIR MIN PSBL S-S WX    SPD DR
================================================================================

 1  99  69  84   4   0  19 0.00  0.0    0  6.7 29 250   M    M   1 3      37 230
 2  99  72  86   6   0  21    T  0.0    0  9.9 26 280   M    M   1 3      30 270
 3  97  71  84   4   0  19    T  0.0    0  7.3 29 200   M    M   1        35 200
 4 102  69  86   6   0  21 0.19  0.0    0 11.0 30 180   M    M   0 3      38 160
 5 101  70  86   6   0  21 0.00  0.0    0  8.6 20 160   M    M   0        26 150
 6 100  69  85   5   0  20 0.00  0.0    0  7.7 20 310   M    M   0        30 330
 7 101  69  85   5   0  20 0.00  0.0    0  7.7 29 280   M    M   0        34 280
 8 102  70  86   6   0  21    T  0.0    0  6.9 30 330   M    M   1 3      39 330
 9  97  69  83   3   0  18    T  0.0    0 10.1 30 170   M    M   2        38 170
10  98  72  85   6   0  20 0.15  0.0    0 10.5 22 310   M    M   3 3      27 240
11  96  71  84   5   0  19 0.89  0.0    0  7.3 36 220   M    M   2 3      44 230
12  96  68  82   3   0  17 0.04  0.0    0 11.9 25  20   M    M   2 3      33  10
13  84  66  75  -4   0  10    T  0.0    0  9.9 32 350   M    M   5 3      40 350
14  86  64  75  -4   0  10    T  0.0    0  7.4 16 350   M    M   4        19 360
15  91  59  75  -4   0  10 0.00  0.0    0  5.3 14 140   M    M   0        20 160
16  92  60  76  -3   0  11 0.00  0.0    0  5.4 17 160   M    M   0        24 150
17  92  61  77  -2   0  12 0.00  0.0    0  3.4 15 160   M    M   0        20 150
18  94  63  79   0   0  14 0.00  0.0    0  6.4 28 170   M    M   0        35 170
19  95  65  80   1   0  15    T  0.0    0  7.8 25 260   M    M   0 3      31 270
20  86  68  77  -2   0  12 0.00  0.0    0  9.5 25  30   M    M   4 3      31  30
21  78  63  71  -7   0   6 2.19  0.0    0  7.7 17 110   M    M   6 13     20 110
22  84  65  75  -3   0  10    T  0.0    0  8.4 20 170   M    M   4 1      26 160
23  92  64  78   0   0  13 0.74  0.0    0  9.8 39 270   M    M   1 13     48 260
================================================================================
SM 2162 1537         0 359  4.20     0.0 186.6          M       37
================================================================================
AV 94.0 66.8                               8.1 FASTST   M    M   2    MAX(MPH)
                                 MISC ---->  # 39 270               # 48  260
================================================================================
NOTES:
# LAST OF SEVERAL OCCURRENCES

COLUMN 17 PEAK WIND IN M.P.H.

PRELIMINARY LOCAL CLIMATOLOGICAL DATA (WS FORM: F-6) , PAGE 2

                                          STATION:  ROSWELL NM
                                          MONTH:    AUGUST
                                          YEAR:     2016
                                          LATITUDE:   33 17 N
                                          LONGITUDE: 104 32 W

[TEMPERATURE DATA]      [PRECIPITATION DATA]       SYMBOLS USED IN COLUMN 16

AVERAGE MONTHLY: 80.4   TOTAL FOR MONTH:   4.20    1 = FOG OR MIST
DPTR FM NORMAL:   1.2   DPTR FM NORMAL:    2.70    2 = FOG REDUCING VISIBILITY
HIGHEST:   102 ON  8, 4 GRTST 24HR  2.19 ON 21-21      TO 1/4 MILE OR LESS
LOWEST:     59 ON 15                               3 = THUNDER
                        SNOW, ICE PELLETS, HAIL    4 = ICE PELLETS
                        TOTAL MONTH:   0.0 INCH    5 = HAIL
                        GRTST 24HR     0.0         6 = FREEZING RAIN OR DRIZZLE
                        GRTST DEPTH:   0           7 = DUSTSTORM OR SANDSTORM:
                                                       VSBY 1/2 MILE OR LESS
                                                   8 = SMOKE OR HAZE
[NO. OF DAYS WITH]      [WEATHER - DAYS WITH]      9 = BLOWING SNOW
                                                   X = TORNADO
MAX 32 OR BELOW:   0    0.01 INCH OR MORE:   6
MAX 90 OR ABOVE:  18    0.10 INCH OR MORE:   5
MIN 32 OR BELOW:   0    0.50 INCH OR MORE:   3
MIN  0 OR BELOW:   0    1.00 INCH OR MORE:   1

[HDD (BASE 65) ]
TOTAL THIS MO.     0    CLEAR  (SCALE 0-3)  18
DPTR FM NORMAL     0    PTCLDY (SCALE 4-7)   5
TOTAL FM JUL 1     0    CLOUDY (SCALE 8-10)  0
DPTR FM NORMAL     0

[CDD (BASE 65) ]
TOTAL THIS MO.   359
DPTR FM NORMAL    32    [PRESSURE DATA]
TOTAL FM JAN 1  1687    HIGHEST SLP M ON M
DPTR FM NORMAL   262    LOWEST  SLP 29.74 ON  9

[REMARKS]
