000
CXUS54 KFWD 270730
CF6RPH
PRELIMINARY LOCAL CLIMATOLOGICAL DATA (WS FORM: F-6)

                                          STATION:   GRAHAM
                                          MONTH:     FEBRUARY
                                          YEAR:      2017
                                          LATITUDE:   33  6 N
                                          LONGITUDE:  98 30 W

  TEMPERATURE IN F:       :PCPN:    SNOW:  WIND      :SUNSHINE: SKY     :PK WND
================================================================================
1   2   3   4   5  6A  6B    7    8   9   10  11  12  13   14  15   16   17  18
                                     12Z  AVG MX 2MIN
DY MAX MIN AVG DEP HDD CDD  WTR  SNW DPTH SPD SPD DIR MIN PSBL S-S WX    SPD DR
================================================================================

 1  63  43  53   9  12   0 0.00  0.0    0  7.2 12 340   M    M   0        20 340
 2  46  31  39  -5  26   0 0.00  0.0    0  8.9 15 350   M    M   2        23 340
 3  51  32  42  -2  23   0 0.00  0.0    0  4.7  8 360   M    M   9        16  10
 4  59  44  52   8  13   0 0.00  0.0    0  5.1 14 180   M    M  10        20 180
 5  78  50  64  20   1   0 0.00  0.0    0  5.6 12 180   M    M   4 1      16 180
 6  84  54  69  25   0   4 0.00  0.0    0  8.5 16 210   M    M   0 1      22 180
 7  78  53  66  22   0   1 0.00  0.0    0  6.4 14 280   M    M   0        23 280
 8  60  37  49   4  16   0 0.00  0.0    0  8.6 16 330   M    M   0        27 340
 9  63  30  47   2  18   0 0.00  0.0    0  5.2 12 140   M    M   0        18 140
10  83  50  67  22   0   2 0.00  0.0    0  9.5 16 190   M    M   0        24 190
11  94  59  77  32   0  12 0.00  0.0    0  7.0 12 220   M    M   0        16 170
12  70  53  62  17   3   0 0.00  0.0    0 13.6 23 350   M    M   2        30 360
13  58  44  51   5  14   0 0.31  0.0    0  6.8 13  10   M    M   9        21 360
14  44  38  41  -5  24   0 0.16  0.0    0 10.7 18 330   M    M  10 1      25 310
15  56  32  44  -2  21   0 0.00  0.0    0  7.2 14 330   M    M   1        27 320
16  70  28  49   3  16   0 0.00  0.0    0  3.8 10 220   M    M   0        16 210
17  75  46  61  15   4   0 0.00  0.0    0  8.3 13 120   M    M   2        21 170
18  74  46  60  13   5   0 0.00  0.0    0  3.4 12 120   M    M   0        16 120
19  76  55  66  19   0   1 2.83  0.0    0  7.8 16 280   M    M   6        21 110
20  73  48  61  14   4   0 0.19  0.0    0  4.4 13 210   M    M   2        16 210
21  75  45  60  12   5   0 0.00  0.0    0  7.0 15 330   M    M   0        22 340
22  88  37  63  15   2   0 0.00  0.0    0  2.1  7 210   M    M   0         M  M
23  91  48  70  22   0   5 0.00  0.0    0  6.7 16 200   M    M   0        27 200
24  72  41  57   9   8   0 0.00  0.0    0 11.0 22 330   M    M   0        29 350
25  55  30  43  -6  22   0 0.00  0.0    0  4.5 12  20   M    M   0        18  20
26  73  39  56   7   9   0 0.00  0.0    0  6.3 13 200   M    M   0        20 200
================================================================================
SM 1809 1113       246  25  3.49     0.0 180.3          M       57
================================================================================
AV 69.6 42.8                               6.9 FASTST   M    M   2    MAX(MPH)
                                 MISC ---->  # 23 350                 30    M
================================================================================
NOTES:
# LAST OF SEVERAL OCCURRENCES

COLUMN 17 PEAK WIND IN M.P.H.

PRELIMINARY LOCAL CLIMATOLOGICAL DATA (WS FORM: F-6) , PAGE 2

                                          STATION:  GRAHAM
                                          MONTH:    FEBRUARY
                                          YEAR:     2017
                                          LATITUDE:   33  6 N
                                          LONGITUDE:  98 30 W

[TEMPERATURE DATA]      [PRECIPITATION DATA]       SYMBOLS USED IN COLUMN 16

AVERAGE MONTHLY: 56.2   TOTAL FOR MONTH:   3.49    1 = FOG OR MIST
DPTR FM NORMAL:  10.3   DPTR FM NORMAL:    1.79    2 = FOG REDUCING VISIBILITY
HIGHEST:    94 ON 11    GRTST 24HR  2.83 ON 19-19      TO 1/4 MILE OR LESS
LOWEST:     28 ON 16                               3 = THUNDER
                        SNOW, ICE PELLETS, HAIL    4 = ICE PELLETS
                        TOTAL MONTH:   0.0 INCH    5 = HAIL
                        GRTST 24HR     0.0         6 = FREEZING RAIN OR DRIZZLE
                        GRTST DEPTH:   0           7 = DUSTSTORM OR SANDSTORM:
                                                       VSBY 1/2 MILE OR LESS
                                                   8 = SMOKE OR HAZE
[NO. OF DAYS WITH]      [WEATHER - DAYS WITH]      9 = BLOWING SNOW
                                                   X = TORNADO
MAX 32 OR BELOW:   0    0.01 INCH OR MORE:   4
MAX 90 OR ABOVE:   2    0.10 INCH OR MORE:   4
MIN 32 OR BELOW:   6    0.50 INCH OR MORE:   1
MIN  0 OR BELOW:   0    1.00 INCH OR MORE:   1

[HDD (BASE 65) ]
TOTAL THIS MO.   246    CLEAR  (SCALE 0-3)  20
DPTR FM NORMAL  -251    PTCLDY (SCALE 4-7)   2
TOTAL FM JUL 1  1601    CLOUDY (SCALE 8-10)  4
DPTR FM NORMAL  -764

[CDD (BASE 65) ]
TOTAL THIS MO.    25
DPTR FM NORMAL    25    [PRESSURE DATA]
TOTAL FM JAN 1    26    HIGHEST SLP M ON M
DPTR FM NORMAL    26    LOWEST  SLP M ON M

[REMARKS]
