000
CXUS54 KFWD 270730
CF6RPH
PRELIMINARY LOCAL CLIMATOLOGICAL DATA (WS FORM: F-6)

                                          STATION:   GRAHAM
                                          MONTH:     MARCH
                                          YEAR:      2015
                                          LATITUDE:   33  6 N
                                          LONGITUDE:  98 30 W

  TEMPERATURE IN F:       :PCPN:    SNOW:  WIND      :SUNSHINE: SKY     :PK WND
================================================================================
1   2   3   4   5  6A  6B    7    8   9   10  11  12  13   14  15   16   17  18
                                     12Z  AVG MX 2MIN
DY MAX MIN AVG DEP HDD CDD  WTR  SNW DPTH SPD SPD DIR MIN PSBL S-S WX    SPD DR
================================================================================

 1  34  30  32 -18  33   0    M  0.0    0  5.6  9 360   M    M  10 16      M  M
 2  36  31  34 -16  31   0    M  0.0    0  4.4 10 350   M    M  10 1       M  M
 3  60  35  48  -3  17   0 0.00  0.0    0  2.7  8 130   M    M   8 1       M  M
 4  51  25  38 -13  27   0 0.16    M    0 12.3 27 350   M    M  10 1      31 350
 5  41  19  30 -21  35   0 0.00  0.0    M  4.5 14 340   M    M   1        20 340
 6  56  21  39 -13  26   0 0.00  0.0    0  3.8  9 210   M    M   0         M  M
 7  66  29  48  -4  17   0 0.00  0.0    0  4.8 10 150   M    M   4         M  M
 8  60  47  54   2  11   0 0.01  0.0    0  6.4 10 110   M    M   7 1       M  M
 9  50  47  49  -4  16   0 0.05  0.0    0  3.0  6  30   M    M  10 1       M  M
10  57  40  49  -4  16   0 0.00  0.0    0  4.0  9 330   M    M   8 1       M  M
11  72  35  54   1  11   0 0.00  0.0    0  3.1 10 360   M    M   3 12      M  M
12  73  38  56   2   9   0 0.00  0.0    0  2.8  9 360   M    M   2         M  M
13  73  42  58   4   7   0 0.01  0.0    0  6.7 16 360   M    M   6 2      23 360
14  71  50  61   7   4   0 0.00  0.0    0  8.8 20 330   M    M   4        32  10
15  70  42  56   2   9   0 0.00  0.0    0  2.3  6 130   M    M   4         M  M
16  82  44  63   8   2   0 0.00  0.0    0  4.9 12 200   M    M   0        16 200
17  78  55  67  12   0   2 0.00  0.0    0  7.2 18 350   M    M   3        25 350
18  67  50  59   4   6   0 0.14  0.0    0  2.5  9 290   M    M   7         M  M
19  80  55  68  12   0   3 0.01  0.0    0  6.3 17  10   M    M   8 1      24  10
20  55  49  52  -4  13   0 0.21  0.0    0  7.9 15 360   M    M   8 1      17  10
21  59  49  54  -2  11   0 0.03  0.0    0  1.8  7 320   M    M   5 1       M  M
22  71  54  63   7   2   0 0.01  0.0    0  1.7  7 140   M    M   7 1       M  M
23  80  49  65   8   0   0 0.00  0.0    0  7.7 14 140   M    M   0        22 130
24  89  62  76  19   0  11 0.00  0.0    0  9.0 17 220   M    M   0        28 190
25  89  53  71  14   0   6 0.00  0.0    0  9.6 27 330   M    M   1        43 330
26  64  43  54  -4  11   0 0.00  0.0    0 14.7 29 340   M    M   3        40 340
================================================================================
SM 1684 1094       314  22  0.63     0.0 148.5          M      129
================================================================================
AV 64.8 42.1                               5.7 FASTST   M    M   5    MAX(MPH)
                                 MISC ---->    29   M                 43    M
================================================================================
NOTES:
# LAST OF SEVERAL OCCURRENCES

COLUMN 17 PEAK WIND IN M.P.H.

PRELIMINARY LOCAL CLIMATOLOGICAL DATA (WS FORM: F-6) , PAGE 2

                                          STATION:  GRAHAM
                                          MONTH:    MARCH
                                          YEAR:     2015
                                          LATITUDE:   33  6 N
                                          LONGITUDE:  98 30 W

[TEMPERATURE DATA]      [PRECIPITATION DATA]       SYMBOLS USED IN COLUMN 16

AVERAGE MONTHLY: 53.4   TOTAL FOR MONTH:   0.63    1 = FOG OR MIST
DPTR FM NORMAL:  -0.5   DPTR FM NORMAL:   -1.82    2 = FOG REDUCING VISIBILITY
HIGHEST:    89 ON 25,24 GRTST 24HR  0.21 ON 20-20      TO 1/4 MILE OR LESS
LOWEST:     19 ON  5                               3 = THUNDER
                        SNOW, ICE PELLETS, HAIL    4 = ICE PELLETS
                        TOTAL MONTH:   0.0 INCH    5 = HAIL
                        GRTST 24HR     0.0         6 = FREEZING RAIN OR DRIZZLE
                        GRTST DEPTH:   0           7 = DUSTSTORM OR SANDSTORM:
                                                       VSBY 1/2 MILE OR LESS
                                                   8 = SMOKE OR HAZE
[NO. OF DAYS WITH]      [WEATHER - DAYS WITH]      9 = BLOWING SNOW
                                                   X = TORNADO
MAX 32 OR BELOW:   0    0.01 INCH OR MORE:   9
MAX 90 OR ABOVE:   0    0.10 INCH OR MORE:   3
MIN 32 OR BELOW:   6    0.50 INCH OR MORE:   0
MIN  0 OR BELOW:   0    1.00 INCH OR MORE:   0

[HDD (BASE 65) ]
TOTAL THIS MO.   314    CLEAR  (SCALE 0-3)   9
DPTR FM NORMAL    12    PTCLDY (SCALE 4-7)  13
TOTAL FM JUL 1  2532    CLOUDY (SCALE 8-10)  4
DPTR FM NORMAL  -167

[CDD (BASE 65) ]
TOTAL THIS MO.    22
DPTR FM NORMAL    12    [PRESSURE DATA]
TOTAL FM JAN 1    24    HIGHEST SLP M ON M
DPTR FM NORMAL    13    LOWEST  SLP M ON M

[REMARKS]
