000
CXUS56 KFGZ 190900
CF6RQE
PRELIMINARY LOCAL CLIMATOLOGICAL DATA (WS FORM: F-6)

                                          STATION:   WINDOW ROCK AZ AIRPORT
                                          MONTH:     DECEMBER
                                          YEAR:      2014
                                          LATITUDE:   35 39 N
                                          LONGITUDE: 109  4 W

  TEMPERATURE IN F:       :PCPN:    SNOW:  WIND      :SUNSHINE: SKY     :PK WND
================================================================================
1   2   3   4   5  6A  6B    7    8   9   10  11  12  13   14  15   16   17  18
                                     12Z  AVG MX 2MIN
DY MAX MIN AVG DEP HDD CDD  WTR  SNW DPTH SPD SPD DIR MIN PSBL S-S WX    SPD DR
================================================================================

 1  57  17  37   5  28   0 0.00    M    M  2.5170  16   M    M   0       170  21
 2  56  18  37   5  28   0 0.00    M    M  1.6 12 220   M    M   M        14 220
 3  56  18  37   5  28   0 0.00    M    M  1.4 12 220   M    M  10 1      16 220
 4  47  34  41  10  24   0 0.88    M    M  3.4 17 360   M    M   M        21 360
 5  52  33  43  12  22   0 0.00    M    M  2.9 12  70   M    M   8        17  50
 6  49  33  41  10  24   0 0.00    M    M  0.9  6 100   M    M   0         8  70
 7  57  28  43  13  22   0 0.00    M    M  2.1 12 100   M    M   M        16  60
 8  55  25  40  10  25   0 0.00    M    M  1.9 13 100   M    M   0        14 100
 9  52  26  39   9  26   0 0.00    M    M  1.2 13 100   M    M   0        14 100
10  58  24  41  11  24   0 0.00    M    M  2.2  9  90   M    M   M        13  90
11  58  25  42  13  23   0 0.00    M    M  1.9 12 200   M    M   0        15 200
12  58  28  43  14  22   0 0.00    M    M  4.4 24 230   M    M   M        30 210
13  51  31  41  12  24   0 0.19    M    M  4.6 25 250   M    M   8        32 210
14  39  21  30   1  35   0 0.00    M    M  7.0 21 270   M    M   M        26 260
15  43  16  30   1  35   0 0.00    M    M  2.5 14  60   M    M   0        18  50
16  49  28  39  11  26   0 0.00    M    M  1.7  9 240   M    M   6        10 240
17  38  28  33   5  32   0 0.16    M    M  4.5 15 250   M    M   7 1      19 240
18  39  22  31   3  34   0 0.02    M    M  1.4 15 340   M    M   8 18     19 340
================================================================================
SM  914  455       482   0  1.25    M     48.1          M       47
================================================================================
AV 50.8 25.3                               2.7 FASTST   M    M   4    MAX(MPH)
                                 MISC ---->  #170  16               #170   21
================================================================================
NOTES:
# LAST OF SEVERAL OCCURRENCES

COLUMN 17 PEAK WIND IN M.P.H.

PRELIMINARY LOCAL CLIMATOLOGICAL DATA (WS FORM: F-6) , PAGE 2

                                          STATION:  WINDOW ROCK AZ AIRPORT
                                          MONTH:    DECEMBER
                                          YEAR:     2014
                                          LATITUDE:   35 39 N
                                          LONGITUDE: 109  4 W

[TEMPERATURE DATA]      [PRECIPITATION DATA]       SYMBOLS USED IN COLUMN 16

AVERAGE MONTHLY: 38.0   TOTAL FOR MONTH:   1.25    1 = FOG OR MIST
DPTR FM NORMAL:   8.1   DPTR FM NORMAL:    0.84    2 = FOG REDUCING VISIBILITY
HIGHEST:    58 ON 12,11 GRTST 24HR  0.88 ON  4- 4      TO 1/4 MILE OR LESS
LOWEST:     16 ON 15                               3 = THUNDER
                        SNOW, ICE PELLETS, HAIL    4 = ICE PELLETS
                        TOTAL MONTH:    M          5 = HAIL
                        GRTST 24HR    M  ON   M    6 = FREEZING RAIN OR DRIZZLE
                        GRTST DEPTH:  M  ON   M    7 = DUSTSTORM OR SANDSTORM:
                                                       VSBY 1/2 MILE OR LESS
                                                   8 = SMOKE OR HAZE
[NO. OF DAYS WITH]      [WEATHER - DAYS WITH]      9 = BLOWING SNOW
                                                   X = TORNADO
MAX 32 OR BELOW:   0    0.01 INCH OR MORE:   4
MAX 90 OR ABOVE:   0    0.10 INCH OR MORE:   3
MIN 32 OR BELOW:  15    0.50 INCH OR MORE:   1
MIN  0 OR BELOW:   0    1.00 INCH OR MORE:   0

[HDD (BASE 65) ]
TOTAL THIS MO.   482    CLEAR  (SCALE 0-3)   6
DPTR FM NORMAL  -150    PTCLDY (SCALE 4-7)   5
TOTAL FM JUL 1  1687    CLOUDY (SCALE 8-10)  1
DPTR FM NORMAL  -455

[CDD (BASE 65) ]
TOTAL THIS MO.     0
DPTR FM NORMAL     0    [PRESSURE DATA]
TOTAL FM JAN 1   450    HIGHEST SLP M ON M
DPTR FM NORMAL   170    LOWEST  SLP 29.83 ON 13

[REMARKS]
