108
CXUS53 KGRB 300717
CF6RRL
PRELIMINARY LOCAL CLIMATOLOGICAL DATA (WS FORM: F-6)

                                          STATION:   MERRILL MUNICIPAL AI
                                          MONTH:     MAY
                                          YEAR:      2016
                                          LATITUDE:   45 10 N
                                          LONGITUDE:  89 42 W

  TEMPERATURE IN F:       :PCPN:    SNOW:  WIND      :SUNSHINE: SKY     :PK WND
================================================================================
1   2   3   4   5  6A  6B    7    8   9   10  11  12  13   14  15   16   17  18
                                     12Z  AVG MX 2MIN
DY MAX MIN AVG DEP HDD CDD  WTR  SNW DPTH SPD SPD DIR MIN PSBL S-S WX    SPD DR
================================================================================

 1  63  36  50   M  15   0 0.00  0.0    0  6.7 14  80   M    M   4        21  70
 2  63  28  46   M  19   0 0.00  0.0    0  1.7  9 310   M    M   3         M  M
 3  67  30  49   M  16   0 0.03    M    0  6.3 21 310   M    M   5 12     30 310
 4  56  33  45   M  20   0 0.00  0.0    0  9.9 21  30   M    M   3        30 360
 5  67  28  48   M  17   0 0.00  0.0    0  3.3 10 260   M    M   0        16 270
 6  88  39  64   M   1   0 0.00  0.0    0  7.2 24 260   M    M   3 13     33  20
 7  64  41  53   M  12   0 0.00  0.0    0  9.3 22  30   M    M   2        32  20
 8  67  36  52   M  13   0 0.00  0.0    0  4.0 10  40   M    M   1         M  M
 9  65  35  50   M  15   0 0.00  0.0    0  9.0 16 130   M    M   1        22 130
10  52  45  49   M  16   0 0.09    M    0  8.4 15 110   M    M   8        23 120
11  55  48  52   M  13   0 0.01    M    0  5.0 12 120   M    M  10 1      16 110
12  61  46  54   M  11   0 0.21    M    0  7.2 14 260   M    M   8 1      20 310
13  49  36  43   M  22   0 0.10    M    0  8.7 17 260   M    M   9        23 260
14  41  30  36   M  29   0 0.00  0.0    0  9.2 16 360   M    M   9        27 360
15  56  27  42   M  23   0 0.00  0.0    0 10.0 18 290   M    M   5        24 290
16  60  33  47   M  18   0 0.00  0.0    0  7.4 16  10   M    M   3        22  10
17  62  26  44   M  21   0 0.00  0.0    0  3.4 10  50   M    M   2         M  M
18  66  31  49   M  16   0 0.00  0.0    0  2.0  6 230   M    M   0         M  M
19  71  32  52   M  13   0 0.00  0.0    0  3.3 10 260   M    M   1         M  M
20  74  36  55   M  10   0 0.00  0.0    0  1.9  7 260   M    M   1         M  M
21  79  38  59   M   6   0 0.00  0.0    0  3.4 10  30   M    M   1        17  10
22  82  39  61   M   4   0 0.00  0.0    0  2.3 10 230   M    M   0         M  M
23  83  47  65   M   0   0 0.00  0.0    0  8.8 21 210   M    M   1        29 210
24  79  55  67   M   0   2 0.00  0.0    0  3.4 12 260   M    M   5        16 240
25  78  46  62   M   3   0 0.56    M    0  6.1 15 140   M    M   8 123    21 140
26  77  55  66   M   0   1 0.10  0.0    0  4.7 13 270   M    M   6 12     18 270
27  72  49  61   M   4   0 0.10    M    0  4.8 16 130   M    M   7 1      21 130
28  77  64  71   M   0   6 0.28  0.0    0  5.9 17 230   M    M   8 1      28 210
29  73  55  64   M   1   0 0.13  0.0    0  8.0 17 280   M    M   7        22 280
================================================================================
SM 1947 1144       338   9  1.61     0.0 171.3          M      121
================================================================================
AV 67.1 39.4                               5.9 FASTST   M    M   4    MAX(MPH)
                                 MISC ---->    24   M                 33    M
================================================================================
NOTES:
# LAST OF SEVERAL OCCURRENCES

COLUMN 17 PEAK WIND IN M.P.H.

PRELIMINARY LOCAL CLIMATOLOGICAL DATA (WS FORM: F-6) , PAGE 2

                                          STATION:  MERRILL MUNICIPAL AI
                                          MONTH:    MAY
                                          YEAR:     2016
                                          LATITUDE:   45 10 N
                                          LONGITUDE:  89 42 W

[TEMPERATURE DATA]      [PRECIPITATION DATA]       SYMBOLS USED IN COLUMN 16

AVERAGE MONTHLY: 53.3   TOTAL FOR MONTH:   1.61    1 = FOG OR MIST
DPTR FM NORMAL:     M   DPTR FM NORMAL:       M    2 = FOG REDUCING VISIBILITY
HIGHEST:    88 ON  6    GRTST 24HR  0.56 ON 25-25      TO 1/4 MILE OR LESS
LOWEST:     26 ON 17                               3 = THUNDER
                        SNOW, ICE PELLETS, HAIL    4 = ICE PELLETS
                        TOTAL MONTH:   0.0 INCH    5 = HAIL
                        GRTST 24HR     0.0         6 = FREEZING RAIN OR DRIZZLE
                        GRTST DEPTH:   0           7 = DUSTSTORM OR SANDSTORM:
                                                       VSBY 1/2 MILE OR LESS
                                                   8 = SMOKE OR HAZE
[NO. OF DAYS WITH]      [WEATHER - DAYS WITH]      9 = BLOWING SNOW
                                                   X = TORNADO
MAX 32 OR BELOW:   0    0.01 INCH OR MORE:  10
MAX 90 OR ABOVE:   0    0.10 INCH OR MORE:   7
MIN 32 OR BELOW:   8    0.50 INCH OR MORE:   1
MIN  0 OR BELOW:   0    1.00 INCH OR MORE:   0

[HDD (BASE 65) ]
TOTAL THIS MO.   338    CLEAR  (SCALE 0-3)  13
DPTR FM NORMAL     M    PTCLDY (SCALE 4-7)  12
TOTAL FM JUL 1  7538    CLOUDY (SCALE 8-10)  4
DPTR FM NORMAL  7158

[CDD (BASE 65) ]
TOTAL THIS MO.     9
DPTR FM NORMAL     M    [PRESSURE DATA]
TOTAL FM JAN 1     9    HIGHEST SLP M ON M
DPTR FM NORMAL     9    LOWEST  SLP M ON M

[REMARKS]
