159
CXUS54 KTSA 260840
CF6RVS
PRELIMINARY LOCAL CLIMATOLOGICAL DATA (WS FORM: F-6)

                                          STATION:   TULSA-RIVERSIDE  OKLAHOMA
                                          MONTH:     SEPTEMBER
                                          YEAR:      2016
                                          LATITUDE:   36  2 N
                                          LONGITUDE:  95 59 W

  TEMPERATURE IN F:       :PCPN:    SNOW:  WIND      :SUNSHINE: SKY     :PK WND
================================================================================
1   2   3   4   5  6A  6B    7    8   9   10  11  12  13   14  15   16   17  18
                                     12Z  AVG MX 2MIN
DY MAX MIN AVG DEP HDD CDD  WTR  SNW DPTH SPD SPD DIR MIN PSBL S-S WX    SPD DR
================================================================================

 1  84  72  78  -1   0  13 0.03  0.0    0  7.0 14  30   M    M   6        20  20
 2  85  64  75  -3   0  10 0.00  0.0    0  5.9 12  50   M    M   1        17  70
 3  85  59  72  -6   0   7 0.00  0.0    0  4.7 10 150   M    M   0        15 120
 4  91  63  77  -1   0  12 0.00  0.0    0  7.3 15 150   M    M   1        22 150
 5  97  72  85   8   0  20 0.00  0.0    0  9.2 21 180   M    M   1        26 180
 6  96  72  84   7   0  19 0.00  0.0    0  8.1 20 200   M    M   1        24 190
 7  96  74  85   9   0  20 0.00  0.0    0  9.6 20 180   M    M   0        26 220
 8  98  80  89  13   0  24    T  0.0    0  9.2 16 170   M    M   3 3      22 210
 9  94  71  83   7   0  18 0.46  0.0    0  8.5 20 340   M    M   4 138    31 330
10  81  58  70  -5   0   5 0.29  0.0    0  5.5 15  20   M    M   3 1      21 310
11  86  54  70  -5   0   5 0.00  0.0    0  4.6 12 170   M    M   0        17 180
12  92  60  76   2   0  11 0.00  0.0    0  7.2 18 190   M    M   0        25 190
13  92  66  79   5   0  14 0.00  0.0    0  3.4 12 100   M    M   1 1      15 190
14  87  68  78   4   0  13 0.00  0.0    0  2.3 17 120   M    M   2        22 110
15  88  67  78   5   0  13    T  0.0    0  3.0 16 170   M    M   2 13     21 170
16  81  63  72  -1   0   7 0.05  0.0    0  4.6 20  40   M    M   3 13     25  50
17  89  62  76   4   0  11 0.01  0.0    0  2.6  8 110   M    M   2 1      11  20
18  91  65  78   6   0  13    T  0.0    0  2.8 12 170   M    M   1 1      19 180
19  98  68  83  11   0  18 0.00  0.0    0  4.9 12 130   M    M   0        15 130
20  99  74  87  16   0  22 0.00  0.0    0  4.8 10 180   M    M   0 1      15 180
21  94  68  81  10   0  16 0.00  0.0    0  4.8 13 120   M    M   0 1      16 180
22  94  65  80  10   0  15 0.00  0.0    0  4.7 14 210   M    M   0 1      19 200
23  94  65  80  10   0  15 0.00  0.0    0  5.5 16 170   M    M   1 1      21 170
24  93  73  83  14   0  18 0.00  0.0    0  8.9 20 170   M    M   2        28 170
25  77  63  70   1   0   5 0.55  0.0    0  5.4 14  20   M    M   7 1      22  20
================================================================================
SM 2262 1666         0 344  1.39     0.0 144.5          M       41
================================================================================
AV 90.5 66.6                               5.8 FASTST   M    M   2    MAX(MPH)
                                 MISC ---->  # 21 180               # 31  330
================================================================================
NOTES:
# LAST OF SEVERAL OCCURRENCES

COLUMN 17 PEAK WIND IN M.P.H.

PRELIMINARY LOCAL CLIMATOLOGICAL DATA (WS FORM: F-6) , PAGE 2

                                          STATION:  TULSA-RIVERSIDE  OKLAHOMA
                                          MONTH:    SEPTEMBER
                                          YEAR:     2016
                                          LATITUDE:   36  2 N
                                          LONGITUDE:  95 59 W

[TEMPERATURE DATA]      [PRECIPITATION DATA]       SYMBOLS USED IN COLUMN 16

AVERAGE MONTHLY: 78.6   TOTAL FOR MONTH:   1.39    1 = FOG OR MIST
DPTR FM NORMAL:   4.6   DPTR FM NORMAL:   -2.36    2 = FOG REDUCING VISIBILITY
HIGHEST:    99 ON 20    GRTST 24HR  0.73 ON  9-10      TO 1/4 MILE OR LESS
LOWEST:     54 ON 11                               3 = THUNDER
                        SNOW, ICE PELLETS, HAIL    4 = ICE PELLETS
                        TOTAL MONTH:   0.0 INCH    5 = HAIL
                        GRTST 24HR     0.0         6 = FREEZING RAIN OR DRIZZLE
                        GRTST DEPTH:   0           7 = DUSTSTORM OR SANDSTORM:
                                                       VSBY 1/2 MILE OR LESS
                                                   8 = SMOKE OR HAZE
[NO. OF DAYS WITH]      [WEATHER - DAYS WITH]      9 = BLOWING SNOW
                                                   X = TORNADO
MAX 32 OR BELOW:   0    0.01 INCH OR MORE:   6
MAX 90 OR ABOVE:  15    0.10 INCH OR MORE:   3
MIN 32 OR BELOW:   0    0.50 INCH OR MORE:   1
MIN  0 OR BELOW:   0    1.00 INCH OR MORE:   0

[HDD (BASE 65) ]
TOTAL THIS MO.     0    CLEAR  (SCALE 0-3)  21
DPTR FM NORMAL    -9    PTCLDY (SCALE 4-7)   4
TOTAL FM JUL 1     0    CLOUDY (SCALE 8-10)  0
DPTR FM NORMAL    -9

[CDD (BASE 65) ]
TOTAL THIS MO.   344
DPTR FM NORMAL   108    [PRESSURE DATA]
TOTAL FM JAN 1  2200    HIGHEST SLP M ON M
DPTR FM NORMAL   366    LOWEST  SLP 29.82 ON  9

[REMARKS]
