000
CXUS55 KCYS 201000
CF6RWL
PRELIMINARY LOCAL CLIMATOLOGICAL DATA (WS FORM: F-6)

                                          STATION:   RAWLINS WYOMING AIRPORT
                                          MONTH:     FEBRUARY
                                          YEAR:      2017
                                          LATITUDE:   41 47 N
                                          LONGITUDE: 107 12 W

  TEMPERATURE IN F:       :PCPN:    SNOW:  WIND      :SUNSHINE: SKY     :PK WND
================================================================================
1   2   3   4   5  6A  6B    7    8   9   10  11  12  13   14  15   16   17  18
                                     12Z  AVG MX 2MIN
DY MAX MIN AVG DEP HDD CDD  WTR  SNW DPTH SPD SPD DIR MIN PSBL S-S WX    SPD DR
================================================================================

 1  35  10  23   1  42   0 0.00    M    M 16.3 37 260   M    M   7        47 250
 2  29   8  19  -3  46   0    T    M    M 11.3 25 360   M    M  10 1      33 260
 3  39  10  25   3  40   0 0.00    M    M 12.6 36 220   M    M   4        45 220
 4  38  30  34  12  31   0    T    M    M 23.0 37 240   M    M   2 18     45 240
 5  40  31  36  14  29   0 0.00    M    M 13.4 28 220   M    M   4        34 220
 6  41  33  37  15  28   0    T    M    M 25.3 46 220   M    M   2 1      58 230
 7  41  31  36  14  29   0 0.01    M    M 26.1 51 260   M    M   6 18     66 270
 8  40  32  36  14  29   0    T    M    0 26.3 36 260   M    M   1        61 250
 9  51  38  45  23  20   0 0.00    M    M 23.8 48 220   M    M   4        60 210
10  54  35  45  23  20   0 0.07    M    M 27.7 46 220   M    M   4        58 230
11  38  20  29   7  36   0 0.09    M    M 11.1 23 270   M    M   6 1      30 250
12  34  11  23   0  42   0 0.00    M    M  3.5 12 220   M    M   1        13 220
13  41  13  27   4  38   0 0.00    M    M  4.9 13 240   M    M   1 1      15 210
14  41  15  28   5  37   0 0.00  0.0    0  5.1 12 250   M    M   0        15 260
15  45  22  34  11  31   0 0.00    M    M  9.9 22 240   M    M   0        29 240
16  51  22  37  13  28   0 0.00    M    M 12.9 32 220   M    M   0        39 220
17  49  31  40  16  25   0 0.00    M    M  9.7 21 230   M    M   3        31 210
18  49  34  42  18  23   0 0.00    M    M 14.0 30 210   M    M   5        40 210
19  48  30  39  15  26   0 0.11    M    M 12.8 28 260   M    M   4 1      35 260
================================================================================
SM  804  456       600   0  0.28     0.0 289.7          M       64
================================================================================
AV 42.3 24.0                              15.2 FASTST   M    M   3    MAX(MPH)
                                 MISC ---->  # 51 260               # 66  270
================================================================================
NOTES:
# LAST OF SEVERAL OCCURRENCES

COLUMN 17 PEAK WIND IN M.P.H.

PRELIMINARY LOCAL CLIMATOLOGICAL DATA (WS FORM: F-6) , PAGE 2

                                          STATION:  RAWLINS WYOMING AIRPORT
                                          MONTH:    FEBRUARY
                                          YEAR:     2017
                                          LATITUDE:   41 47 N
                                          LONGITUDE: 107 12 W

[TEMPERATURE DATA]      [PRECIPITATION DATA]       SYMBOLS USED IN COLUMN 16

AVERAGE MONTHLY: 33.2   TOTAL FOR MONTH:   0.28    1 = FOG OR MIST
DPTR FM NORMAL:  10.5   DPTR FM NORMAL:    0.01    2 = FOG REDUCING VISIBILITY
HIGHEST:    54 ON 10    GRTST 24HR  0.16 ON 10-11      TO 1/4 MILE OR LESS
LOWEST:      8 ON  2                               3 = THUNDER
                        SNOW, ICE PELLETS, HAIL    4 = ICE PELLETS
                        TOTAL MONTH:   0.0 INCH    5 = HAIL
                        GRTST 24HR     0.0         6 = FREEZING RAIN OR DRIZZLE
                        GRTST DEPTH:   0           7 = DUSTSTORM OR SANDSTORM:
                                                       VSBY 1/2 MILE OR LESS
                                                   8 = SMOKE OR HAZE
[NO. OF DAYS WITH]      [WEATHER - DAYS WITH]      9 = BLOWING SNOW
                                                   X = TORNADO
MAX 32 OR BELOW:   1    0.01 INCH OR MORE:   4
MAX 90 OR ABOVE:   0    0.10 INCH OR MORE:   1
MIN 32 OR BELOW:  15    0.50 INCH OR MORE:   0
MIN  0 OR BELOW:   0    1.00 INCH OR MORE:   0

[HDD (BASE 65) ]
TOTAL THIS MO.   600    CLEAR  (SCALE 0-3)   8
DPTR FM NORMAL  -205    PTCLDY (SCALE 4-7)  10
TOTAL FM JUL 1  5114    CLOUDY (SCALE 8-10)  1
DPTR FM NORMAL  -490

[CDD (BASE 65) ]
TOTAL THIS MO.     0
DPTR FM NORMAL     0    [PRESSURE DATA]
TOTAL FM JAN 1     0    HIGHEST SLP M ON M
DPTR FM NORMAL     0    LOWEST  SLP 29.43 ON  7

[REMARKS]
