000
CXUS55 KCYS 291000
CF6RWL
PRELIMINARY LOCAL CLIMATOLOGICAL DATA (WS FORM: F-6)

                                          STATION:   RAWLINS WYOMING AIRPORT
                                          MONTH:     JULY
                                          YEAR:      2015
                                          LATITUDE:   41 47 N
                                          LONGITUDE: 107 12 W

  TEMPERATURE IN F:       :PCPN:    SNOW:  WIND      :SUNSHINE: SKY     :PK WND
================================================================================
1   2   3   4   5  6A  6B    7    8   9   10  11  12  13   14  15   16   17  18
                                     12Z  AVG MX 2MIN
DY MAX MIN AVG DEP HDD CDD  WTR  SNW DPTH SPD SPD DIR MIN PSBL S-S WX    SPD DR
================================================================================

 1  88  53  71   7   0   6    T    M    M  4.9 33 360   M    M   2 3      43 360
 2  82  55  69   4   0   4 0.08    M    M  7.5 33 350   M    M   1 3      39 350
 3  87  53  70   5   0   5 0.00  0.0    0  7.0 17  80   M    M   1 1      22  80
 4  90  53  72   7   0   7 0.03    M    M  8.7 24 290   M    M   3 3      33 270
 5  73  57  65  -1   0   0 0.28    M    M 10.5 26 220   M    M   6 13     33 210
 6  70  53  62  -4   3   0 0.23    M    M  7.7 17  60   M    M   7 1      21  60
 7  69  54  62  -4   3   0 0.19    M    M  5.7 21 350   M    M   8 13     25 340
 8  69  53  61  -5   4   0 0.08    M    M  8.1 25  80   M    M   9 1      29  80
 9   M   M   M   M   M   M    M    M    M   M   M   M   M    M   M         M  M
10  75  52  64  -3   1   0 0.00    M    M 12.4 33 220   M    M   3        42 240
11  79  48  64  -3   1   0    T    M    M 14.2 32 220   M    M   1        42 240
12  81  56  69   2   0   4 0.00    M    M 15.5 32 250   M    M   0        46 260
13  85  50  68   1   0   3    T    M    M 10.3 26 230   M    M   3        33 230
14  81  52  67   0   0   2    T    M    M  4.2 22 160   M    M   0 3      27 160
15  83  54  69   1   0   4    T  0.0    0 11.5 48 280   M    M   4 38     62 280
16  83  47  65  -3   0   0 0.00  0.0    0 14.3 26 260   M    M   1 3      36 250
17  82  52  67  -1   0   2    T    M    M 14.5 38 280   M    M   2        47 290
18  77  46  62  -6   3   0 0.02    M    0  7.6 31 290   M    M   3 3      39 290
19  78  48  63  -5   2   0 0.00    M    M 11.6 28 240   M    M   2        35 240
20  78  41  60  -8   5   0    T    M    M  6.8 26 300   M    M   3        33 290
21  78  56  67  -1   0   2 0.00    M    M 10.9 23 240   M    M   5        28 220
22  82  56  69   1   0   4    T    M    M 13.2 36 230   M    M   2 3      44 220
23  85  51  68   0   0   3 0.00    M    M 13.0 31 240   M    M   0        42 250
24  87  47  67  -1   0   2 0.00    M    M  9.7 28 220   M    M   0        35 210
25  86  50  68   0   0   3 0.00    M    M  8.7 22 250   M    M   1        28 240
26  89  48  69   1   0   4 0.00    M    M  7.6 23 220   M    M   0        32 240
27  86  53  70   2   0   5    T    M    M 17.5 48 190   M    M   2 3      62 190
28  73  44  59  -9   6   0 0.00    M    M 13.4 29 250   M    M   0        41 240
================================================================================
SM 2176 1382        28  60  0.91     0.0 277.0          M       69
================================================================================
AV 80.6 51.2                              10.3 FASTST   M    M   3    MAX(MPH)
                                 MISC ---->  # 48 280               # 62  280
================================================================================
NOTES:
# LAST OF SEVERAL OCCURRENCES

COLUMN 17 PEAK WIND IN M.P.H.

PRELIMINARY LOCAL CLIMATOLOGICAL DATA (WS FORM: F-6) , PAGE 2

                                          STATION:  RAWLINS WYOMING AIRPORT
                                          MONTH:    JULY
                                          YEAR:     2015
                                          LATITUDE:   41 47 N
                                          LONGITUDE: 107 12 W

[TEMPERATURE DATA]      [PRECIPITATION DATA]       SYMBOLS USED IN COLUMN 16

AVERAGE MONTHLY: 65.9   TOTAL FOR MONTH:   0.91    1 = FOG OR MIST
DPTR FM NORMAL:  -1.1   DPTR FM NORMAL:    0.16    2 = FOG REDUCING VISIBILITY
HIGHEST:    90 ON  4    GRTST 24HR  0.51 ON  5- 6      TO 1/4 MILE OR LESS
LOWEST:     41 ON 20                               3 = THUNDER
                        SNOW, ICE PELLETS, HAIL    4 = ICE PELLETS
                        TOTAL MONTH:   0.0 INCH    5 = HAIL
                        GRTST 24HR     0.0         6 = FREEZING RAIN OR DRIZZLE
                        GRTST DEPTH:   0           7 = DUSTSTORM OR SANDSTORM:
                                                       VSBY 1/2 MILE OR LESS
                                                   8 = SMOKE OR HAZE
[NO. OF DAYS WITH]      [WEATHER - DAYS WITH]      9 = BLOWING SNOW
                                                   X = TORNADO
MAX 32 OR BELOW:   0    0.01 INCH OR MORE:   7
MAX 90 OR ABOVE:   1    0.10 INCH OR MORE:   3
MIN 32 OR BELOW:   0    0.50 INCH OR MORE:   0
MIN  0 OR BELOW:   0    1.00 INCH OR MORE:   0

[HDD (BASE 65) ]
TOTAL THIS MO.    28    CLEAR  (SCALE 0-3)  20
DPTR FM NORMAL    -7    PTCLDY (SCALE 4-7)   6
TOTAL FM JUL 1    28    CLOUDY (SCALE 8-10)  1
DPTR FM NORMAL    -7

[CDD (BASE 65) ]
TOTAL THIS MO.    60
DPTR FM NORMAL   -30    [PRESSURE DATA]
TOTAL FM JAN 1   121    HIGHEST SLP M ON M
DPTR FM NORMAL    12    LOWEST  SLP 29.58 ON 27

[REMARKS]
