000
CXUS55 KPIH 201200
CF6RXE

PRELIMINARY LOCAL CLIMATOLOGICAL DATA (WS FORM: F-6)

                                          STATION:   REXBURG ID
                                          MONTH:     JANUARY
                                          YEAR:      2018
                                          LATITUDE:   43 49 N
                                          LONGITUDE: 111 48 W

  TEMPERATURE IN F:       :PCPN:    SNOW:  WIND      :SUNSHINE: SKY     :PK WND
================================================================================
1   2   3   4   5  6A  6B    7    8   9   10  11  12  13   14  15   16   17  18
                                     12Z  AVG MX 2MIN
DY MAX MIN AVG DEP HDD CDD  WTR  SNW DPTH SPD SPD DIR MIN PSBL S-S WX    SPD DR
================================================================================

 1  27   2  15  -5  50   0 0.00    M    M  3.1 10  60   M    M   0        13  60
 2  25  -2  12  -8  53   0 0.00    M    M  3.3  9  70   M    M   0        11  60
 3  28   2  15  -5  50   0 0.00    M    M  2.1  7  30   M    M   2         8  70
 4  33   6  20   0  45   0 0.00    M    M  2.2  7  40   M    M   2         9  40
 5  39  19  29   9  36   0 0.00    M    M  2.6  7  50   M    M   3         9  20
 6  31  18  25   5  40   0 0.14    M    M  2.9  9 210   M    M   8 12     11 200
 7  32  26  29   9  36   0 0.00    M    M  6.3 14 230   M    M  10 12     19 230
 8  36  17  27   7  38   0 0.00    M    M  4.6  8  70   M    M   3 1      10  70
 9  38  27  33  13  32   0 0.58    M    M  4.3 15 190   M    M  10 1      22 180
10  38  25  32  12  33   0 0.22    M    M  9.2 23 210   M    M  10 12     31 190
11  35  22  29   9  36   0 0.15    M    M 10.0 20 210   M    M   7 12     28 210
12  37  32  35  15  30   0    T    M    M  9.1 21 210   M    M   8 1      28 220
13  35  23  29   9  36   0 0.00    M    M  6.0 17 230   M    M   7 1      22 210
14  37  19  28   8  37   0 0.00    M    M  1.6  7  50   M    M   1 1      10  50
15  39  17  28   8  37   0 0.00    M    M  5.4 13  60   M    M   0        17  50
16  35  11  23   3  42   0 0.00    M    M  4.7  9  50   M    M   1        14  60
17  36  20  28   8  37   0 0.00    M    M  3.7  8  80   M    M   4 1      10  80
18  44  23  34  14  31   0    T    M    M  4.7 16 300   M    M   5        24 170
19  43  29  36  16  29   0 0.02    M    M 13.8 25 220   M    M  10 1      35 220
================================================================================
SM  668  336       728   0  1.11    M     99.6          M       91
================================================================================
AV 35.2 17.7                               5.2 FASTST   M    M   5    MAX(MPH)
                                 MISC ---->  # 25 220               # 35  220
================================================================================
NOTES:
# LAST OF SEVERAL OCCURRENCES
PRECIPITATION SUSPECT DURING FREEZING/FROZEN EVENTS

COLUMN 17 PEAK WIND IN M.P.H.

PRELIMINARY LOCAL CLIMATOLOGICAL DATA (WS FORM: F-6) , PAGE 2

                                          STATION:  REXBURG ID
                                          MONTH:    JANUARY
                                          YEAR:     2018
                                          LATITUDE:   43 49 N
                                          LONGITUDE: 111 48 W

[TEMPERATURE DATA]      [PRECIPITATION DATA]       SYMBOLS USED IN COLUMN 16

AVERAGE MONTHLY: 26.4   TOTAL FOR MONTH:   1.11    1 = FOG OR MIST
DPTR FM NORMAL:   6.4   DPTR FM NORMAL:    0.59    2 = FOG REDUCING VISIBILITY
HIGHEST:    44 ON 18    GRTST 24HR  0.58 ON  9- 9      TO 1/4 MILE OR LESS
LOWEST:     -2 ON  2                               3 = THUNDER
                        SNOW, ICE PELLETS, HAIL    4 = ICE PELLETS
                        TOTAL MONTH:    M          5 = HAIL
                        GRTST 24HR    M  ON   M    6 = FREEZING RAIN OR DRIZZLE
                        GRTST DEPTH:  M  ON   M    7 = DUSTSTORM OR SANDSTORM:
                                                       VSBY 1/2 MILE OR LESS
                                                   8 = SMOKE OR HAZE
[NO. OF DAYS WITH]      [WEATHER - DAYS WITH]      9 = BLOWING SNOW
                                                   X = TORNADO
MAX 32 OR BELOW:   5    0.01 INCH OR MORE:   5
MAX 90 OR ABOVE:   0    0.10 INCH OR MORE:   4
MIN 32 OR BELOW:  19    0.50 INCH OR MORE:   1
MIN  0 OR BELOW:   1    1.00 INCH OR MORE:   0

[HDD (BASE 65) ]
TOTAL THIS MO.   728    CLEAR  (SCALE 0-3)   8
DPTR FM NORMAL  -127    PTCLDY (SCALE 4-7)   6
TOTAL FM JUL 1  3957    CLOUDY (SCALE 8-10)  5
DPTR FM NORMAL  -280

[CDD (BASE 65) ]
TOTAL THIS MO.     0
DPTR FM NORMAL     0    [PRESSURE DATA]
TOTAL FM JAN 1     0    HIGHEST SLP M ON M
DPTR FM NORMAL     0    LOWEST  SLP 29.57 ON 10

[REMARKS]
