000
CXUS55 KPIH 251200
CF6RXE

PRELIMINARY LOCAL CLIMATOLOGICAL DATA (WS FORM: F-6)

                                          STATION:   REXBURG ID
                                          MONTH:     FEBRUARY
                                          YEAR:      2017
                                          LATITUDE:   43 49 N
                                          LONGITUDE: 111 48 W

  TEMPERATURE IN F:       :PCPN:    SNOW:  WIND      :SUNSHINE: SKY     :PK WND
================================================================================
1   2   3   4   5  6A  6B    7    8   9   10  11  12  13   14  15   16   17  18
                                     12Z  AVG MX 2MIN
DY MAX MIN AVG DEP HDD CDD  WTR  SNW DPTH SPD SPD DIR MIN PSBL S-S WX    SPD DR
================================================================================

 1  24   6  15  -5  50   0    T    M    M  5.4 13  50   M    M   9 1      17  70
 2  21   8  15  -5  50   0    T    M    M  6.8 13  60   M    M   9 1      17  70
 3  36  10  23   3  42   0 0.02    M    M  7.1 16 190   M    M  10 18     23 200
 4  38  35  37  17  28   0    T    M    M 16.9 24 220   M    M   4        34 220
 5  41  35  38  18  27   0 0.00    M    M 12.0 21 200   M    M   6        29 200
 6  41  34  38  18  27   0 0.02    M    M 16.3 29 220   M    M   6        39 210
 7  36  29  33  13  32   0 0.22    M    M 10.1 26 260   M    M  10 12     36 260
 8  39  28  34  14  31   0    T    M    M 10.6 20 220   M    M   5        27 220
 9  44  35  40  20  25   0 0.12    M    M 10.9 21 190   M    M   8 1      27 190
10  40  34  37  16  28   0    T    M    M 13.9 26 210   M    M   9        35 210
11  35  22  29   8  36   0 0.00    M    M  8.1 16 220   M    M   5        23 220
12  32  15  24   3  41   0 0.00    M    M  2.8 12  70   M    M   1        16  70
13  31  12  22   1  43   0 0.00    M    M  1.7  6  60   M    M   0         M  M
14  37  13  25   3  40   0 0.00    M    M  2.7  9  50   M    M   0        11  50
15  40  14  27   5  38   0 0.00    M    M  3.4  9  40   M    M   0        11  50
16  41  20  31   9  34   0 0.01    M    M  7.5 24 180   M    M   7 1      32 180
17  41  24  33  11  32   0 0.12    M    M  5.4 12 210   M    M   3 1      16 190
18  46  34  40  17  25   0 0.08    M    M  8.2 20 190   M    M  10        30 180
19  41  32  37  14  28   0 0.22    M    M 12.7 29 230   M    M   8 1      35 230
20  43  31  37  13  28   0 0.04    M    M 10.9 28 200   M    M   9        40 210
21  44  33  39  15  26   0 0.16    M    M 17.5 39 250   M    M   6 1      49 240
22  38  27  33   9  32   0 0.00    M    M 10.5 23 210   M    M   2        30 200
23  30  23  27   2  38   0 0.03    M    0  9.2 16 190   M    M   8 1      22 180
24  23  19  21  -4  44   0 0.03    M    M 13.0 20 200   M    M  10 18     27 200
================================================================================
SM  882  573       825   0  1.07    M    223.6          M      145
================================================================================
AV 36.8 23.9                               9.3 FASTST   M    M   6    MAX(MPH)
                                 MISC ---->  # 39 250               # 49  240
================================================================================
NOTES:
# LAST OF SEVERAL OCCURRENCES
PRECIPITATION SUSPECT DURING FREEZING/FROZEN EVENTS

COLUMN 17 PEAK WIND IN M.P.H.

PRELIMINARY LOCAL CLIMATOLOGICAL DATA (WS FORM: F-6) , PAGE 2

                                          STATION:  REXBURG ID
                                          MONTH:    FEBRUARY
                                          YEAR:     2017
                                          LATITUDE:   43 49 N
                                          LONGITUDE: 111 48 W

[TEMPERATURE DATA]      [PRECIPITATION DATA]       SYMBOLS USED IN COLUMN 16

AVERAGE MONTHLY: 30.3   TOTAL FOR MONTH:   1.07    1 = FOG OR MIST
DPTR FM NORMAL:   8.6   DPTR FM NORMAL:    0.36    2 = FOG REDUCING VISIBILITY
HIGHEST:    46 ON 18    GRTST 24HR  0.26 ON 18-19      TO 1/4 MILE OR LESS
LOWEST:      6 ON  1                               3 = THUNDER
                        SNOW, ICE PELLETS, HAIL    4 = ICE PELLETS
                        TOTAL MONTH:    M          5 = HAIL
                        GRTST 24HR    M  ON   M    6 = FREEZING RAIN OR DRIZZLE
                        GRTST DEPTH:   0           7 = DUSTSTORM OR SANDSTORM:
                                                       VSBY 1/2 MILE OR LESS
                                                   8 = SMOKE OR HAZE
[NO. OF DAYS WITH]      [WEATHER - DAYS WITH]      9 = BLOWING SNOW
                                                   X = TORNADO
MAX 32 OR BELOW:   6    0.01 INCH OR MORE:  12
MAX 90 OR ABOVE:   0    0.10 INCH OR MORE:   5
MIN 32 OR BELOW:  17    0.50 INCH OR MORE:   0
MIN  0 OR BELOW:   0    1.00 INCH OR MORE:   0

[HDD (BASE 65) ]
TOTAL THIS MO.   825    CLEAR  (SCALE 0-3)   6
DPTR FM NORMAL  -215    PTCLDY (SCALE 4-7)   9
TOTAL FM JUL 1  5609    CLOUDY (SCALE 8-10)  9
DPTR FM NORMAL  -208

[CDD (BASE 65) ]
TOTAL THIS MO.     0
DPTR FM NORMAL     0    [PRESSURE DATA]
TOTAL FM JAN 1     0    HIGHEST SLP M ON M
DPTR FM NORMAL     0    LOWEST  SLP 29.46 ON 19

[REMARKS]
