132
CXUS56 KSTO 261355
CF6SAC
PRELIMINARY LOCAL CLIMATOLOGICAL DATA (WS FORM: F-6)

                                          STATION:   SACRAMENTO EXEC. AIRPORT CA
                                          MONTH:     JULY
                                          YEAR:      2016
                                          LATITUDE:   38 31 N
                                          LONGITUDE: 121 30 W

  TEMPERATURE IN F:       :PCPN:    SNOW:  WIND      :SUNSHINE: SKY     :PK WND
================================================================================
1   2   3   4   5  6A  6B    7    8   9   10  11  12  13   14  15   16   17  18
                                     12Z  AVG MX 2MIN
DY MAX MIN AVG DEP HDD CDD  WTR  SNW DPTH SPD SPD DIR MIN PSBL S-S WX    SPD DR
================================================================================

 1  93  62  78   4   0  13 0.00  0.0    0  7.0 15 220   M    M   0        19 220
 2  88  61  75   1   0  10 0.00  0.0    0  9.7 20 230   M    M   0        23 230
 3  90  58  74   0   0   9 0.00  0.0    0  8.9 18 230   M    M   0        26 240
 4  86  57  72  -2   0   7 0.00  0.0    0  9.5 17 220   M    M   0        23 230
 5  83  56  70  -5   0   5 0.00  0.0    0  9.8 15 200   M    M   1        21 190
 6  85  55  70  -5   0   5 0.00  0.0    0  8.5 17 220   M    M   0        23 230
 7  83  57  70  -5   0   5 0.00  0.0    0  9.4 17 220   M    M   0        21 230
 8  88  57  73  -2   0   8 0.00  0.0    0  7.9 15 220   M    M   0        20 220
 9  85  59  72  -3   0   7 0.00  0.0    0 10.6 26 210   M    M   0        34 200
10  85  55  70  -5   0   5 0.00  0.0    0  6.0 14 320   M    M   0 8      18 340
11  91  57  74  -1   0   9 0.00  0.0    0  6.5 16 230   M    M   0        22 220
12  90  59  75   0   0  10 0.00  0.0    0  6.4 14 230   M    M   0        19 190
13  99  59  79   4   0  14 0.00  0.0    0  4.6 14 230   M    M   0        18 240
14 100  62  81   6   0  16 0.00  0.0    0  4.2 13 220   M    M   0        18 230
15  96  60  78   2   0  13 0.00  0.0    0  6.9 15 230   M    M   0        22 240
16  89  57  73  -3   0   8 0.00  0.0    0  9.1 15 210   M    M   0        20 210
17  84  56  70  -6   0   5 0.00  0.0    0 11.8 22 230   M    M   0        28 230
18  82  56  69  -7   0   4 0.00  0.0    0 10.8 18 220   M    M   1        25 220
19  87  56  72  -4   0   7 0.00  0.0    0  8.1 18 220   M    M   0        23 220
20  91  59  75  -1   0  10 0.00  0.0    0  5.8 14 220   M    M   0        20 210
21  90  57  74  -2   0   9 0.00  0.0    0  7.9 21 230   M    M   0        25 210
22  95  57  76   0   0  11 0.00  0.0    0  4.2 12 220   M    M   0        15 220
23 102  58  80   4   0  15 0.00  0.0    0  4.2 14 230   M    M   0        17 220
24 102  65  84   8   0  19 0.00  0.0    0  6.6 15 240   M    M   0        19 210
25  99  60  80   4   0  15 0.00  0.0    0  7.3 17 210   M    M   0        23 200
================================================================================
SM 2263 1455         0 239  0.00     0.0 191.7          M        2
================================================================================
AV 90.5 58.2                               7.7 FASTST   M    M   0    MAX(MPH)
                                 MISC ---->  # 26 210               # 34  200
================================================================================
NOTES:
# LAST OF SEVERAL OCCURRENCES

COLUMN 17 PEAK WIND IN M.P.H.

PRELIMINARY LOCAL CLIMATOLOGICAL DATA (WS FORM: F-6) , PAGE 2

                                          STATION:  SACRAMENTO EXEC. AIRPORT CA
                                          MONTH:    JULY
                                          YEAR:     2016
                                          LATITUDE:   38 31 N
                                          LONGITUDE: 121 30 W

[TEMPERATURE DATA]      [PRECIPITATION DATA]       SYMBOLS USED IN COLUMN 16

AVERAGE MONTHLY: 74.4   TOTAL FOR MONTH:   0.00    1 = FOG OR MIST
DPTR FM NORMAL:  -0.9   DPTR FM NORMAL:    0.00    2 = FOG REDUCING VISIBILITY
HIGHEST:   102 ON 24,23 GRTST 24HR  0.00 ON 25-25      TO 1/4 MILE OR LESS
LOWEST:     55 ON 10, 6                            3 = THUNDER
                        SNOW, ICE PELLETS, HAIL    4 = ICE PELLETS
                        TOTAL MONTH:   0.0 INCH    5 = HAIL
                        GRTST 24HR     0.0         6 = FREEZING RAIN OR DRIZZLE
                        GRTST DEPTH:   0           7 = DUSTSTORM OR SANDSTORM:
                                                       VSBY 1/2 MILE OR LESS
                                                   8 = SMOKE OR HAZE
[NO. OF DAYS WITH]      [WEATHER - DAYS WITH]      9 = BLOWING SNOW
                                                   X = TORNADO
MAX 32 OR BELOW:   0    0.01 INCH OR MORE:   0
MAX 90 OR ABOVE:  13    0.10 INCH OR MORE:   0
MIN 32 OR BELOW:   0    0.50 INCH OR MORE:   0
MIN  0 OR BELOW:   0    1.00 INCH OR MORE:   0

[HDD (BASE 65) ]
TOTAL THIS MO.     0    CLEAR  (SCALE 0-3)  25
DPTR FM NORMAL     0    PTCLDY (SCALE 4-7)   0
TOTAL FM JUL 1     0    CLOUDY (SCALE 8-10)  0
DPTR FM NORMAL     0

[CDD (BASE 65) ]
TOTAL THIS MO.   239
DPTR FM NORMAL   -18    [PRESSURE DATA]
TOTAL FM JAN 1   687    HIGHEST SLP M ON M
DPTR FM NORMAL   124    LOWEST  SLP 29.73 ON  1

[REMARKS]
