475
CXUS56 KSGX 251545
CF6SAN
PRELIMINARY LOCAL CLIMATOLOGICAL DATA (WS FORM: F-6)

                                          STATION:   SAN DIEGO INTL AIRPORT  CA
                                          MONTH:     MAY
                                          YEAR:      2016
                                          LATITUDE:   32 43 N
                                          LONGITUDE: 117 10 W

  TEMPERATURE IN F:       :PCPN:    SNOW:  WIND      :SUNSHINE: SKY     :PK WND
================================================================================
1   2   3   4   5  6A  6B    7    8   9   10  11  12  13   14  15   16   17  18
                                     12Z  AVG MX 2MIN
DY MAX MIN AVG DEP HDD CDD  WTR  SNW DPTH SPD SPD DIR MIN PSBL S-S WX    SPD DR
================================================================================

 1  68  59  64   1   1   0 0.00  0.0    0  5.9 14 220   M    M   6        17 220
 2  70  58  64   1   1   0 0.00  0.0    0  7.1 17 290   M    M   4        22 290
 3  70  59  65   2   0   0 0.00  0.0    0  5.6 14 270   M    M   5        18 280
 4  67  61  64   1   1   0 0.00  0.0    0  5.3 14 210   M    M   8        18 250
 5  67  60  64   1   1   0 0.09  0.0    0  6.1 20 220   M    M   9        24 240
 6  71  59  65   1   0   0 0.34  0.0    0  6.1 15 240   M    M   8        23 220
 7  69  59  64   0   1   0 0.00  0.0    0  5.7 16 250   M    M   7        20 250
 8  71  60  66   2   0   1    T  0.0    0  5.7 15 290   M    M   6        23 270
 9  71  62  67   3   0   2    T  0.0    0  6.8 16 280   M    M   7        24 290
10  71  63  67   3   0   2 0.00  0.0    0  6.2 15 280   M    M   8        20 280
11  71  63  67   3   0   2 0.00  0.0    0  8.1 16 290   M    M   9        25 290
12  70  62  66   2   0   1 0.00  0.0    0  5.9 14 280   M    M   8        16 300
13  70  62  66   2   0   1 0.00  0.0    0  5.4 13 290   M    M   8        17 290
14  64  62  63  -1   2   0 0.00  0.0    0  5.6  9 170   M    M   9        14 260
15  68  62  65   1   0   0    T  0.0    0  9.6 14 260   M    M   8        20 180
16  68  61  65   1   0   0 0.00  0.0    0  7.5 14 230   M    M   8        18 240
17  66  63  65   1   0   0 0.00  0.0    0  5.7 10 270   M    M  10        14 270
18  72  62  67   3   0   2 0.00  0.0    0  6.3 15 300   M    M   9        18 290
19  69  62  66   2   0   1    T  0.0    0  6.2 13 220   M    M   9        18 270
20  66  62  64   0   1   0    T  0.0    0  9.1 15 240   M    M   8        18 240
21  67  60  64   0   1   0 0.00  0.0    0  8.6 14 280   M    M   7        22 250
22  70  60  65   1   0   0    T  0.0    0  6.0 15 250   M    M   6        23 290
23  67  60  64   0   1   0 0.00  0.0    0  7.7 15 220   M    M   7        20 240
24  68  63  66   2   0   1    T  0.0    0  8.5 14 260   M    M   8        18 270
================================================================================
SM 1651 1464        10  13  0.43     0.0 160.7          M      182
================================================================================
AV 68.8 61.0                               6.7 FASTST   M    M   8    MAX(MPH)
                                 MISC ---->  # 20 220               # 25  290
================================================================================
NOTES:
# LAST OF SEVERAL OCCURRENCES

COLUMN 17 PEAK WIND IN M.P.H.

PRELIMINARY LOCAL CLIMATOLOGICAL DATA (WS FORM: F-6) , PAGE 2

                                          STATION:  SAN DIEGO INTL AIRPORT  CA
                                          MONTH:    MAY
                                          YEAR:     2016
                                          LATITUDE:   32 43 N
                                          LONGITUDE: 117 10 W

[TEMPERATURE DATA]      [PRECIPITATION DATA]       SYMBOLS USED IN COLUMN 16

AVERAGE MONTHLY: 64.9   TOTAL FOR MONTH:   0.43    1 = FOG OR MIST
DPTR FM NORMAL:   1.1   DPTR FM NORMAL:    0.33    2 = FOG REDUCING VISIBILITY
HIGHEST:    72 ON 18    GRTST 24HR  0.43 ON  5- 6      TO 1/4 MILE OR LESS
LOWEST:     58 ON  2                               3 = THUNDER
                        SNOW, ICE PELLETS, HAIL    4 = ICE PELLETS
                        TOTAL MONTH:   0.0 INCH    5 = HAIL
                        GRTST 24HR     0.0         6 = FREEZING RAIN OR DRIZZLE
                        GRTST DEPTH:   0           7 = DUSTSTORM OR SANDSTORM:
                                                       VSBY 1/2 MILE OR LESS
                                                   8 = SMOKE OR HAZE
[NO. OF DAYS WITH]      [WEATHER - DAYS WITH]      9 = BLOWING SNOW
                                                   X = TORNADO
MAX 32 OR BELOW:   0    0.01 INCH OR MORE:   2
MAX 90 OR ABOVE:   0    0.10 INCH OR MORE:   1
MIN 32 OR BELOW:   0    0.50 INCH OR MORE:   0
MIN  0 OR BELOW:   0    1.00 INCH OR MORE:   0

[HDD (BASE 65) ]
TOTAL THIS MO.    10    CLEAR  (SCALE 0-3)   0
DPTR FM NORMAL   -40    PTCLDY (SCALE 4-7)  14
TOTAL FM JUL 1   646    CLOUDY (SCALE 8-10) 10
DPTR FM NORMAL  -553

[CDD (BASE 65) ]
TOTAL THIS MO.    13
DPTR FM NORMAL   -11    [PRESSURE DATA]
TOTAL FM JAN 1   112    HIGHEST SLP M ON M
DPTR FM NORMAL    64    LOWEST  SLP 29.81 ON 20

[REMARKS]
