000
CXUS55 KLOX 291155
CF6SBP
PRELIMINARY LOCAL CLIMATOLOGICAL DATA (WS FORM: F-6)

                                          STATION:   SAN LUIS OBISPO AIRPORT CA
                                          MONTH:     JULY
                                          YEAR:      2016
                                          LATITUDE:   35 13 N
                                          LONGITUDE: 120 38 W

  TEMPERATURE IN F:       :PCPN:    SNOW:  WIND      :SUNSHINE: SKY     :PK WND
================================================================================
1   2   3   4   5  6A  6B    7    8   9   10  11  12  13   14  15   16   17  18
                                     12Z  AVG MX 2MIN
DY MAX MIN AVG DEP HDD CDD  WTR  SNW DPTH SPD SPD DIR MIN PSBL S-S WX    SPD DR
================================================================================

 1  74  55  65   1   0   0 0.00  0.0    0  5.8 15 220   M    M   5 18     18 210
 2  79  56  68   3   0   3 0.00  0.0    0  6.6 16 300   M    M   5 1      19 290
 3  78  56  67   2   0   2 0.00  0.0    0  7.3 16 320   M    M   4 1      19 320
 4  76  53  65   0   0   0 0.00  0.0    0  8.0 17 310   M    M   2        22 310
 5  77  58  68   3   0   3 0.00  0.0    0  7.8 21 300   M    M   6        24 290
 6  76  57  67   2   0   2 0.00  0.0    0  7.7 20 300   M    M   6        23 300
 7  76  57  67   2   0   2 0.00  0.0    0  9.2 21 300   M    M   5 18     26 310
 8  78  56  67   2   0   2 0.00  0.0    0  7.1  M   M   M    M   4 1       M  M
 9  86  56  71   6   0   6 0.00  0.0    0  8.8 24 310   M    M   3 1      29 310
10  79  54  67   2   0   2 0.00  0.0    0 11.8 28 320   M    M   0        34 320
11  77  53  65   0   0   0 0.00  0.0    0  9.9 24 310   M    M   0 1      29 310
12  84  55  70   5   0   5 0.00  0.0    0  7.5 22 310   M    M   4        25 320
13  79  52  66   1   0   1 0.00  0.0    0  5.8 17 300   M    M   1 18     20 310
14  83  54  69   3   0   4 0.00  0.0    0  5.2 14 280   M    M   4 1      16 290
15  80  54  67   1   0   2 0.00  0.0    0  4.9 13 310   M    M   5 18     18 280
16  75  56  66   0   0   1 0.00  0.0    0  5.6 14 310   M    M   5 8      16 310
17  77  56  67   1   0   2 0.00  0.0    0  5.6 15 320   M    M   5 18     18 310
18  79  56  68   2   0   3 0.00  0.0    0  7.5 21 310   M    M   4        24 310
19  79  52  66   0   0   1 0.00  0.0    0  6.9 21 320   M    M   2 1      24 310
20  85  52  69   3   0   4 0.00  0.0    0  6.9 23 310   M    M   0        25 310
21  88  53  71   5   0   6 0.00  0.0    0  9.3 22 310   M    M   1 1      27 310
22  85  56  71   5   0   6 0.00  0.0    0  9.6 26 320   M    M   0        32 320
23  84  56  70   4   0   5 0.00  0.0    0 10.0 28 310   M    M   0        32 320
24  88  55  72   6   0   7 0.00  0.0    0  4.5 13 300   M    M   0 18     17 250
25  81  52  67   1   0   2 0.00  0.0    0  4.6 13 300   M    M   3 12     16 320
26  86  52  69   3   0   4 0.00  0.0    0  4.8 16 300   M    M   2 1      21 320
27  86  56  71   5   0   6 0.00  0.0    0  4.7 14 320   M    M   0        16 310
28  83  55  69   3   0   4 0.00  0.0    0  6.0 15 300   M    M   3 18     18 310
================================================================================
SM 2258 1533         0  85  0.00     0.0 199.4          M       79
================================================================================
AV 80.6 54.8                               7.1 FASTST   M    M   3    MAX(MPH)
                                 MISC ---->  # 28 320               # 34  320
================================================================================
NOTES:
# LAST OF SEVERAL OCCURRENCES

COLUMN 17 PEAK WIND IN M.P.H.

PRELIMINARY LOCAL CLIMATOLOGICAL DATA (WS FORM: F-6) , PAGE 2

                                          STATION:  SAN LUIS OBISPO AIRPORT CA
                                          MONTH:    JULY
                                          YEAR:     2016
                                          LATITUDE:   35 13 N
                                          LONGITUDE: 120 38 W

[TEMPERATURE DATA]      [PRECIPITATION DATA]       SYMBOLS USED IN COLUMN 16

AVERAGE MONTHLY: 67.7   TOTAL FOR MONTH:   0.00    1 = FOG OR MIST
DPTR FM NORMAL:   2.2   DPTR FM NORMAL:   -0.02    2 = FOG REDUCING VISIBILITY
HIGHEST:    88 ON 24,21 GRTST 24HR  0.00 ON 28-28      TO 1/4 MILE OR LESS
LOWEST:     52 ON 26,25                            3 = THUNDER
                        SNOW, ICE PELLETS, HAIL    4 = ICE PELLETS
                        TOTAL MONTH:   0.0 INCH    5 = HAIL
                        GRTST 24HR     0.0         6 = FREEZING RAIN OR DRIZZLE
                        GRTST DEPTH:   0           7 = DUSTSTORM OR SANDSTORM:
                                                       VSBY 1/2 MILE OR LESS
                                                   8 = SMOKE OR HAZE
[NO. OF DAYS WITH]      [WEATHER - DAYS WITH]      9 = BLOWING SNOW
                                                   X = TORNADO
MAX 32 OR BELOW:   0    0.01 INCH OR MORE:   0
MAX 90 OR ABOVE:   0    0.10 INCH OR MORE:   0
MIN 32 OR BELOW:   0    0.50 INCH OR MORE:   0
MIN  0 OR BELOW:   0    1.00 INCH OR MORE:   0

[HDD (BASE 65) ]
TOTAL THIS MO.     0    CLEAR  (SCALE 0-3)  15
DPTR FM NORMAL   -28    PTCLDY (SCALE 4-7)  13
TOTAL FM JUL 1     0    CLOUDY (SCALE 8-10)  0
DPTR FM NORMAL   -28

[CDD (BASE 65) ]
TOTAL THIS MO.    85
DPTR FM NORMAL    42    [PRESSURE DATA]
TOTAL FM JAN 1   243    HIGHEST SLP M ON M
DPTR FM NORMAL   154    LOWEST  SLP 29.75 ON 23

[REMARKS]
