000
CXUS56 KSTO 211425
CF6SCK
PRELIMINARY LOCAL CLIMATOLOGICAL DATA (WS FORM: F-6)

                                          STATION:   STOCKTON AIRPORT CA
                                          MONTH:     NOVEMBER
                                          YEAR:      2017
                                          LATITUDE:   37 54 N
                                          LONGITUDE: 121 15 W

  TEMPERATURE IN F:       :PCPN:    SNOW:  WIND      :SUNSHINE: SKY     :PK WND
================================================================================
1   2   3   4   5  6A  6B    7    8   9   10  11  12  13   14  15   16   17  18
                                     12Z  AVG MX 2MIN
DY MAX MIN AVG DEP HDD CDD  WTR  SNW DPTH SPD SPD DIR MIN PSBL S-S WX    SPD DR
================================================================================

 1  73  44  59   1   6   0 0.00  0.0    0  2.9 10 310   M    M   0        23 160
 2  66  46  56  -2   9   0 0.00  0.0    0  3.4  8 130   M    M   7        27 150
 3  69  55  62   5   3   0 0.01  0.0    0  6.9 20 160   M    M   9 18     23 140
 4  66  49  58   1   7   0    T  0.0    0  8.4 16 300   M    M   8        19 270
 5  64  39  52  -5  13   0 0.00  0.0    0  4.9 12 280   M    M   0        15 270
 6  68  38  53  -3  12   0 0.00  0.0    0  4.6 13 330   M    M   1        16 310
 7  68  35  52  -4  13   0 0.00  0.0    0  2.2  7 100   M    M   0        10 190
 8  65  45  55  -1  10   0 0.02    M    0  7.5 17 150   M    M   1        21 150
 9  71  50  61   6   4   0 0.02  0.0    0  6.4 17 250   M    M   6 1      20 250
10  72  47  60   5   5   0    T    M    0  4.0 18 300   M    M   3        20 310
11  69  42  56   2   9   0 0.00  0.0    0  3.2 12 320   M    M   2 12     14 340
12  70  42  56   2   9   0 0.00  0.0    0  0.9  7 350   M    M   0        11 310
13  74  43  59   5   6   0 0.05    M    0  4.4 15 310   M    M   5 1      17 310
14  70  50  60   7   5   0 0.02  0.0    0  4.8 13 350   M    M   3 18     16 330
15  66  50  58   5   7   0 0.01  0.0    0  6.2 16 160   M    M   5        20 170
16  65  55  60   7   5   0 0.51  0.0    0  7.1 21 160   M    M  10 1      25 160
17  64  44  54   2  11   0 0.02  0.0    0  9.0 16 340   M    M   2 1      20 300
18  64  37  51  -1  14   0 0.00  0.0    0  3.0  9 260   M    M   0        11 270
19  64  37  51  -1  14   0 0.00  0.0    0  2.5  8 270   M    M   0 18     10  20
20  66  52  59   8   6   0 0.00  0.0    0  5.2 14 150   M    M   7 18     18 150
================================================================================
SM 1354  900       168   0  0.66     0.0  97.5          M       69
================================================================================
AV 67.7 45.0                               4.9 FASTST   M    M   3    MAX(MPH)
                                 MISC ---->  # 21 160               # 27  150
================================================================================
NOTES:
# LAST OF SEVERAL OCCURRENCES

COLUMN 17 PEAK WIND IN M.P.H.

PRELIMINARY LOCAL CLIMATOLOGICAL DATA (WS FORM: F-6) , PAGE 2

                                          STATION:  STOCKTON AIRPORT CA
                                          MONTH:    NOVEMBER
                                          YEAR:     2017
                                          LATITUDE:   37 54 N
                                          LONGITUDE: 121 15 W

[TEMPERATURE DATA]      [PRECIPITATION DATA]       SYMBOLS USED IN COLUMN 16

AVERAGE MONTHLY: 56.4   TOTAL FOR MONTH:   0.66    1 = FOG OR MIST
DPTR FM NORMAL:   1.7   DPTR FM NORMAL:   -0.43    2 = FOG REDUCING VISIBILITY
HIGHEST:    74 ON 13    GRTST 24HR  0.51 ON 16-16      TO 1/4 MILE OR LESS
LOWEST:     35 ON  7                               3 = THUNDER
                        SNOW, ICE PELLETS, HAIL    4 = ICE PELLETS
                        TOTAL MONTH:   0.0 INCH    5 = HAIL
                        GRTST 24HR     0.0         6 = FREEZING RAIN OR DRIZZLE
                        GRTST DEPTH:   0           7 = DUSTSTORM OR SANDSTORM:
                                                       VSBY 1/2 MILE OR LESS
                                                   8 = SMOKE OR HAZE
[NO. OF DAYS WITH]      [WEATHER - DAYS WITH]      9 = BLOWING SNOW
                                                   X = TORNADO
MAX 32 OR BELOW:   0    0.01 INCH OR MORE:   8
MAX 90 OR ABOVE:   0    0.10 INCH OR MORE:   1
MIN 32 OR BELOW:   0    0.50 INCH OR MORE:   1
MIN  0 OR BELOW:   0    1.00 INCH OR MORE:   0

[HDD (BASE 65) ]
TOTAL THIS MO.   168    CLEAR  (SCALE 0-3)  11
DPTR FM NORMAL   -39    PTCLDY (SCALE 4-7)   6
TOTAL FM JUL 1   220    CLOUDY (SCALE 8-10)  3
DPTR FM NORMAL   -84

[CDD (BASE 65) ]
TOTAL THIS MO.     0
DPTR FM NORMAL     0    [PRESSURE DATA]
TOTAL FM JAN 1  1796    HIGHEST SLP M ON M
DPTR FM NORMAL   476    LOWEST  SLP 29.81 ON 15

[REMARKS]
