000
CXUS55 KLOX 291655
CF6SDB
PRELIMINARY LOCAL CLIMATOLOGICAL DATA (WS FORM: F-6)

                                          STATION:   SANDBERG CA
                                          MONTH:     APRIL
                                          YEAR:      2016
                                          LATITUDE:   34 45 N
                                          LONGITUDE: 118 44 W

  TEMPERATURE IN F:       :PCPN:    SNOW:  WIND      :SUNSHINE: SKY     :PK WND
================================================================================
1   2   3   4   5  6A  6B    7    8   9   10  11  12  13   14  15   16   17  18
                                     12Z  AVG MX 2MIN
DY MAX MIN AVG DEP HDD CDD  WTR  SNW DPTH SPD SPD DIR MIN PSBL S-S WX    SPD DR
================================================================================

 1  72  46  59  11   6   0 0.00  0.0    0 12.3 24  80   M    M   0        32  80
 2  74  53  64  16   1   0 0.00  0.0    0  9.3 18 220   M    M   0        25 210
 3  73  55  64  16   1   0 0.00  0.0    0 11.8 24 330   M    M   0        31 330
 4  67  52  60  12   5   0 0.00  0.0    0 16.3 37 340   M    M   0        45 340
 5  80  50  65  17   0   0 0.00  0.0    0 10.7 29 340   M    M   0        36 350
 6  81  59  70  22   0   5 0.00  0.0    0 19.2 36  80   M    M   0        46 100
 7  63  51  57   8   8   0 0.14  0.0    0  9.6 23 160   M    M   5 1      28 140
 8  54  47  51   2  14   0 0.05    M    0 11.8 22 190   M    M  10 128    29 180
 9  51  45  48  -1  17   0 0.16    M    0 10.9 23 170   M    M  10 128    32 180
10  59  45  52   3  13   0 0.04    M    0 10.0 21 350   M    M   9 128    36  30
11  61  46  54   5  11   0    T    M    0  7.2 14 320   M    M   6 128    17 180
12  67  48  58   9   7   0 0.00  0.0    0 12.8 21 340   M    M   4 128    27 340
13  62  49  56   6   9   0 0.00  0.0    0 17.8 40 340   M    M   3 128    53 330
14  57  42  50   0  15   0 0.00  0.0    0 23.7 41 320   M    M   2        50 340
15  53  36  45  -5  20   0 0.02    M    0 16.7 36 320   M    M   5 128    43 320
16  75  43  59   9   6   0 0.00  0.0    0 11.9 21  70   M    M   0        32  70
17  76  54  65  15   0   0 0.00  0.0    0 15.6 36  70   M    M   0        47  80
18  81  59  70  19   0   5 0.00  0.0    0 10.4 20 110   M    M   0        26 130
19  78  60  69  18   0   4 0.00  0.0    0 12.5 26 220   M    M   0        35 190
20  77  56  67  16   0   2 0.00  0.0    0 11.9 23 170   M    M   0        31 160
21  79  54  67  16   0   2 0.00  0.0    0 11.9 21 180   M    M   0        30 150
22  68  44  56   4   9   0 0.00  0.0    0 16.0 37 330   M    M   2 8      48 340
23  62  40  51  -1  14   0 0.00  0.0    0 15.4 43 330   M    M   4 18     50 340
24  61  43  52   0  13   0 0.00  0.0    0 22.1 37 340   M    M   1        45 350
25   M   M   M   M   M   M 0.03    M    0 19.2 30 340   M    M   3 1      39 340
26   M   M   M   M   M   M    M    M    M   M   M   M   M    M   M         M  M
27  62  36  49  -4  16   0 0.01    M    M 19.9 37 350   M    M   1 18     51 340
28  53  38  46  -7  19   0 0.00  0.0    0 18.0 39 330   M    M   7 128    53 330
================================================================================
SM 1746 1251       204  18  0.45     0.0 384.8          M       72
================================================================================
AV 67.2 48.1                              14.3 FASTST   M    M   3    MAX(MPH)
                                 MISC ---->    43   M                 53    M
================================================================================
NOTES:
# LAST OF SEVERAL OCCURRENCES

COLUMN 17 PEAK WIND IN M.P.H.

PRELIMINARY LOCAL CLIMATOLOGICAL DATA (WS FORM: F-6) , PAGE 2

                                          STATION:  SANDBERG CA
                                          MONTH:    APRIL
                                          YEAR:     2016
                                          LATITUDE:   34 45 N
                                          LONGITUDE: 118 44 W

[TEMPERATURE DATA]      [PRECIPITATION DATA]       SYMBOLS USED IN COLUMN 16

AVERAGE MONTHLY: 57.6   TOTAL FOR MONTH:   0.45    1 = FOG OR MIST
DPTR FM NORMAL:   7.5   DPTR FM NORMAL:   -0.15    2 = FOG REDUCING VISIBILITY
HIGHEST:    81 ON 18, 6 GRTST 24HR  0.18 ON  8- 9      TO 1/4 MILE OR LESS
LOWEST:     36 ON 27,15                            3 = THUNDER
                        SNOW, ICE PELLETS, HAIL    4 = ICE PELLETS
                        TOTAL MONTH:   0.0 INCH    5 = HAIL
                        GRTST 24HR     0.0         6 = FREEZING RAIN OR DRIZZLE
                        GRTST DEPTH:   0           7 = DUSTSTORM OR SANDSTORM:
                                                       VSBY 1/2 MILE OR LESS
                                                   8 = SMOKE OR HAZE
[NO. OF DAYS WITH]      [WEATHER - DAYS WITH]      9 = BLOWING SNOW
                                                   X = TORNADO
MAX 32 OR BELOW:   0    0.01 INCH OR MORE:   7
MAX 90 OR ABOVE:   0    0.10 INCH OR MORE:   2
MIN 32 OR BELOW:   0    0.50 INCH OR MORE:   0
MIN  0 OR BELOW:   0    1.00 INCH OR MORE:   0

[HDD (BASE 65) ]
TOTAL THIS MO.   204    CLEAR  (SCALE 0-3)  18
DPTR FM NORMAL  -218    PTCLDY (SCALE 4-7)   6
TOTAL FM JUL 1  2849    CLOUDY (SCALE 8-10)  3
DPTR FM NORMAL  -902

[CDD (BASE 65) ]
TOTAL THIS MO.    18
DPTR FM NORMAL    18    [PRESSURE DATA]
TOTAL FM JAN 1    19    HIGHEST SLP M ON M
DPTR FM NORMAL    18    LOWEST  SLP 29.69 ON 27

[REMARKS]
