000
CXUS55 KLOX 261655
CF6SDB
PRELIMINARY LOCAL CLIMATOLOGICAL DATA (WS FORM: F-6)

                                          STATION:   SANDBERG CA
                                          MONTH:     DECEMBER
                                          YEAR:      2014
                                          LATITUDE:   34 45 N
                                          LONGITUDE: 118 44 W

  TEMPERATURE IN F:       :PCPN:    SNOW:  WIND      :SUNSHINE: SKY     :PK WND
================================================================================
1   2   3   4   5  6A  6B    7    8   9   10  11  12  13   14  15   16   17  18
                                     12Z  AVG MX 2MIN
DY MAX MIN AVG DEP HDD CDD  WTR  SNW DPTH SPD SPD DIR MIN PSBL S-S WX    SPD DR
================================================================================

 1  55  46  51   7  14   0 0.00  0.0    0  8.7 18 200   M    M   5 128    24 220
 2  49  45  47   3  18   0 1.49    M    0 13.0 23 100   M    M   9 12     30  90
 3  54  46  50   6  15   0 0.58    M    0  8.1 18 200   M    M  10 12     23 180
 4  55  46  51   8  14   0 0.00  0.0    0  8.5 16 180   M    M   4 12     23 180
 5  51  46  49   6  16   0 0.00  0.0    0  6.0 17  80   M    M   4 128    20  80
 6  61  46  54  11  11   0 0.00  0.0    0  8.9 18  80   M    M   1 128    23  70
 7  58  48  53  10  12   0 0.00  0.0    0 15.2 22  80   M    M   0        27  70
 8  61  49  55  12  10   0 0.00  0.0    0 12.4 20  80   M    M   0        24  70
 9  64  48  56  14   9   0 0.00  0.0    0  9.3 17  70   M    M   0        22  70
10  62  51  57  15   8   0 0.00  0.0    0 10.6 18  70   M    M   0        24  70
11  53  46  50   8  15   0 0.47  0.0    0 15.9 28 200   M    M   6 128    38 190
12  46  38  42   0  23   0 1.55    M    0  7.8 13 320   M    M   4 12      M  M
13  45  37  41  -1  24   0 0.02    M    0 13.5 35 330   M    M   3 1      41 330
14  50  40  45   3  20   0 0.00  0.0    0  5.7 13  80   M    M   0        16  80
15  49  38  44   2  21   0 0.02    M    0   M   M   M   M    M   3 12      M  M
16  50  40  45   3  20   0 0.06    M    0  7.0 20 200   M    M  10 128    27 210
17  45  37  41  -1  24   0 0.06    M    0 13.4 31 320   M    M   4 128    37 330
18  49  37  43   1  22   0    T    M    0  6.9 15 310   M    M   4        20 310
19  52  40  46   4  19   0 0.00  0.0    0  7.3 22 330   M    M   0        26 340
20  52  44  48   6  17   0 0.03    M    0 23.3 47 340   M    M   5 128    55 340
21  52  44  48   6  17   0 0.00  0.0    0 25.5 52 350   M    M   8 128    60 330
22  61  48  55  13  10   0 0.00  0.0    0 18.9 49 330   M    M   2 8      62 340
23  62  51  57  15   8   0 0.00  0.0    0 16.3 25  80   M    M   0        33  80
24  61  38  50   8  15   0 0.01    M    0 11.5 31 330   M    M   1 1      41 340
25  41  31  36  -6  29   0 0.01    M    0 19.5 46 340   M    M   4 12     62 340
================================================================================
SM 1338 1080       411   0  4.30     0.0 293.2          M       87
================================================================================
AV 53.5 43.2                              12.2 FASTST   M    M   3    MAX(MPH)
                                 MISC ---->  # 52 350               # 62  340
================================================================================
NOTES:
# LAST OF SEVERAL OCCURRENCES

COLUMN 17 PEAK WIND IN M.P.H.

PRELIMINARY LOCAL CLIMATOLOGICAL DATA (WS FORM: F-6) , PAGE 2

                                          STATION:  SANDBERG CA
                                          MONTH:    DECEMBER
                                          YEAR:     2014
                                          LATITUDE:   34 45 N
                                          LONGITUDE: 118 44 W

[TEMPERATURE DATA]      [PRECIPITATION DATA]       SYMBOLS USED IN COLUMN 16

AVERAGE MONTHLY: 48.4   TOTAL FOR MONTH:   4.30    1 = FOG OR MIST
DPTR FM NORMAL:   5.9   DPTR FM NORMAL:    2.64    2 = FOG REDUCING VISIBILITY
HIGHEST:    64 ON  9    GRTST 24HR  1.95 ON  2- 3      TO 1/4 MILE OR LESS
LOWEST:     31 ON 25                               3 = THUNDER
                        SNOW, ICE PELLETS, HAIL    4 = ICE PELLETS
                        TOTAL MONTH:   0.0 INCH    5 = HAIL
                        GRTST 24HR     0.0         6 = FREEZING RAIN OR DRIZZLE
                        GRTST DEPTH:   0           7 = DUSTSTORM OR SANDSTORM:
                                                       VSBY 1/2 MILE OR LESS
                                                   8 = SMOKE OR HAZE
[NO. OF DAYS WITH]      [WEATHER - DAYS WITH]      9 = BLOWING SNOW
                                                   X = TORNADO
MAX 32 OR BELOW:   0    0.01 INCH OR MORE:  11
MAX 90 OR ABOVE:   0    0.10 INCH OR MORE:   4
MIN 32 OR BELOW:   1    0.50 INCH OR MORE:   3
MIN  0 OR BELOW:   0    1.00 INCH OR MORE:   2

[HDD (BASE 65) ]
TOTAL THIS MO.   411    CLEAR  (SCALE 0-3)  11
DPTR FM NORMAL  -152    PTCLDY (SCALE 4-7)  11
TOTAL FM JUL 1   801    CLOUDY (SCALE 8-10)  3
DPTR FM NORMAL  -541

[CDD (BASE 65) ]
TOTAL THIS MO.     0
DPTR FM NORMAL     0    [PRESSURE DATA]
TOTAL FM JAN 1  1689    HIGHEST SLP M ON M
DPTR FM NORMAL   691    LOWEST  SLP 29.73 ON 12

[REMARKS]
