824
CXUS56 KSGX 261445
CF6SDM
PRELIMINARY LOCAL CLIMATOLOGICAL DATA (WS FORM: F-6)

                                          STATION:   SAN DIEGO/BROWN
                                          MONTH:     APRIL
                                          YEAR:      2017
                                          LATITUDE:   32 34 N
                                          LONGITUDE: 116 59 W

  TEMPERATURE IN F:       :PCPN:    SNOW:  WIND      :SUNSHINE: SKY     :PK WND
================================================================================
1   2   3   4   5  6A  6B    7    8   9   10  11  12  13   14  15   16   17  18
                                     12Z  AVG MX 2MIN
DY MAX MIN AVG DEP HDD CDD  WTR  SNW DPTH SPD SPD DIR MIN PSBL S-S WX    SPD DR
================================================================================

 1  70  44  57   0   8   0 0.00  0.0    0  5.7 14 270   M    M   0 18     18 270
 2  77  49  63   6   2   0 0.00  0.0    0  4.4 12 270   M    M   1 1      19 280
 3  68  53  61   3   4   0 0.00  0.0    0  5.0 16 260   M    M   7 18     21 260
 4  70  52  61   3   4   0 0.00  0.0    0  3.2 13 280   M    M   3 1      17 280
 5  80  49  65   7   0   0 0.00  0.0    0  2.7 13 280   M    M   0 128    17 270
 6  77  51  64   6   1   0 0.00  0.0    0  4.3 12 280   M    M   3 128    17 280
 7  73  47  60   2   5   0 0.00  0.0    0  4.3 13 280   M    M   2 128    17 280
 8  70  47  59   1   6   0 0.00  0.0    0  5.3 17 270   M    M   5 18     23 270
 9  69  45  57  -1   8   0 0.00  0.0    0  6.2 16 280   M    M   1 8      23 290
10  73  45  59   1   6   0 0.00  0.0    0  4.9 14 270   M    M   0 18     19 290
11  74  47  61   3   4   0 0.00  0.0    0  5.3 17 250   M    M   0 18     20 250
12  73  48  61   2   4   0 0.00  0.0    0  5.5 15 280   M    M   1 18     23 280
13  74  56  65   6   0   0 0.00  0.0    0  6.0 17 280   M    M   6        23 290
14  67  48  58  -1   7   0 0.00  0.0    0  4.6 15 260   M    M   2 18     20 290
15  70  46  58  -1   7   0 0.00  0.0    0  5.4 12 300   M    M   0 1      18 270
16  75  47  61   2   4   0 0.00  0.0    0  4.1 14 280   M    M   0 1      19 270
17  77  49  63   4   2   0 0.00  0.0    0  5.3 16 280   M    M   1 1      21 280
18  72  59  66   6   0   1 0.00  0.0    0  4.5 15 280   M    M   5 18     19 270
19  73  54  64   4   1   0 0.00  0.0    0  5.1 17 270   M    M   5 1      23 270
20  74  49  62   2   3   0 0.00  0.0    0  5.2 14 270   M    M   2 128    18 300
21  83  50  67   7   0   2 0.00  0.0    0  4.4 14 280   M    M   0 8      17 270
22  85  55  70  10   0   5 0.00  0.0    0  4.3 12 270   M    M   0 18     16 280
23  76  55  66   6   0   1 0.00  0.0    0  5.8 15 260   M    M   2 128    21 270
24  70  58  64   4   1   0 0.00  0.0    0  8.1 15 250   M    M   8        25 250
25  70  54  62   1   3   0 0.00  0.0    0  7.3 16 260   M    M   5 18     19 250
================================================================================
SM 1840 1257        80   9  0.00     0.0 126.9          M       59
================================================================================
AV 73.6 50.3                               5.1 FASTST   M    M   2    MAX(MPH)
                                 MISC ---->  # 17 270               # 25  250
================================================================================
NOTES:
# LAST OF SEVERAL OCCURRENCES

COLUMN 17 PEAK WIND IN M.P.H.

PRELIMINARY LOCAL CLIMATOLOGICAL DATA (WS FORM: F-6) , PAGE 2

                                          STATION:  SAN DIEGO/BROWN
                                          MONTH:    APRIL
                                          YEAR:     2017
                                          LATITUDE:   32 34 N
                                          LONGITUDE: 116 59 W

[TEMPERATURE DATA]      [PRECIPITATION DATA]       SYMBOLS USED IN COLUMN 16

AVERAGE MONTHLY: 61.9   TOTAL FOR MONTH:   0.00    1 = FOG OR MIST
DPTR FM NORMAL:   3.1   DPTR FM NORMAL:   -0.83    2 = FOG REDUCING VISIBILITY
HIGHEST:    85 ON 22    GRTST 24HR  0.00 ON 25-25      TO 1/4 MILE OR LESS
LOWEST:     44 ON  1                               3 = THUNDER
                        SNOW, ICE PELLETS, HAIL    4 = ICE PELLETS
                        TOTAL MONTH:   0.0 INCH    5 = HAIL
                        GRTST 24HR     0.0         6 = FREEZING RAIN OR DRIZZLE
                        GRTST DEPTH:   0           7 = DUSTSTORM OR SANDSTORM:
                                                       VSBY 1/2 MILE OR LESS
                                                   8 = SMOKE OR HAZE
[NO. OF DAYS WITH]      [WEATHER - DAYS WITH]      9 = BLOWING SNOW
                                                   X = TORNADO
MAX 32 OR BELOW:   0    0.01 INCH OR MORE:   0
MAX 90 OR ABOVE:   0    0.10 INCH OR MORE:   0
MIN 32 OR BELOW:   0    0.50 INCH OR MORE:   0
MIN  0 OR BELOW:   0    1.00 INCH OR MORE:   0

[HDD (BASE 65) ]
TOTAL THIS MO.    80    CLEAR  (SCALE 0-3)  17
DPTR FM NORMAL   -82    PTCLDY (SCALE 4-7)   8
TOTAL FM JUL 1  1093    CLOUDY (SCALE 8-10)  0
DPTR FM NORMAL  -500

[CDD (BASE 65) ]
TOTAL THIS MO.     9
DPTR FM NORMAL     8    [PRESSURE DATA]
TOTAL FM JAN 1    22    HIGHEST SLP M ON M
DPTR FM NORMAL    10    LOWEST  SLP 29.81 ON 22

[REMARKS]
