000
CXUS55 KSEW 290945
CF6SEA

PRELIMINARY LOCAL CLIMATOLOGICAL DATA (WS FORM: F-6)

                                          STATION:   SEATTLE-TACOMA WA AIRPORT
                                          MONTH:     JUNE
                                          YEAR:      2015
                                          LATITUDE:   47 27 N
                                          LONGITUDE: 122 18 W

  TEMPERATURE IN F:       :PCPN:    SNOW:  WIND      :SUNSHINE: SKY     :PK WND
================================================================================
1   2   3   4   5  6A  6B    7    8   9   10  11  12  13   14  15   16   17  18
                                     12Z  AVG MX 2MIN
DY MAX MIN AVG DEP HDD CDD  WTR  SNW DPTH SPD SPD DIR MIN PSBL S-S WX    SPD DR
================================================================================

 1  61  53  57  -2   8   0 0.18  0.0    0  7.6 16 210   M    M   9 1      22 210
 2  64  55  60   1   5   0 0.02  0.0    0 11.1 20 190   M    M  10        26 210
 3  68  53  61   2   4   0 0.00  0.0    0  6.6 14  20   M    M   9        16  30
 4  73  53  63   4   2   0 0.00  0.0    0  8.8 15 340   M    M   6        20 340
 5  80  55  68   9   0   3 0.00  0.0    0  9.7 22 340   M    M   3        28 340
 6  85  56  71  12   0   6 0.00  0.0    0  5.9 16 360   M    M   4        22 360
 7  88  60  74  14   0   9 0.00  0.0    0  7.1 15 360   M    M   0        21 360
 8  87  58  73  13   0   8 0.00  0.0    0  7.9 16  20   M    M   0        22  10
 9  84  58  71  11   0   6 0.00  0.0    0  6.1 15 340   M    M   2        17  30
10  78  52  65   5   0   0 0.00  0.0    0  6.8 13 200   M    M   2        16 210
11  76  52  64   4   1   0 0.00  0.0    0  7.9 21  50   M    M   4        26  40
12  68  53  61   1   4   0 0.00  0.0    0  5.1 16  60   M    M   7        20  60
13  75  49  62   2   3   0 0.00  0.0    0  5.8 12 360   M    M   2        16 290
14  82  53  68   7   0   3 0.00  0.0    0  8.2 15  40   M    M   1        18 340
15  86  61  74  13   0   9 0.00  0.0    0  7.8 14  30   M    M   6 8      17  30
16  73  52  63   2   2   0 0.00  0.0    0  6.7 13 210   M    M   6        17 270
17  77  52  65   4   0   0 0.00  0.0    0  6.9 14  20   M    M   4        16  20
18  76  57  67   6   0   2    T  0.0    0  6.7 16  20   M    M   9        21  10
19  75  56  66   5   0   1 0.02  0.0    0  7.1 16  20   M    M   6 1      20  20
20  77  55  66   4   0   1 0.00  0.0    0  9.5 21  10   M    M   4        25  10
21  78  57  68   6   0   3 0.00  0.0    0  7.7 15  10   M    M   7        18 210
22  77  55  66   4   0   1 0.00  0.0    0  5.4 13 210   M    M   4        16 210
23  79  53  66   4   0   1 0.00  0.0    0  5.4 15  40   M    M   4        18  30
24  78  61  70   8   0   5    T  0.0    0  5.8 12  10   M    M   7        14 240
25  87  60  74  12   0   9 0.00  0.0    0  6.8 13  20   M    M   1        20 290
26  89  64  77  14   0  12 0.00  0.0    0 10.4 17  10   M    M   2        22  10
27  92  63  78  15   0  13 0.00  0.0    0  8.8 17 340   M    M   5        23  10
28  83  65  74  11   0   9 0.01  0.0    0  4.7 18 190   M    M   8        22 200
================================================================================
SM 2196 1571        29 101  0.23     0.0 204.3          M      132
================================================================================
AV 78.4 56.1                               7.3 FASTST   M    M   5    MAX(MPH)
                                 MISC ---->  # 22 340               # 28  340
================================================================================
NOTES:
# LAST OF SEVERAL OCCURRENCES

COLUMN 17 PEAK WIND IN M.P.H.

PRELIMINARY LOCAL CLIMATOLOGICAL DATA (WS FORM: F-6) , PAGE 2

                                          STATION:  SEATTLE-TACOMA WA AIRPORT
                                          MONTH:    JUNE
                                          YEAR:     2015
                                          LATITUDE:   47 27 N
                                          LONGITUDE: 122 18 W

[TEMPERATURE DATA]      [PRECIPITATION DATA]       SYMBOLS USED IN COLUMN 16

AVERAGE MONTHLY: 67.3   TOTAL FOR MONTH:   0.23    1 = FOG OR MIST
DPTR FM NORMAL:   6.5   DPTR FM NORMAL:   -1.27    2 = FOG REDUCING VISIBILITY
HIGHEST:    92 ON 27    GRTST 24HR  0.20 ON  1- 2      TO 1/4 MILE OR LESS
LOWEST:     49 ON 13                               3 = THUNDER
                        SNOW, ICE PELLETS, HAIL    4 = ICE PELLETS
                        TOTAL MONTH:   0.0 INCH    5 = HAIL
                        GRTST 24HR     0.0         6 = FREEZING RAIN OR DRIZZLE
                        GRTST DEPTH:   0           7 = DUSTSTORM OR SANDSTORM:
                                                       VSBY 1/2 MILE OR LESS
                                                   8 = SMOKE OR HAZE
[NO. OF DAYS WITH]      [WEATHER - DAYS WITH]      9 = BLOWING SNOW
                                                   X = TORNADO
MAX 32 OR BELOW:   0    0.01 INCH OR MORE:   4
MAX 90 OR ABOVE:   1    0.10 INCH OR MORE:   1
MIN 32 OR BELOW:   0    0.50 INCH OR MORE:   0
MIN  0 OR BELOW:   0    1.00 INCH OR MORE:   0

[HDD (BASE 65) ]
TOTAL THIS MO.    29    CLEAR  (SCALE 0-3)   9
DPTR FM NORMAL  -109    PTCLDY (SCALE 4-7)  15
TOTAL FM JUL 1  3555    CLOUDY (SCALE 8-10)  4
DPTR FM NORMAL -1136

[CDD (BASE 65) ]
TOTAL THIS MO.   101
DPTR FM NORMAL    85    [PRESSURE DATA]
TOTAL FM JAN 1   108    HIGHEST SLP M ON M
DPTR FM NORMAL    86    LOWEST  SLP 29.79 ON  1

[REMARKS]
