000
CXUS54 KFWD 220730
CF6SEP
PRELIMINARY LOCAL CLIMATOLOGICAL DATA (WS FORM: F-6)

                                          STATION:   STEPHENVILLE
                                          MONTH:     JANUARY
                                          YEAR:      2018
                                          LATITUDE:   32 13 N
                                          LONGITUDE:  98 11 W

  TEMPERATURE IN F:       :PCPN:    SNOW:  WIND      :SUNSHINE: SKY     :PK WND
================================================================================
1   2   3   4   5  6A  6B    7    8   9   10  11  12  13   14  15   16   17  18
                                     12Z  AVG MX 2MIN
DY MAX MIN AVG DEP HDD CDD  WTR  SNW DPTH SPD SPD DIR MIN PSBL S-S WX    SPD DR
================================================================================

 1  25  13  19 -24  46   0 0.00  0.0    0  6.0 10 350   M    M   4         M  M
 2  25  16  21 -22  44   0 0.00  0.0    0  4.3 10 360   M    M   8         M  M
 3  51  14  33 -10  32   0 0.00    M    0  4.2 14 330   M    M   0        17 330
 4  53  25  39  -4  26   0 0.00  0.0    0  3.1  8 160   M    M   0         M  M
 5  63  32  48   5  17   0 0.00  0.0    0  2.5 10 220   M    M   0         M  M
 6  64  31  48   5  17   0 0.00  0.0    0  6.2 13 150   M    M   1        20 150
 7  65  49  57  14   8   0 0.00  0.0    0 11.7 20 320   M    M   8        27 180
 8  64  37  51   8  14   0 0.00  0.0    0  8.1 15 340   M    M   0        21 350
 9  69  30  50   7  15   0 0.00  0.0    0  5.4 10 160   M    M   0        18 160
10  65  42  54  11  11   0 0.00  0.0    0 11.7 21 160   M    M   2        28 160
11  56  33  45   2  20   0 0.00  0.0    0 14.9 27 330   M    M   3        36 320
12  48  24  36  -7  29   0 0.00  0.0    0  9.1 17 340   M    M   0        24 340
13  47  24  36  -7  29   0 0.00  0.0    0  4.8 12 360   M    M   0         M  M
14  57  26  42  -1  23   0 0.00  0.0    0  4.3 12 220   M    M   0        20 180
15  58  26  42  -2  23   0    M    M    0  8.9 24 360   M    M   6        32 360
16  29  15  22 -22  43   0    M    M    0 13.8 22 360   M    M   7        35  10
17  38   8  23 -21  42   0 0.00  0.0    0  1.9  5 160   M    M   0         M  M
18  46  14  30 -14  35   0 0.00  0.0    0  5.3  9 180   M    M   3         M  M
19  63  31  47   3  18   0 0.00  0.0    0 10.4 18 180   M    M   7        27 170
20  77  46  62  18   3   0 0.00  0.0    0 12.5 20 200   M    M   3        24 180
21  77  56  67  23   0   2 0.00  0.0    0 10.5 15 270   M    M   7        25 200
================================================================================
SM 1140  592       495   2  0.00     0.0 159.6          M       59
================================================================================
AV 54.3 28.2                               7.6 FASTST   M    M   3    MAX(MPH)
                                 MISC ---->  # 27 330                 36    M
================================================================================
NOTES:
# LAST OF SEVERAL OCCURRENCES

COLUMN 17 PEAK WIND IN M.P.H.

PRELIMINARY LOCAL CLIMATOLOGICAL DATA (WS FORM: F-6) , PAGE 2

                                          STATION:  STEPHENVILLE
                                          MONTH:    JANUARY
                                          YEAR:     2018
                                          LATITUDE:   32 13 N
                                          LONGITUDE:  98 11 W

[TEMPERATURE DATA]      [PRECIPITATION DATA]       SYMBOLS USED IN COLUMN 16

AVERAGE MONTHLY: 41.2   TOTAL FOR MONTH:   0.00    1 = FOG OR MIST
DPTR FM NORMAL:  -2.1   DPTR FM NORMAL:   -0.94    2 = FOG REDUCING VISIBILITY
HIGHEST:    77 ON 21,20 GRTST 24HR  0.00 ON 21-21      TO 1/4 MILE OR LESS
LOWEST:      8 ON 17                               3 = THUNDER
                        SNOW, ICE PELLETS, HAIL    4 = ICE PELLETS
                        TOTAL MONTH:   0.0 INCH    5 = HAIL
                        GRTST 24HR     0.0         6 = FREEZING RAIN OR DRIZZLE
                        GRTST DEPTH:   0           7 = DUSTSTORM OR SANDSTORM:
                                                       VSBY 1/2 MILE OR LESS
                                                   8 = SMOKE OR HAZE
[NO. OF DAYS WITH]      [WEATHER - DAYS WITH]      9 = BLOWING SNOW
                                                   X = TORNADO
MAX 32 OR BELOW:   3    0.01 INCH OR MORE:   0
MAX 90 OR ABOVE:   0    0.10 INCH OR MORE:   0
MIN 32 OR BELOW:  15    0.50 INCH OR MORE:   0
MIN  0 OR BELOW:   0    1.00 INCH OR MORE:   0

[HDD (BASE 65) ]
TOTAL THIS MO.   495    CLEAR  (SCALE 0-3)  13
DPTR FM NORMAL    39    PTCLDY (SCALE 4-7)   8
TOTAL FM JUL 1  1318    CLOUDY (SCALE 8-10)  0
DPTR FM NORMAL  -223

[CDD (BASE 65) ]
TOTAL THIS MO.     2
DPTR FM NORMAL     2    [PRESSURE DATA]
TOTAL FM JAN 1     2    HIGHEST SLP M ON M
DPTR FM NORMAL     2    LOWEST  SLP M ON M

[REMARKS]
