000
CXUS56 KOTX 291500
CF6SFF
PRELIMINARY LOCAL CLIMATOLOGICAL DATA (WS FORM: F-6)

                                          STATION:   SPOKANE WA FELTS AIRPORT
                                          MONTH:     APRIL
                                          YEAR:      2016
                                          LATITUDE:   47 40 N
                                          LONGITUDE: 117 20 W

  TEMPERATURE IN F:       :PCPN:    SNOW:  WIND      :SUNSHINE: SKY     :PK WND
================================================================================
1   2   3   4   5  6A  6B    7    8   9   10  11  12  13   14  15   16   17  18
                                     12Z  AVG MX 2MIN
DY MAX MIN AVG DEP HDD CDD  WTR  SNW DPTH SPD SPD DIR MIN PSBL S-S WX    SPD DR
================================================================================

 1  71  39  55  11  10   0 0.00    M    M  3.4 13 230   M    M   0        15 240
 2  71  41  56  11   9   0 0.00    M    M  6.8 21 220   M    M   1        29 240
 3  67  43  55  10  10   0 0.00    M    M  4.7 13 200   M    M   0        17 190
 4  56  41  49   4  16   0 0.13    M    M 10.2 30 240   M    M   6 1      42 250
 5  56  33  45   0  20   0 0.00    M    M  7.8 21 230   M    M   3        27 230
 6  66  38  52   7  13   0 0.00    M    M  4.1 16 230   M    M   1        23 230
 7  77  37  57  11   8   0 0.00    M    M  2.5 12  90   M    M   0 1      14  80
 8  81  40  61  15   4   0 0.00    M    M  2.2  7 250   M    M   0        10 260
 9  75  45  60  14   5   0 0.00    M    M  3.4 15 290   M    M   0        19 280
10  72  38  55   9  10   0 0.00    M    M  2.3  9 130   M    M   0        13 120
11  71  40  56  10   9   0 0.00    M    M  6.5 20 230   M    M   0        23 220
12  64  48  56  10   9   0 0.03    M    M  9.4 20 210   M    M   7        25 240
13  58  45  52   5  13   0 0.02    M    M  8.1 23 200   M    M   7        28 200
14  53  41  47   0  18   0 0.03    M    M  7.0 17 200   M    M   8        28 210
15  59  35  47   0  18   0 0.00    M    M  2.3  9 220   M    M   5 1      13 290
16  65  35  50   3  15   0 0.00    M    M  2.3  7  70   M    M   2 1      10  60
17  75  36  56   9   9   0 0.00    M    M  2.1  7  90   M    M   0 1      10  70
18  80  42  61  13   4   0 0.00    M    M  2.9 14  90   M    M   0        17  90
19  82  41  62  14   3   0 0.00    M    M  2.2  8 290   M    M   0        11 270
20  87  45  66  18   0   1 0.00    M    M  1.7  9 110   M    M   0        12  40
21  83  52  68  20   0   3 0.00    M    M  2.3 13  70   M    M   0        15  70
22  77  54  66  18   0   1 0.10    M    M  4.2 31 220   M    M   4        41 230
23  63  49  56   7   9   0 0.13    M    M  5.4 16 230   M    M   8 1      21 220
24  63  40  52   3  13   0 0.00    M    M  6.9 21 240   M    M   6        24 240
25  63  36  50   1  15   0 0.00    M    M  3.1 13 300   M    M   4        20 290
26  66  43  55   6  10   0 0.00    M    M  2.6 12 240   M    M   3        15 210
27  67  46  57   7   8   0 0.00    M    M  3.1 22  70   M    M   7 3      27  70
28  68  45  57   7   8   0 0.00    M    M  5.8 18  80   M    M   7        22  80
================================================================================
SM 1936 1168       266   5  0.44    M    125.3          M       79
================================================================================
AV 69.1 41.7                               4.5 FASTST   M    M   3    MAX(MPH)
                                 MISC ---->  # 31 220               # 42  250
================================================================================
NOTES:
# LAST OF SEVERAL OCCURRENCES

COLUMN 17 PEAK WIND IN M.P.H.

PRELIMINARY LOCAL CLIMATOLOGICAL DATA (WS FORM: F-6) , PAGE 2

                                          STATION:  SPOKANE WA FELTS AIRPORT
                                          MONTH:    APRIL
                                          YEAR:     2016
                                          LATITUDE:   47 40 N
                                          LONGITUDE: 117 20 W

[TEMPERATURE DATA]      [PRECIPITATION DATA]       SYMBOLS USED IN COLUMN 16

AVERAGE MONTHLY: 55.4   TOTAL FOR MONTH:   0.44    1 = FOG OR MIST
DPTR FM NORMAL:   8.4   DPTR FM NORMAL:   -0.73    2 = FOG REDUCING VISIBILITY
HIGHEST:    87 ON 20    GRTST 24HR  0.13 ON 23-23      TO 1/4 MILE OR LESS
LOWEST:     33 ON  5                               3 = THUNDER
                        SNOW, ICE PELLETS, HAIL    4 = ICE PELLETS
                        TOTAL MONTH:    M          5 = HAIL
                        GRTST 24HR    M  ON   M    6 = FREEZING RAIN OR DRIZZLE
                        GRTST DEPTH:  M  ON   M    7 = DUSTSTORM OR SANDSTORM:
                                                       VSBY 1/2 MILE OR LESS
                                                   8 = SMOKE OR HAZE
[NO. OF DAYS WITH]      [WEATHER - DAYS WITH]      9 = BLOWING SNOW
                                                   X = TORNADO
MAX 32 OR BELOW:   0    0.01 INCH OR MORE:   6
MAX 90 OR ABOVE:   0    0.10 INCH OR MORE:   3
MIN 32 OR BELOW:   0    0.50 INCH OR MORE:   0
MIN  0 OR BELOW:   0    1.00 INCH OR MORE:   0

[HDD (BASE 65) ]
TOTAL THIS MO.   266    CLEAR  (SCALE 0-3)  16
DPTR FM NORMAL  -237    PTCLDY (SCALE 4-7)  11
TOTAL FM JUL 1  4814    CLOUDY (SCALE 8-10)  1
DPTR FM NORMAL -1010

[CDD (BASE 65) ]
TOTAL THIS MO.     5
DPTR FM NORMAL     5    [PRESSURE DATA]
TOTAL FM JAN 1     5    HIGHEST SLP M ON M
DPTR FM NORMAL     5    LOWEST  SLP  0.00 ON M

[REMARKS]
