000
CXUS54 KSHV 201300
CF6SHV
PRELIMINARY LOCAL CLIMATOLOGICAL DATA (WS FORM: F-6)

                                          STATION:   SHREVEPORT
                                          MONTH:     JANUARY
                                          YEAR:      2018
                                          LATITUDE:   32 28 N
                                          LONGITUDE:  93 49 W

  TEMPERATURE IN F:       :PCPN:    SNOW:  WIND      :SUNSHINE: SKY     :PK WND
================================================================================
1   2   3   4   5  6A  6B    7    8   9   10  11  12  13   14  15   16   17  18
                                     12Z  AVG MX 2MIN
DY MAX MIN AVG DEP HDD CDD  WTR  SNW DPTH SPD SPD DIR MIN PSBL S-S WX    SPD DR
================================================================================

 1  32  20  26 -20  39   0 0.00  0.0    0 11.8 18 360   M    M   4        22  20
 2  33  17  25 -21  40   0 0.00  0.0    0  8.4 16  70   M    M   8        21  50
 3  44  19  32 -14  33   0 0.00  0.0    0  6.4 15 320   M    M   2        19 310
 4  46  22  34 -12  31   0 0.00  0.0    0  2.8 12 340   M    M   5        15  10
 5  56  22  39  -7  26   0 0.00  0.0    0  2.9 10 190   M    M   5        14 160
 6  60  28  44  -2  21   0 0.00  0.0    0  4.7 14 150   M    M   5        16 130
 7  58  40  49   3  16   0 0.37  0.0    0  7.5 16 150   M    M   9 1      22 160
 8  56  48  52   6  13   0 0.02  0.0    0  9.6 17 340   M    M  10 12     22 340
 9  51  45  48   2  17   0    T  0.0    0  5.7 12 130   M    M  10 1      20 150
10  58  48  53   7  12   0    T  0.0    0  6.7 15 140   M    M  10 1      20 140
11  68  33  51   5  14   0 0.85    T    0 11.7 29 330   M    M  10 1346   38 300
12  44  25  35 -11  30   0 0.01    T    0 13.4 29 320   M    M   2 46     37 310
13  44  27  36 -10  29   0 0.00  0.0    0  8.1 16  10   M    M   1        20  10
14  41  24  33 -13  32   0 0.00  0.0    0  4.9 10 150   M    M   6        14 160
15  63  25  44  -2  21   0    T    M    0  6.8 23 360   M    M   4 1      27 360
16  37  19  28 -19  37   0 0.09  1.8    2 11.8 23 360   M    M   8 1      32 350
17  31  12  22 -25  43   0 0.00  0.0    0  6.1 12  50   M    M   0        15  10
18  44  12  28 -19  37   0 0.00  0.0    0  2.8  9 170   M    M   2        11 150
19  56  37  47   0  18   0 0.00  0.0    0  7.2 15 160   M    M  10        20 180
================================================================================
SM  922  523       509   0  1.34     1.8 139.3          M      111
================================================================================
AV 48.5 27.5                               7.3 FASTST   M    M   6    MAX(MPH)
                                 MISC ---->  # 29 330               # 38  300
================================================================================
NOTES:
# LAST OF SEVERAL OCCURRENCES

COLUMN 17 PEAK WIND IN M.P.H.

PRELIMINARY LOCAL CLIMATOLOGICAL DATA (WS FORM: F-6) , PAGE 2

                                          STATION:  SHREVEPORT
                                          MONTH:    JANUARY
                                          YEAR:     2018
                                          LATITUDE:   32 28 N
                                          LONGITUDE:  93 49 W

[TEMPERATURE DATA]      [PRECIPITATION DATA]       SYMBOLS USED IN COLUMN 16

AVERAGE MONTHLY: 38.0   TOTAL FOR MONTH:   1.34    1 = FOG OR MIST
DPTR FM NORMAL:  -8.2   DPTR FM NORMAL:   -1.11    2 = FOG REDUCING VISIBILITY
HIGHEST:    68 ON 11    GRTST 24HR  0.85 ON 11-11      TO 1/4 MILE OR LESS
LOWEST:     12 ON 18,17                            3 = THUNDER
                        SNOW, ICE PELLETS, HAIL    4 = ICE PELLETS
                        TOTAL MONTH:   1.8 INCHES  5 = HAIL
                        GRTST 24HR   1.8 ON 16-16  6 = FREEZING RAIN OR DRIZZLE
                        GRTST DEPTH:   2 ON 16     7 = DUSTSTORM OR SANDSTORM:
                                                       VSBY 1/2 MILE OR LESS
                                                   8 = SMOKE OR HAZE
[NO. OF DAYS WITH]      [WEATHER - DAYS WITH]      9 = BLOWING SNOW
                                                   X = TORNADO
MAX 32 OR BELOW:   2    0.01 INCH OR MORE:   5
MAX 90 OR ABOVE:   0    0.10 INCH OR MORE:   2
MIN 32 OR BELOW:  13    0.50 INCH OR MORE:   1
MIN  0 OR BELOW:   0    1.00 INCH OR MORE:   0

[HDD (BASE 65) ]
TOTAL THIS MO.   509    CLEAR  (SCALE 0-3)   5
DPTR FM NORMAL   150    PTCLDY (SCALE 4-7)   8
TOTAL FM JUL 1  1290    CLOUDY (SCALE 8-10)  6
DPTR FM NORMAL    29

[CDD (BASE 65) ]
TOTAL THIS MO.     0
DPTR FM NORMAL     0    [PRESSURE DATA]
TOTAL FM JAN 1     0    HIGHEST SLP M ON M
DPTR FM NORMAL     0    LOWEST  SLP 29.71 ON 11

[REMARKS]
