067
CXUS56 KMTR 241000
CF6SJC
PRELIMINARY LOCAL CLIMATOLOGICAL DATA (WS FORM: F-6)

                                          STATION:   SAN JOSE AIRPORT
                                          MONTH:     JANUARY
                                          YEAR:      2017
                                          LATITUDE:   37 21 N
                                          LONGITUDE: 121 55 W

  TEMPERATURE IN F:       :PCPN:    SNOW:  WIND      :SUNSHINE: SKY     :PK WND
================================================================================
1   2   3   4   5  6A  6B    7    8   9   10  11  12  13   14  15   16   17  18
                                     12Z  AVG MX 2MIN
DY MAX MIN AVG DEP HDD CDD  WTR  SNW DPTH SPD SPD DIR MIN PSBL S-S WX    SPD DR
================================================================================

 1  56  39  48  -1  17   0    T  0.0    0  6.3 21 270   M    M   8        24 260
 2  51  43  47  -2  18   0 0.07    M    0  7.5 15 110   M    M   9        19 110
 3  55  48  52   3  13   0 0.28    M    0 14.2 23 110   M    M  10 1      32 110
 4  59  48  54   5  11   0 0.27  0.0    0  7.6 21 110   M    M  10 1      27 100
 5  52  38  45  -4  20   0 0.02  0.0    0  6.2 16 310   M    M   4 1      20 310
 6  53  31  42  -7  23   0    T  0.0    0  3.4  7  70   M    M   5         9 260
 7  60  47  54   5  11   0 0.35  0.0    0 14.3 32 120   M    M   9 18     39 120
 8  64  58  61  11   4   0 1.03  0.0    0 14.3 32 120   M    M  10 18     40 120
 9  60  52  56   6   9   0 0.11  0.0    0  7.6 17 160   M    M   9 1      21 160
10  60  54  57   7   8   0 0.62  0.0    0 11.5 25 260   M    M   9 13     36 270
11  57  46  52   2  13   0 0.08    M    0  5.4 16 280   M    M   8 18     19 280
12  53  46  50   0  15   0 0.22  0.0    0  7.1 14 100   M    M   9 1      26 270
13  56  39  48  -2  17   0 0.00  0.0    0  4.5 14 280   M    M   2        18 290
14  58  37  48  -2  17   0 0.00  0.0    0  4.5 13 300   M    M   3        16 310
15  54  40  47  -3  18   0 0.00  0.0    0  3.3  9 290   M    M   6        10 280
16  58  35  47  -3  18   0 0.00  0.0    0  3.6 12 290   M    M   2 18     14 290
17  56  36  46  -4  19   0 0.00  0.0    0  4.4 12 130   M    M   6 18     15 310
18  53  47  50   0  15   0 0.38    M    0 14.4 39 120   M    M   9 18     50 130
19  58  46  52   2  13   0 0.36    M    0  6.9 21 120   M    M   7 13     26 110
20  55  45  50   0  15   0 0.89    M    0 10.8 31 110   M    M   9 13     40 110
21  56  43  50   0  15   0 0.06    M    0 11.7 38 120   M    M   9 1      50 110
22  57  47  52   2  13   0 0.65    M    0 13.8 37 120   M    M   8 18     46 120
23  52  41  47  -3  18   0 0.22    M    0  5.4 12 110   M    M   7 13     24  50
================================================================================
SM 1293 1006       340   0  5.61     0.0 188.7          M      168
================================================================================
AV 56.2 43.7                               8.2 FASTST   M    M   7    MAX(MPH)
                                 MISC ---->  # 39 120               # 50  130
================================================================================
NOTES:
# LAST OF SEVERAL OCCURRENCES

COLUMN 17 PEAK WIND IN M.P.H.

PRELIMINARY LOCAL CLIMATOLOGICAL DATA (WS FORM: F-6) , PAGE 2

                                          STATION:  SAN JOSE AIRPORT
                                          MONTH:    JANUARY
                                          YEAR:     2017
                                          LATITUDE:   37 21 N
                                          LONGITUDE: 121 55 W

[TEMPERATURE DATA]      [PRECIPITATION DATA]       SYMBOLS USED IN COLUMN 16

AVERAGE MONTHLY: 50.0   TOTAL FOR MONTH:   5.61    1 = FOG OR MIST
DPTR FM NORMAL:   0.3   DPTR FM NORMAL:    3.34    2 = FOG REDUCING VISIBILITY
HIGHEST:    64 ON  8    GRTST 24HR  1.14 ON  7- 8      TO 1/4 MILE OR LESS
LOWEST:     31 ON  6                               3 = THUNDER
                        SNOW, ICE PELLETS, HAIL    4 = ICE PELLETS
                        TOTAL MONTH:   0.0 INCH    5 = HAIL
                        GRTST 24HR     0.0         6 = FREEZING RAIN OR DRIZZLE
                        GRTST DEPTH:   0           7 = DUSTSTORM OR SANDSTORM:
                                                       VSBY 1/2 MILE OR LESS
                                                   8 = SMOKE OR HAZE
[NO. OF DAYS WITH]      [WEATHER - DAYS WITH]      9 = BLOWING SNOW
                                                   X = TORNADO
MAX 32 OR BELOW:   0    0.01 INCH OR MORE:  16
MAX 90 OR ABOVE:   0    0.10 INCH OR MORE:  12
MIN 32 OR BELOW:   1    0.50 INCH OR MORE:   4
MIN  0 OR BELOW:   0    1.00 INCH OR MORE:   1

[HDD (BASE 65) ]
TOTAL THIS MO.   340    CLEAR  (SCALE 0-3)   3
DPTR FM NORMAL   -13    PTCLDY (SCALE 4-7)   7
TOTAL FM JUL 1  1007    CLOUDY (SCALE 8-10) 13
DPTR FM NORMAL  -220

[CDD (BASE 65) ]
TOTAL THIS MO.     0
DPTR FM NORMAL     0    [PRESSURE DATA]
TOTAL FM JAN 1     0    HIGHEST SLP M ON M
DPTR FM NORMAL     0    LOWEST  SLP 29.33 ON 20

[REMARKS]
