000
CXUS54 KSJT 271210
CF6SJT
PRELIMINARY LOCAL CLIMATOLOGICAL DATA (WS FORM: F-6)

                                          STATION:   SAN ANGELO
                                          MONTH:     MAY
                                          YEAR:      2016
                                          LATITUDE:   31 21 N
                                          LONGITUDE: 100 30 W

  TEMPERATURE IN F:       :PCPN:    SNOW:  WIND      :SUNSHINE: SKY     :PK WND
================================================================================
1   2   3   4   5  6A  6B    7    8   9   10  11  12  13   14  15   16   17  18
                                     12Z  AVG MX 2MIN
DY MAX MIN AVG DEP HDD CDD  WTR  SNW DPTH SPD SPD DIR MIN PSBL S-S WX    SPD DR
================================================================================

 1  68  56  62  -8   3   0    T  0.0    0 14.4 24  40   M    M   7        31  40
 2  69  48  59 -12   6   0    T  0.0    0  8.7 23  10   M    M   6 3      28  10
 3  79  40  60 -11   5   0 0.00  0.0    0  4.6 18  30   M    M   0        25  40
 4  83  49  66  -5   0   1 0.00  0.0    0  7.2 17 350   M    M   0        22 360
 5  88  44  66  -6   0   1 0.00  0.0    0  5.5 13 120   M    M   0        17 110
 6  89  51  70  -2   0   5 0.00  0.0    0  9.7 22 130   M    M   0        30 140
 7  88  63  76   4   0  11 0.00  0.0    0 11.9 24 150   M    M   0 3      34 170
 8  89  67  78   6   0  13 0.02  0.0    0 13.6 26 170   M    M   2        36 180
 9  90  59  75   2   0  10 0.00  0.0    0 13.5 31 270   M    M   2        40 260
10  98  57  78   5   0  13    T  0.0    0  9.9 32 150   M    M   0 3      41 170
11  92  64  78   5   0  13 0.51    T    0 10.7 23 120   M    M   0 35     29 150
12  86  63  75   1   0  10 0.01  0.0    0 10.6 31  10   M    M   2 18     37  10
13  90  67  79   5   0  14 0.00  0.0    0  8.4 30 350   M    M   5        33 350
14  77  62  70  -4   0   5 0.06  0.0    0 11.1 36 360   M    M   7 13     45 360
15  78  59  69  -5   0   4 0.00  0.0    0 10.4 18 100   M    M   7        25 110
16  91  65  78   3   0  13 0.00  0.0    0 10.9 22 130   M    M   3        28 120
17  84  59  72  -3   0   7 0.14  0.0    0 15.0 24  40   M    M   5 13     32  40
18  59  55  57 -18   8   0 1.68  0.0    0 10.6 21  20   M    M  10 13     25  20
19  73  56  65 -10   0   0 0.56  0.0    0  6.0 15  60   M    M   8 13     19  60
20  88  56  72  -4   0   7 0.00  0.0    0  6.3 14 130   M    M   4 12     21 150
21  90  64  77   1   0  12 0.00  0.0    0  7.8 17 190   M    M   3 1      22 180
22  87  72  80   4   0  15 0.01  0.0    0 10.3 28 160   M    M   6 18     37 160
23  88  74  81   5   0  16    T  0.0    0 10.9 26 170   M    M   5        38 170
24  87  74  81   4   0  16 0.00  0.0    0 10.3 20 180   M    M   5 8      26 190
25  93  76  85   8   0  20 0.00  0.0    0 14.9 24 200   M    M   2 18     31 200
26  93  64  79   2   0  14 0.54  0.0    0 10.0 52 270   M    M   1 138    66 280
================================================================================
SM 2197 1564        22 220  3.53    T    263.2          M       90
================================================================================
AV 84.5 60.2                              10.1 FASTST   M    M   3    MAX(MPH)
                                 MISC ---->  # 52 270               # 66  280
================================================================================
NOTES:
# LAST OF SEVERAL OCCURRENCES

COLUMN 17 PEAK WIND IN M.P.H.

PRELIMINARY LOCAL CLIMATOLOGICAL DATA (WS FORM: F-6) , PAGE 2

                                          STATION:  SAN ANGELO
                                          MONTH:    MAY
                                          YEAR:     2016
                                          LATITUDE:   31 21 N
                                          LONGITUDE: 100 30 W

[TEMPERATURE DATA]      [PRECIPITATION DATA]       SYMBOLS USED IN COLUMN 16

AVERAGE MONTHLY: 72.3   TOTAL FOR MONTH:   3.53    1 = FOG OR MIST
DPTR FM NORMAL:  -1.6   DPTR FM NORMAL:    1.26    2 = FOG REDUCING VISIBILITY
HIGHEST:    98 ON 10    GRTST 24HR  1.96 ON 18-19      TO 1/4 MILE OR LESS
LOWEST:     40 ON  3                               3 = THUNDER
                        SNOW, ICE PELLETS, HAIL    4 = ICE PELLETS
                        TOTAL MONTH:    T          5 = HAIL
                        GRTST 24HR    T  ON 11-11  6 = FREEZING RAIN OR DRIZZLE
                        GRTST DEPTH:   0           7 = DUSTSTORM OR SANDSTORM:
                                                       VSBY 1/2 MILE OR LESS
                                                   8 = SMOKE OR HAZE
[NO. OF DAYS WITH]      [WEATHER - DAYS WITH]      9 = BLOWING SNOW
                                                   X = TORNADO
MAX 32 OR BELOW:   0    0.01 INCH OR MORE:   9
MAX 90 OR ABOVE:   8    0.10 INCH OR MORE:   5
MIN 32 OR BELOW:   0    0.50 INCH OR MORE:   4
MIN  0 OR BELOW:   0    1.00 INCH OR MORE:   1

[HDD (BASE 65) ]
TOTAL THIS MO.    22    CLEAR  (SCALE 0-3)  14
DPTR FM NORMAL    14    PTCLDY (SCALE 4-7)  11
TOTAL FM JUL 1  1825    CLOUDY (SCALE 8-10)  1
DPTR FM NORMAL  -489

[CDD (BASE 65) ]
TOTAL THIS MO.   220
DPTR FM NORMAL   -21    [PRESSURE DATA]
TOTAL FM JAN 1   354    HIGHEST SLP M ON M
DPTR FM NORMAL   -43    LOWEST  SLP 29.57 ON  9

[REMARKS]
