000
CXUS56 KPQR 271200
CF6SLE
PRELIMINARY LOCAL CLIMATOLOGICAL DATA (WS FORM: F-6)

                                          STATION:   SALEM OR
                                          MONTH:     JULY
                                          YEAR:      2015
                                          LATITUDE:   44 55 N
                                          LONGITUDE: 123  0 W

  TEMPERATURE IN F:       :PCPN:    SNOW:  WIND      :SUNSHINE: SKY     :PK WND
================================================================================
1   2   3   4   5  6A  6B    7    8   9   10  11  12  13   14  15   16   17  18
                                     12Z  AVG MX 2MIN
DY MAX MIN AVG DEP HDD CDD  WTR  SNW DPTH SPD SPD DIR MIN PSBL S-S WX    SPD DR
================================================================================

 1  98  63  81  16   0  16 0.00  0.0    0  7.6 15 350   M    M   0        20  10
 2 100  60  80  15   0  15 0.00  0.0    0  6.2 17 350   M    M   0        24  30
 3  99  61  80  15   0  15 0.00  0.0    0  4.1 16 290   M    M   0        21 280
 4  97  59  78  12   0  13 0.00  0.0    0  2.7 13 270   M    M   0        16 270
 5  96  60  78  12   0  13 0.00  0.0    0  6.3 15 240   M    M   0        20 250
 6  92  59  76  10   0  11 0.00  0.0    0  5.4 15 270   M    M   0 8      19 270
 7  89  56  73   7   0   8 0.00  0.0    0  4.7 13 260   M    M   0        16 260
 8  93  57  75   9   0  10 0.00  0.0    0  4.9 16 280   M    M   0        21 260
 9  86  59  73   6   0   8 0.00  0.0    0  6.2 16 240   M    M   1        20 240
10  78  60  69   2   0   4    T  0.0    0  8.3 17 140   M    M   5        23 240
11  73  63  68   1   0   3 0.00  0.0    0  7.5 15 250   M    M   9        20 160
12  83  61  72   5   0   7 0.00  0.0    0  6.3 17 270   M    M   6        22 270
13  85  61  73   5   0   8 0.00  0.0    0  5.5 18 310   M    M   5        24 320
14  86  57  72   4   0   7 0.00  0.0    0  7.4 18 290   M    M   1        23 290
15  85  54  70   2   0   5 0.00  0.0    0  7.2 16 310   M    M   0        22 310
16  81  55  68   0   0   3 0.00  0.0    0  6.3 17 360   M    M   3        22  20
17  88  52  70   2   0   5 0.00  0.0    0  7.2 18  20   M    M   0        24  40
18  99  62  81  13   0  16 0.00  0.0    0  7.0 15 330   M    M   0        21 330
19  96  61  79  11   0  14 0.00  0.0    0  6.9 16 280   M    M   0        18 280
20  89  57  73   5   0   8 0.00  0.0    0  6.0 14 290   M    M   0        17 290
21  79  58  69   0   0   4 0.00  0.0    0  8.7 17 320   M    M   4        22 290
22  77  52  65  -4   0   0 0.00  0.0    0  7.5 16  20   M    M   5        20 350
23  83  54  69   0   0   4 0.00  0.0    0  5.5 15 280   M    M   3        19 330
24  85  53  69   0   0   4 0.00  0.0    0  5.1 17 270   M    M   0        20 280
25  74  61  68  -1   0   3 0.01  0.0    0  8.8 16 320   M    M   9 1      21 180
26  74  52  63  -6   2   0    T  0.0    0  5.0 18 320   M    M   8        22 320
================================================================================
SM 2265 1507         2 204  0.01     0.0 164.3          M       59
================================================================================
AV 87.1 58.0                               6.3 FASTST   M    M   2    MAX(MPH)
                                 MISC ---->  # 18 310               # 24   30
================================================================================
NOTES:
# LAST OF SEVERAL OCCURRENCES

COLUMN 17 PEAK WIND IN M.P.H.

PRELIMINARY LOCAL CLIMATOLOGICAL DATA (WS FORM: F-6) , PAGE 2

                                          STATION:  SALEM OR
                                          MONTH:    JULY
                                          YEAR:     2015
                                          LATITUDE:   44 55 N
                                          LONGITUDE: 123  0 W

[TEMPERATURE DATA]      [PRECIPITATION DATA]       SYMBOLS USED IN COLUMN 16

AVERAGE MONTHLY: 72.5   TOTAL FOR MONTH:   0.01    1 = FOG OR MIST
DPTR FM NORMAL:   5.2   DPTR FM NORMAL:   -0.40    2 = FOG REDUCING VISIBILITY
HIGHEST:   100 ON  2    GRTST 24HR  0.01 ON 25-25      TO 1/4 MILE OR LESS
LOWEST:     52 ON 26,22                            3 = THUNDER
                        SNOW, ICE PELLETS, HAIL    4 = ICE PELLETS
                        TOTAL MONTH:   0.0 INCH    5 = HAIL
                        GRTST 24HR     0.0         6 = FREEZING RAIN OR DRIZZLE
                        GRTST DEPTH:   0           7 = DUSTSTORM OR SANDSTORM:
                                                       VSBY 1/2 MILE OR LESS
                                                   8 = SMOKE OR HAZE
[NO. OF DAYS WITH]      [WEATHER - DAYS WITH]      9 = BLOWING SNOW
                                                   X = TORNADO
MAX 32 OR BELOW:   0    0.01 INCH OR MORE:   1
MAX 90 OR ABOVE:   9    0.10 INCH OR MORE:   0
MIN 32 OR BELOW:   0    0.50 INCH OR MORE:   0
MIN  0 OR BELOW:   0    1.00 INCH OR MORE:   0

[HDD (BASE 65) ]
TOTAL THIS MO.     2    CLEAR  (SCALE 0-3)  18
DPTR FM NORMAL   -28    PTCLDY (SCALE 4-7)   6
TOTAL FM JUL 1     2    CLOUDY (SCALE 8-10)  2
DPTR FM NORMAL   -28

[CDD (BASE 65) ]
TOTAL THIS MO.   204
DPTR FM NORMAL   119    [PRESSURE DATA]
TOTAL FM JAN 1   377    HIGHEST SLP M ON M
DPTR FM NORMAL   255    LOWEST  SLP 29.66 ON  9

[REMARKS]
