000
CXUS51 KBTV 250700
CF6SLK
PRELIMINARY LOCAL CLIMATOLOGICAL DATA (WS FORM: F-6)

                                          STATION:   SARANAC LAKE NY
                                          MONTH:     MAY
                                          YEAR:      2017
                                          LATITUDE:   44 23 N
                                          LONGITUDE:  74 12 W

  TEMPERATURE IN F:       :PCPN:    SNOW:  WIND      :SUNSHINE: SKY     :PK WND
================================================================================
1   2   3   4   5  6A  6B    7    8   9   10  11  12  13   14  15   16   17  18
                                     12Z  AVG MX 2MIN
DY MAX MIN AVG DEP HDD CDD  WTR  SNW DPTH SPD SPD DIR MIN PSBL S-S WX    SPD DR
================================================================================

 1  71  38  55  10  10   0 1.41    M    0  7.0 20 270   M    M   8 1      30 250
 2  56  41  49   4  16   0 0.18    M    0 10.4 23 240   M    M  10 1      36 240
 3  48  27  38  -7  27   0 0.10    M    0  7.3 22 230   M    M   7 1      35 240
 4  60  24  42  -4  23   0 0.08    M    0  4.3 21 180   M    M   4 1      27 180
 5  54  40  47   1  18   0 0.40    M    0  6.3 15 140   M    M  10 1      22 150
 6  65  45  55   8  10   0 0.75    M    0 12.8 26 180   M    M   7 1      35 180
 7  45  33  39  -8  26   0 0.32    M    0  7.6 18 230   M    M  10 1      25 240
 8  37  29  33 -14  32   0 0.07    M    0  5.7 15 240   M    M  10 1      21 250
 9  40  30  35 -13  30   0 0.07    M    0  3.7 10  60   M    M   9 18     16 220
10  50  31  41  -7  24   0 0.00  0.0    0  1.5  8  20   M    M  10        13  30
11  56  28  42  -6  23   0 0.00  0.0    0  6.9 17  40   M    M   4        30  50
12  67  29  48  -1  17   0 0.00  0.0    0  3.6 14  60   M    M   5 12     19  60
13  55  41  48  -1  17   0 0.29    M    0  2.8 13 160   M    M   7 1      16 170
14  51  42  47  -3  18   0 0.26    M    0  2.4  9 350   M    M  10 1      18 340
15  59  43  51   1  14   0 0.16  0.0    0  6.9 14 300   M    M   M 1      22 340
16  69  33  51   1  14   0 0.00  0.0    0  4.4 13 290   M    M   2 1      20 340
17  83  46  65  14   0   0    T    M    0 10.5 24 230   M    M   3        34 230
18  85  57  71  20   0   6    T  0.0    0 10.9 24 220   M    M   3 3      34 220
19  69  33  51   0  14   0    T    M    0  5.3 12 250   M    M   7        18 230
20  62  28  45  -7  20   0 0.00  0.0    0  6.4 18  60   M    M   0        25  60
21  67  28  48  -4  17   0 0.25    M    0  4.6 14 170   M    M   5 1      19 160
22  54  46  50  -2  15   0 0.55    M    0  7.2 14 230   M    M  10 1      18 220
23  67  42  55   2  10   0 0.00  0.0    0  5.6 15 220   M    M   4 1      20 220
24  72  37  55   2  10   0 0.00  0.0    0  2.9 10  70   M    M   4 12     14  60
================================================================================
SM 1442  871       405   6  4.89     0.0 147.0          M      149
================================================================================
AV 60.1 36.3                               6.1 FASTST   M    M   6    MAX(MPH)
                                 MISC ---->  # 26 180               # 36  240
================================================================================
NOTES:
# LAST OF SEVERAL OCCURRENCES

COLUMN 17 PEAK WIND IN M.P.H.

PRELIMINARY LOCAL CLIMATOLOGICAL DATA (WS FORM: F-6) , PAGE 2

                                          STATION:  SARANAC LAKE NY
                                          MONTH:    MAY
                                          YEAR:     2017
                                          LATITUDE:   44 23 N
                                          LONGITUDE:  74 12 W

[TEMPERATURE DATA]      [PRECIPITATION DATA]       SYMBOLS USED IN COLUMN 16

AVERAGE MONTHLY: 48.2   TOTAL FOR MONTH:   4.89    1 = FOG OR MIST
DPTR FM NORMAL:  -0.8   DPTR FM NORMAL:    2.32    2 = FOG REDUCING VISIBILITY
HIGHEST:    85 ON 18    GRTST 24HR  1.41 ON  1- 1      TO 1/4 MILE OR LESS
LOWEST:     24 ON  4                               3 = THUNDER
                        SNOW, ICE PELLETS, HAIL    4 = ICE PELLETS
                        TOTAL MONTH:   0.0 INCH    5 = HAIL
                        GRTST 24HR     0.0         6 = FREEZING RAIN OR DRIZZLE
                        GRTST DEPTH:   0           7 = DUSTSTORM OR SANDSTORM:
                                                       VSBY 1/2 MILE OR LESS
                                                   8 = SMOKE OR HAZE
[NO. OF DAYS WITH]      [WEATHER - DAYS WITH]      9 = BLOWING SNOW
                                                   X = TORNADO
MAX 32 OR BELOW:   0    0.01 INCH OR MORE:  14
MAX 90 OR ABOVE:   0    0.10 INCH OR MORE:  11
MIN 32 OR BELOW:   9    0.50 INCH OR MORE:   3
MIN  0 OR BELOW:   0    1.00 INCH OR MORE:   1

[HDD (BASE 65) ]
TOTAL THIS MO.   405    CLEAR  (SCALE 0-3)   2
DPTR FM NORMAL    19    PTCLDY (SCALE 4-7)  12
TOTAL FM JUL 1  8134    CLOUDY (SCALE 8-10)  9
DPTR FM NORMAL -1023

[CDD (BASE 65) ]
TOTAL THIS MO.     6
DPTR FM NORMAL     6    [PRESSURE DATA]
TOTAL FM JAN 1     6    HIGHEST SLP M ON M
DPTR FM NORMAL     6    LOWEST  SLP 29.50 ON 15

[REMARKS]
