000
CXUS51 KBTV 300700
CF6SLK
PRELIMINARY LOCAL CLIMATOLOGICAL DATA (WS FORM: F-6)

                                          STATION:   SARANAC LAKE NY
                                          MONTH:     AUGUST
                                          YEAR:      2016
                                          LATITUDE:   44 23 N
                                          LONGITUDE:  74 12 W

  TEMPERATURE IN F:       :PCPN:    SNOW:  WIND      :SUNSHINE: SKY     :PK WND
================================================================================
1   2   3   4   5  6A  6B    7    8   9   10  11  12  13   14  15   16   17  18
                                     12Z  AVG MX 2MIN
DY MAX MIN AVG DEP HDD CDD  WTR  SNW DPTH SPD SPD DIR MIN PSBL S-S WX    SPD DR
================================================================================

 1  72  58  65   2   0   0 0.01  0.0    0  4.1 13  50   M    M   9 1      34 340
 2  79  50  65   2   0   0 0.00  0.0    0  4.6 14  40   M    M   5 1      20 140
 3  82  45  64   1   1   0 0.00  0.0    0  4.1 15 220   M    M   4 12     19 210
 4  86  52  69   7   0   4 0.00  0.0    0  4.5 14 210   M    M   2        22 220
 5  87  53  70   8   0   5 0.34  0.0    0  9.8 22 220   M    M   2 18     30 180
 6  77  50  64   2   1   0 0.51  0.0    0  5.3 14 280   M    M   5 13     25 330
 7  74  47  61  -1   4   0    T    M    0  3.4 12 270   M    M   5 1      19 280
 8  78  43  61  -1   4   0 0.00  0.0    0  3.3 13 270   M    M   3 12     19 270
 9  84  42  63   1   2   0 0.00  0.0    0  3.9 17 210   M    M   0 1      21 200
10  84  52  68   6   0   3 0.01  0.0    0  6.2 17 200   M    M   3 12     28 310
11  89  56  73  11   0   8 0.00  0.0    0  4.1 15 220   M    M   2 12     20 220
12  87  66  77  15   0  12 0.21  0.0    0  6.4 23 220   M    M   8 1      27 210
13  78  66  72  10   0   7 0.57  0.0    M  5.5 15 220   M    M  10 13     21 220
14  80  64  72  10   0   7 0.02  0.0    0  8.5 16 240   M    M   8        24 220
15  77  52  65   3   0   0 0.00  0.0    0  1.9  8 230   M    M   5 1      10 240
16  72  49  61  -1   4   0 0.74    M    0  3.7 17 210   M    M   9 123    25 220
17  73  55  64   3   1   0 0.02  0.0    0  4.6 20 240   M    M   6 1      30 250
18  79  55  67   6   0   2 0.03  0.0    0  3.3 13 220   M    M   6 1      20 210
19  80  52  66   5   0   1 0.00  0.0    0  1.6 12  60   M    M   5 12     14  60
20  84  47  66   5   0   1 0.00  0.0    0  5.5 18 210   M    M   4 12     23 210
21  77  60  69   8   0   4 0.50  0.0    0 10.7 26 190   M    M   5 1      39 200
22  64  48  56  -5   9   0 0.00  0.0    0  5.9 14 310   M    M   6 1      23 300
23  75  37  56  -5   9   0 0.00  0.0    0  5.7 18 230   M    M   2 12     23 200
24  84  49  67   7   0   2 0.00  0.0    0  6.7 17 200   M    M   0 1      23 210
25  78  64  71  11   0   6    T  0.0    0  9.4 21 210   M    M   5 1      29 220
26  78  56  67   7   0   2 0.17  0.0    0  4.7 13 320   M    M   3 1      19 280
27  80  50  65   5   0   0 0.00  0.0    0  3.0 13  60   M    M   4 12     17 170
28  84  55  70  10   0   5 0.02  0.0    0  7.4 20 210   M    M   4        30 220
29  71  45  58  -2   7   0 0.00  0.0    0  4.6 13 290   M    M   4 1      21 280
================================================================================
SM 2293 1518        42  69  3.15     0.0 152.4          M      134
================================================================================
AV 79.1 52.3                               5.3 FASTST   M    M   5    MAX(MPH)
                                 MISC ---->  # 26 190               # 39  200
================================================================================
NOTES:
# LAST OF SEVERAL OCCURRENCES

COLUMN 17 PEAK WIND IN M.P.H.

PRELIMINARY LOCAL CLIMATOLOGICAL DATA (WS FORM: F-6) , PAGE 2

                                          STATION:  SARANAC LAKE NY
                                          MONTH:    AUGUST
                                          YEAR:     2016
                                          LATITUDE:   44 23 N
                                          LONGITUDE:  74 12 W

[TEMPERATURE DATA]      [PRECIPITATION DATA]       SYMBOLS USED IN COLUMN 16

AVERAGE MONTHLY: 65.7   TOTAL FOR MONTH:   3.15    1 = FOG OR MIST
DPTR FM NORMAL:   4.3   DPTR FM NORMAL:   -0.73    2 = FOG REDUCING VISIBILITY
HIGHEST:    89 ON 11    GRTST 24HR  0.85 ON  5- 6      TO 1/4 MILE OR LESS
LOWEST:     37 ON 23                               3 = THUNDER
                        SNOW, ICE PELLETS, HAIL    4 = ICE PELLETS
                        TOTAL MONTH:   0.0 INCH    5 = HAIL
                        GRTST 24HR     0.0         6 = FREEZING RAIN OR DRIZZLE
                        GRTST DEPTH:   0           7 = DUSTSTORM OR SANDSTORM:
                                                       VSBY 1/2 MILE OR LESS
                                                   8 = SMOKE OR HAZE
[NO. OF DAYS WITH]      [WEATHER - DAYS WITH]      9 = BLOWING SNOW
                                                   X = TORNADO
MAX 32 OR BELOW:   0    0.01 INCH OR MORE:  13
MAX 90 OR ABOVE:   0    0.10 INCH OR MORE:   7
MIN 32 OR BELOW:   0    0.50 INCH OR MORE:   4
MIN  0 OR BELOW:   0    1.00 INCH OR MORE:   0

[HDD (BASE 65) ]
TOTAL THIS MO.    42    CLEAR  (SCALE 0-3)   8
DPTR FM NORMAL   -92    PTCLDY (SCALE 4-7)  18
TOTAL FM JUL 1   115    CLOUDY (SCALE 8-10)  3
DPTR FM NORMAL  -113

[CDD (BASE 65) ]
TOTAL THIS MO.    69
DPTR FM NORMAL    40    [PRESSURE DATA]
TOTAL FM JAN 1   151    HIGHEST SLP M ON M
DPTR FM NORMAL    47    LOWEST  SLP 29.75 ON 12

[REMARKS]
