000
CXUS55 KLOX 191655
CF6SMX
PRELIMINARY LOCAL CLIMATOLOGICAL DATA (WS FORM: F-6)

                                          STATION:   SANTA MARIA AIRPORT CA
                                          MONTH:     DECEMBER
                                          YEAR:      2014
                                          LATITUDE:   34 54 N
                                          LONGITUDE: 120 27 W

  TEMPERATURE IN F:       :PCPN:    SNOW:  WIND      :SUNSHINE: SKY     :PK WND
================================================================================
1   2   3   4   5  6A  6B    7    8   9   10  11  12  13   14  15   16   17  18
                                     12Z  AVG MX 2MIN
DY MAX MIN AVG DEP HDD CDD  WTR  SNW DPTH SPD SPD DIR MIN PSBL S-S WX    SPD DR
================================================================================

 1  75  54  65  12   0   0    T  0.0    0  7.7 17 140   M    M   5         M  M
 2  68  59  64  12   1   0 0.71  0.0    0  9.9 26 140   M    M   8        33 140
 3  72  61  67  15   0   2 0.02  0.0    0  9.2 20 190   M    M   7        25 180
 4  71  56  64  12   1   0 0.02  0.0    0  4.6 15 170   M    M   7        17 170
 5  71  55  63  11   2   0    T  0.0    0  4.4 16 190   M    M   8        21 180
 6  73  54  64  12   1   0 0.00  0.0    0  3.1 13 310   M    M   3         M  M
 7  68  51  60   8   5   0 0.00  0.0    0  3.7 15 290   M    M   3 18      M  M
 8  70  50  60   8   5   0 0.00  0.0    0  3.7 17 300   M    M   3 128    22  70
 9  70  47  59   7   6   0 0.00  0.0    0  5.2 23 300   M    M   2 1      29 290
10  67  48  58   7   7   0 0.00  0.0    0  4.3 12 290   M    M   5 18     16  10
11  67  56  62  11   3   0 2.00  0.0    0 14.2 23 160   M    M   7        44 150
12  67  49  58   7   7   0 1.11    M    M  8.2 36 140   M    M   6 18     47 140
13  65  43  54   3  11   0 0.00  0.0    0  4.5 14 300   M    M   1        20 320
14  64  42  53   2  12   0 0.00  0.0    0  2.5  8 260   M    M   2        11 180
15  67  47  57   6   8   0 0.12    M    0  9.5 26 140   M    M   7        37 160
16  65  48  57   6   8   0 0.26    M    0  4.7 15 120   M    M   6 1      16 110
17  61  46  54   3  11   0    T    M    0  3.3 12 260   M    M   5 1      15 260
18  65  50  58   7   7   0    T  0.0    0  4.6 13 110   M    M   6        15 110
================================================================================
SM 1226  916        95   2  4.24     0.0 107.3          M       91
================================================================================
AV 68.1 50.9                               6.0 FASTST   M    M   5    MAX(MPH)
                                 MISC ---->  # 36 140               # 47  140
================================================================================
NOTES:
# LAST OF SEVERAL OCCURRENCES

COLUMN 17 PEAK WIND IN M.P.H.

PRELIMINARY LOCAL CLIMATOLOGICAL DATA (WS FORM: F-6) , PAGE 2

                                          STATION:  SANTA MARIA AIRPORT CA
                                          MONTH:    DECEMBER
                                          YEAR:     2014
                                          LATITUDE:   34 54 N
                                          LONGITUDE: 120 27 W

[TEMPERATURE DATA]      [PRECIPITATION DATA]       SYMBOLS USED IN COLUMN 16

AVERAGE MONTHLY: 59.5   TOTAL FOR MONTH:   4.24    1 = FOG OR MIST
DPTR FM NORMAL:   7.9   DPTR FM NORMAL:    3.15    2 = FOG REDUCING VISIBILITY
HIGHEST:    75 ON  1    GRTST 24HR  2.00 ON 11-11      TO 1/4 MILE OR LESS
LOWEST:     42 ON 14                               3 = THUNDER
                        SNOW, ICE PELLETS, HAIL    4 = ICE PELLETS
                        TOTAL MONTH:   0.0 INCH    5 = HAIL
                        GRTST 24HR     0.0         6 = FREEZING RAIN OR DRIZZLE
                        GRTST DEPTH:   0           7 = DUSTSTORM OR SANDSTORM:
                                                       VSBY 1/2 MILE OR LESS
                                                   8 = SMOKE OR HAZE
[NO. OF DAYS WITH]      [WEATHER - DAYS WITH]      9 = BLOWING SNOW
                                                   X = TORNADO
MAX 32 OR BELOW:   0    0.01 INCH OR MORE:   7
MAX 90 OR ABOVE:   0    0.10 INCH OR MORE:   5
MIN 32 OR BELOW:   0    0.50 INCH OR MORE:   3
MIN  0 OR BELOW:   0    1.00 INCH OR MORE:   2

[HDD (BASE 65) ]
TOTAL THIS MO.    95    CLEAR  (SCALE 0-3)   6
DPTR FM NORMAL  -147    PTCLDY (SCALE 4-7)  12
TOTAL FM JUL 1   193    CLOUDY (SCALE 8-10)  0
DPTR FM NORMAL  -695

[CDD (BASE 65) ]
TOTAL THIS MO.     2
DPTR FM NORMAL     2    [PRESSURE DATA]
TOTAL FM JAN 1   568    HIGHEST SLP M ON M
DPTR FM NORMAL   464    LOWEST  SLP 29.73 ON 12

[REMARKS]
