000
CXUS54 KOUN 270800
CF6SPS
PRELIMINARY LOCAL CLIMATOLOGICAL DATA (WS FORM: F-6)

                                          STATION:   WICHITA FALLS
                                          MONTH:     JANUARY
                                          YEAR:      2015
                                          LATITUDE:   33 58 N
                                          LONGITUDE:  98 29 W

  TEMPERATURE IN F:       :PCPN:    SNOW:  WIND      :SUNSHINE: SKY     :PK WND
================================================================================
1   2   3   4   5  6A  6B    7    8   9   10  11  12  13   14  15   16   17  18
                                     12Z  AVG MX 2MIN
DY MAX MIN AVG DEP HDD CDD  WTR  SNW DPTH SPD SPD DIR MIN PSBL S-S WX    SPD DR
================================================================================

 1  31  25  28 -13  37   0 0.01    T    T  3.4 10 330   M    M   9 16     12 330
 2  36  30  33  -8  32   0 0.72  0.0    0  6.2 17  20   M    M  10 16     20  20
 3  49  34  42   1  23   0 0.02  0.0    0 10.5 22 230   M    M   7 1      27 230
 4  37  21  29 -12  36   0 0.00  0.0    0 13.5 35 340   M    M   1        40 330
 5  46  19  33  -8  32   0 0.00  0.0    0 10.2 22 190   M    M   1        26 170
 6  52  26  39  -2  26   0 0.00  0.0    0  9.6 21  50   M    M   1 18     25  40
 7  32  18  25 -17  40   0 0.00  0.0    0 19.4 38  20   M    M   2        45  20
 8  40  14  27 -15  38   0 0.00  0.0    0 10.3 25 190   M    M   1        32 190
 9  36  23  30 -12  35   0 0.00  0.0    0 12.6 23  30   M    M   4        28  30
10  40  26  33  -9  32   0 0.00  0.0    0  9.7 18 190   M    M  10        22 190
11  50  34  42   0  23   0 0.00  0.0    0  9.5 16 150   M    M   9 1      20 150
12  40  32  36  -6  29   0 0.00  0.0    0 16.5 28  10   M    M  10 18     33  10
13  35  27  31 -11  34   0 0.00  0.0    0 10.0 17  10   M    M   7        20  10
14  38  29  34  -8  31   0 0.00  0.0    0  3.8  9 310   M    M   9        11 310
15  57  32  45   3  20   0 0.00  0.0    0  6.8 14 330   M    M   4        18 330
16  63  26  45   3  20   0 0.00  0.0    0  7.9 17 230   M    M   1        20 180
17  69  40  55  13  10   0 0.00  0.0    0 15.6 32 360   M    M   0        38 360
18  73  32  53  11  12   0 0.00  0.0    0 14.2 26 220   M    M   0        33 220
19  70  38  54  12  11   0 0.00  0.0    0  6.4 16 220   M    M   0        20 210
20  67  33  50   8  15   0 0.00  0.0    0 11.8 24  50   M    M   1        29  50
21  55  34  45   3  20   0 0.25  0.0    0 10.0 26  60   M    M   6 1      32  60
22  41  33  37  -5  28   0 0.44    T    T 14.4 25  50   M    M  10 1      30  30
23  50  34  42   0  23   0 0.00  0.0    0 10.4 18 290   M    M   5        24 280
24  61  32  47   5  18   0 0.00  0.0    0 11.1 15 220   M    M   0        20 280
25  63  38  51   9  14   0 0.00  0.0    0 15.2 31 340   M    M   0        40 340
26  74  33  54  11  11   0 0.00  0.0    0  8.0 17 220   M    M   0        22 260
================================================================================
SM 1305  763       650   0  1.44    T    277.0          M      108
================================================================================
AV 50.2 29.3                              10.7 FASTST   M    M   4    MAX(MPH)
                                 MISC ---->  # 38  20               # 45   20
================================================================================
NOTES:
# LAST OF SEVERAL OCCURRENCES

COLUMN 17 PEAK WIND IN M.P.H.

PRELIMINARY LOCAL CLIMATOLOGICAL DATA (WS FORM: F-6) , PAGE 2

                                          STATION:  WICHITA FALLS
                                          MONTH:    JANUARY
                                          YEAR:     2015
                                          LATITUDE:   33 58 N
                                          LONGITUDE:  98 29 W

[TEMPERATURE DATA]      [PRECIPITATION DATA]       SYMBOLS USED IN COLUMN 16

AVERAGE MONTHLY: 39.8   TOTAL FOR MONTH:   1.44    1 = FOG OR MIST
DPTR FM NORMAL:  -2.0   DPTR FM NORMAL:    0.50    2 = FOG REDUCING VISIBILITY
HIGHEST:    74 ON 26    GRTST 24HR  0.74 ON  2- 3      TO 1/4 MILE OR LESS
LOWEST:     14 ON  8                               3 = THUNDER
                        SNOW, ICE PELLETS, HAIL    4 = ICE PELLETS
                        TOTAL MONTH:    T          5 = HAIL
                        GRTST 24HR    T  ON 22-22  6 = FREEZING RAIN OR DRIZZLE
                        GRTST DEPTH:   0           7 = DUSTSTORM OR SANDSTORM:
                                                       VSBY 1/2 MILE OR LESS
                                                   8 = SMOKE OR HAZE
[NO. OF DAYS WITH]      [WEATHER - DAYS WITH]      9 = BLOWING SNOW
                                                   X = TORNADO
MAX 32 OR BELOW:   2    0.01 INCH OR MORE:   5
MAX 90 OR ABOVE:   0    0.10 INCH OR MORE:   3
MIN 32 OR BELOW:  16    0.50 INCH OR MORE:   1
MIN  0 OR BELOW:   0    1.00 INCH OR MORE:   0

[HDD (BASE 65) ]
TOTAL THIS MO.   650    CLEAR  (SCALE 0-3)  13
DPTR FM NORMAL    46    PTCLDY (SCALE 4-7)   6
TOTAL FM JUL 1  1752    CLOUDY (SCALE 8-10)  7
DPTR FM NORMAL   -49

[CDD (BASE 65) ]
TOTAL THIS MO.     0
DPTR FM NORMAL     0    [PRESSURE DATA]
TOTAL FM JAN 1     0    HIGHEST SLP M ON M
DPTR FM NORMAL     0    LOWEST  SLP 29.79 ON  3

[REMARKS]
