000
CXUS55 KTBW 291000
CF6SRQ
PRELIMINARY LOCAL CLIMATOLOGICAL DATA (WS FORM: F-6)

                                          STATION:   Sarasota Bradenton
                                          MONTH:     SEPTEMBER
                                          YEAR:      2016
                                          LATITUDE:   27 23 N
                                          LONGITUDE:  82 33 W

  TEMPERATURE IN F:       :PCPN:    SNOW:  WIND      :SUNSHINE: SKY     :PK WND
================================================================================
1   2   3   4   5  6A  6B    7    8   9   10  11  12  13   14  15   16   17  18
                                     12Z  AVG MX 2MIN
DY MAX MIN AVG DEP HDD CDD  WTR  SNW DPTH SPD SPD DIR MIN PSBL S-S WX    SPD DR
================================================================================

 1  85  77  81  -1   0  16 0.68  0.0    0 19.6 40 190   M    M   7 13     54 200
 2  85  76  81  -1   0  16 1.94  0.0    0 16.7 41 260   M    M   7 1238   52 230
 3  89  76  83   1   0  18 0.04  0.0    0  5.7 18 340   M    M   3        23 330
 4  91  76  84   2   0  19 0.00  0.0    0  6.8 15  80   M    M   1        18  70
 5  92  76  84   2   0  19    T  0.0    0  8.4 16  50   M    M   3 3      21  40
 6  92  76  84   2   0  19 0.00  0.0    0  8.7 15  60   M    M   2        20  70
 7  93  76  85   3   0  20 0.01  0.0    0  6.9 16 180   M    M   3 3      19 180
 8  95  76  86   4   0  21 0.05  0.0    0  7.5 17 100   M    M   4 3      21 100
 9  95  78  87   5   0  22 0.02  0.0    0  7.4 13 150   M    M   3        15 100
10  95  78  87   5   0  22    T  0.0    0  7.7 16 290   M    M   2        19 280
11  95  78  87   5   0  22 0.00  0.0    0  7.1 16 110   M    M   2        20  80
12  93  77  85   3   0  20 0.37  0.0    0  7.1 23  80   M    M   1 3      32  60
13  89  77  83   1   0  18 0.00  0.0    0  7.2 18 160   M    M   1        23 150
14  90  78  84   2   0  19 0.18  0.0    0  8.3 18 230   M    M   1 1      23 220
15  90  78  84   2   0  19 0.00  0.0    0  4.7 12 270   M    M   0        14 270
16  95  78  87   5   0  22 0.17  0.0    0  5.2 14 280   M    M   4 38     16 280
17  92  78  85   3   0  20 0.45  0.0    0  6.3 22 290   M    M   2 38     27 290
18  91  78  85   4   0  20    T  0.0    0  5.0 13 260   M    M   1 3      16 270
19  91  79  85   4   0  20 0.00  0.0    0  5.5 12 270   M    M   1 3      15 250
20  91  77  84   3   0  19 0.00  0.0    0  5.1 13 270   M    M   1        16 270
21  92  77  85   4   0  20 0.00  0.0    0  5.4 15 280   M    M   1 3      18 280
22  91  76  84   3   0  19 0.00  0.0    0  5.6 13 290   M    M   0        16 280
23  92  77  85   4   0  20 0.00  0.0    0  4.6 15 280   M    M   0        18 280
24  93  77  85   4   0  20 0.00  0.0    0  6.4 14 270   M    M   1 3      19 270
25  93  73  83   2   0  18 0.17  0.0    0  5.8 28 110   M    M   2 3      34 100
26  90  73  82   1   0  17 0.56  0.0    0  6.2 20  80   M    M   1 13     24  70
27  90  73  82   2   0  17 0.00  0.0    0  4.5 12 280   M    M   1        17 260
28  90  75  83   3   0  18 0.08  0.0    0  6.6 22 310   M    M   1 13     27 310
================================================================================
SM 2560 2144         0 540  4.72     0.0 202.0          M       56
================================================================================
AV 91.4 76.6                               7.2 FASTST   M    M   2    MAX(MPH)
                                 MISC ---->  # 41 260               # 54  200
================================================================================
NOTES:
# LAST OF SEVERAL OCCURRENCES

COLUMN 17 PEAK WIND IN M.P.H.

PRELIMINARY LOCAL CLIMATOLOGICAL DATA (WS FORM: F-6) , PAGE 2

                                          STATION:  Sarasota Bradenton
                                          MONTH:    SEPTEMBER
                                          YEAR:     2016
                                          LATITUDE:   27 23 N
                                          LONGITUDE:  82 33 W

[TEMPERATURE DATA]      [PRECIPITATION DATA]       SYMBOLS USED IN COLUMN 16

AVERAGE MONTHLY: 84.0   TOTAL FOR MONTH:   4.72    1 = FOG OR MIST
DPTR FM NORMAL:   2.5   DPTR FM NORMAL:   -2.09    2 = FOG REDUCING VISIBILITY
HIGHEST:    95 ON 16,11 GRTST 24HR  7.66 ON 31- 1      TO 1/4 MILE OR LESS
LOWEST:     73 ON 27,26                            3 = THUNDER
                        SNOW, ICE PELLETS, HAIL    4 = ICE PELLETS
                        TOTAL MONTH:   0.0 INCH    5 = HAIL
                        GRTST 24HR     0.0         6 = FREEZING RAIN OR DRIZZLE
                        GRTST DEPTH:   0           7 = DUSTSTORM OR SANDSTORM:
                                                       VSBY 1/2 MILE OR LESS
                                                   8 = SMOKE OR HAZE
[NO. OF DAYS WITH]      [WEATHER - DAYS WITH]      9 = BLOWING SNOW
                                                   X = TORNADO
MAX 32 OR BELOW:   0    0.01 INCH OR MORE:  13
MAX 90 OR ABOVE:  24    0.10 INCH OR MORE:   8
MIN 32 OR BELOW:   0    0.50 INCH OR MORE:   3
MIN  0 OR BELOW:   0    1.00 INCH OR MORE:   1

[HDD (BASE 65) ]
TOTAL THIS MO.     0    CLEAR  (SCALE 0-3)  22
DPTR FM NORMAL     0    PTCLDY (SCALE 4-7)   6
TOTAL FM JUL 1     0    CLOUDY (SCALE 8-10)  0
DPTR FM NORMAL     0

[CDD (BASE 65) ]
TOTAL THIS MO.   540
DPTR FM NORMAL    77    [PRESSURE DATA]
TOTAL FM JAN 1  3319    HIGHEST SLP M ON M
DPTR FM NORMAL   559    LOWEST  SLP 29.75 ON  1

[REMARKS]
