000
CXUS55 KTBW 231000
CF6SRQ
PRELIMINARY LOCAL CLIMATOLOGICAL DATA (WS FORM: F-6)

                                          STATION:   Sarasota Bradenton
                                          MONTH:     APRIL
                                          YEAR:      2014
                                          LATITUDE:   27 23 N
                                          LONGITUDE:  82 33 W

  TEMPERATURE IN F:       :PCPN:    SNOW:  WIND      :SUNSHINE: SKY     :PK WND
================================================================================
1   2   3   4   5  6A  6B    7    8   9   10  11  12  13   14  15   16   17  18
                                     12Z  AVG MX 2MIN
DY MAX MIN AVG DEP HDD CDD  WTR  SNW DPTH SPD SPD DIR MIN PSBL S-S WX    SPD DR
================================================================================

 1  80  53  67  -2   0   2 0.00  0.0    0  5.8 15 270   M    M   0 1      18 280
 2  79  59  69   0   0   4 0.00  0.0    0  6.5 14 140   M    M   0        16 150
 3  79  60  70   1   0   5 0.00  0.0    0  9.0 20 200   M    M   0        24 210
 4  81  60  71   2   0   6 0.00  0.0    0  7.9 21 200   M    M   0        24 190
 5  80  59  70   0   0   5 0.00  0.0    0  4.5 12 250   M    M   1 12     15 250
 6  82  63  73   3   0   8 0.00  0.0    0  8.1 22 190   M    M   0 1      28 180
 7  84  66  75   5   0  10 0.00  0.0    0 15.6 29 180   M    M   2        38 170
 8  78  68  73   3   0   8 0.64  0.0    0 18.0 30 280   M    M   7 13     36 300
 9  72  58  65  -5   0   0 0.01  0.0    0 14.2 28 300   M    M   3        35 300
10  80  55  68  -2   0   3 0.00  0.0    0  7.3 14 130   M    M   1        21 160
11  83  57  70   0   0   5 0.00  0.0    0  7.8 16 280   M    M   1        20 280
12  85  64  75   5   0  10 0.00  0.0    0  9.0 16 100   M    M   3        21 100
13  87  63  75   4   0  10    T  0.0    0  9.2 20 160   M    M   4        25 160
14  83  69  76   5   0  11 0.00  0.0    0  9.2 17 220   M    M   2        21 200
15  83  64  74   3   0   9 0.02  0.0    0 15.1 25 270   M    M   7 1      32 190
16  79  55  67  -4   0   2 0.00  0.0    0 11.5 21  90   M    M   4        25  90
17  87  63  75   4   0  10 0.11  0.0    0 13.5 28 120   M    M   5        35 130
18  81  67  74   2   0   9 0.46  0.0    0 10.2 26 170   M    M   7 138    35 180
19  74  64  69  -3   0   4    T  0.0    0 13.9 22 290   M    M   8        27 280
20  75  60  68  -4   0   3 0.00  0.0    0  7.7 17 310   M    M   6        20 310
21  76  60  68  -4   0   3 0.00  0.0    0  5.9 13  40   M    M   7        17  10
22  77  57  67  -5   0   2 0.00  0.0    0  6.4 16 290   M    M   3 1      19 300
================================================================================
SM 1765 1344         0 129  1.24     0.0 216.3          M       71
================================================================================
AV 80.2 61.1                               9.8 FASTST   M    M   3    MAX(MPH)
                                 MISC ---->  # 30 280               # 38  170
================================================================================
NOTES:
# LAST OF SEVERAL OCCURRENCES

COLUMN 17 PEAK WIND IN M.P.H.

PRELIMINARY LOCAL CLIMATOLOGICAL DATA (WS FORM: F-6) , PAGE 2

                                          STATION:  Sarasota Bradenton
                                          MONTH:    APRIL
                                          YEAR:     2014
                                          LATITUDE:   27 23 N
                                          LONGITUDE:  82 33 W

[TEMPERATURE DATA]      [PRECIPITATION DATA]       SYMBOLS USED IN COLUMN 16

AVERAGE MONTHLY: 70.7   TOTAL FOR MONTH:   1.24    1 = FOG OR MIST
DPTR FM NORMAL:   0.2   DPTR FM NORMAL:   -0.64    2 = FOG REDUCING VISIBILITY
HIGHEST:    87 ON 17,13 GRTST 24HR  0.65 ON  8- 9      TO 1/4 MILE OR LESS
LOWEST:     53 ON  1                               3 = THUNDER
                        SNOW, ICE PELLETS, HAIL    4 = ICE PELLETS
                        TOTAL MONTH:   0.0 INCH    5 = HAIL
                        GRTST 24HR     0.0         6 = FREEZING RAIN OR DRIZZLE
                        GRTST DEPTH:   0           7 = DUSTSTORM OR SANDSTORM:
                                                       VSBY 1/2 MILE OR LESS
                                                   8 = SMOKE OR HAZE
[NO. OF DAYS WITH]      [WEATHER - DAYS WITH]      9 = BLOWING SNOW
                                                   X = TORNADO
MAX 32 OR BELOW:   0    0.01 INCH OR MORE:   5
MAX 90 OR ABOVE:   0    0.10 INCH OR MORE:   3
MIN 32 OR BELOW:   0    0.50 INCH OR MORE:   1
MIN  0 OR BELOW:   0    1.00 INCH OR MORE:   0

[HDD (BASE 65) ]
TOTAL THIS MO.     0    CLEAR  (SCALE 0-3)  13
DPTR FM NORMAL    -8    PTCLDY (SCALE 4-7)   8
TOTAL FM JUL 1   345    CLOUDY (SCALE 8-10)  1
DPTR FM NORMAL  -130

[CDD (BASE 65) ]
TOTAL THIS MO.   129
DPTR FM NORMAL    -1    [PRESSURE DATA]
TOTAL FM JAN 1   331    HIGHEST SLP M ON M
DPTR FM NORMAL    -3    LOWEST  SLP 29.73 ON  8

[REMARKS]
