000
CXUS54 KEPZ 251200
CF6SRR
PRELIMINARY LOCAL CLIMATOLOGICAL DATA (WS FORM: F-6)

                                          STATION:   RUIDOSO        AWOS
                                          MONTH:     APRIL
                                          YEAR:      2017
                                          LATITUDE:   33 28 N
                                          LONGITUDE: 105 32 W

  TEMPERATURE IN F:       :PCPN:    SNOW:  WIND      :SUNSHINE: SKY     :PK WND
================================================================================
1   2   3   4   5  6A  6B    7    8   9   10  11  12  13   14  15   16   17  18
                                     12Z  AVG MX 2MIN
DY MAX MIN AVG DEP HDD CDD  WTR  SNW DPTH SPD SPD DIR MIN PSBL S-S WX    SPD DR
================================================================================

 1  39  32  36   M  29   0    T    T    0  5.8 14 100   M    M   9 13     17 320
 2  54  28  41   M  24   0 0.00  0.0    0 10.6 21 280   M    M   4 2      35 320
 3  63  45  54   M  11   0 0.00  0.0    0 18.1 30 240   M    M   1        47 240
 4  52  28  40   M  25   0 0.00  0.0    0 18.3 32 310   M    M   3        51 310
 5  57  28  43   M  22   0 0.00  0.0    0  6.3 13 310   M    M   0        18 310
 6  68  37  53   M  12   0 0.00  0.0    0  8.3 21 110   M    M   0        24 110
 7  73  43  58   M   7   0 0.00  0.0    0 10.1 20 240   M    M   0        28 220
 8  72  55  64   M   1   0 0.00  0.0    0 11.7 22 230   M    M   0        31 270
 9  66  46  56   M   9   0 0.00  0.0    0 18.1 28 260   M    M   0        39 250
10  63  37  50   M  15   0 0.00  0.0    0  8.7 15 140   M    M   1        21 100
11  66  37  52   M  13   0 0.00  0.0    0 10.5 23 120   M    M   2        28 120
12  54  41  48   M  17   0 0.00  0.0    0  6.7 16  50   M    M   8 12     22 120
13  68  37  53   M  12   0 0.00  0.0    0  7.9 17 240   M    M   1        23 230
14  72  45  59   M   6   0 0.00  0.0    0 12.4 27 230   M    M   0        35 220
15  73  50  62   M   3   0 0.00  0.0    0 11.2 21 220   M    M   0        31 190
16  73  50  62   M   3   0 0.00  0.0    0 10.4 17 220   M    M   0        33 240
17  73  41  57   M   8   0 0.00  0.0    0  6.1 17 130   M    M   0        22 130
18  75  46  61   M   4   0 0.00  0.0    0 10.2 17 220   M    M   0        25 230
19  75  50  63   M   2   0 0.00  0.0    0 11.5 22 210   M    M   1        27 210
20  66  45  56   M   9   0 0.00  0.0    0 10.3 18 110   M    M   0        24 110
21  73  45  59   M   6   0 0.00  0.0    0 10.8 23 320   M    M   0        30 300
22  54  37  46   M  19   0 0.00  0.0    0  9.4 14 110   M    M   5        18 130
23  72  34  53   M  12   0 0.00  0.0    0 10.3 25 210   M    M   0        31 210
24  75  52  64   M   1   0 0.00  0.0    0 19.7 36 240   M    M   0        45 240
================================================================================
SM 1576  989       270   0    T     T    263.4          M       35
================================================================================
AV 65.7 41.2                              11.0 FASTST   M    M   1    MAX(MPH)
                                 MISC ---->  # 36 240               # 51  310
================================================================================
NOTES:
# LAST OF SEVERAL OCCURRENCES

COLUMN 17 PEAK WIND IN M.P.H.

PRELIMINARY LOCAL CLIMATOLOGICAL DATA (WS FORM: F-6) , PAGE 2

                                          STATION:  RUIDOSO        AWOS
                                          MONTH:    APRIL
                                          YEAR:     2017
                                          LATITUDE:   33 28 N
                                          LONGITUDE: 105 32 W

[TEMPERATURE DATA]      [PRECIPITATION DATA]       SYMBOLS USED IN COLUMN 16

AVERAGE MONTHLY: 53.4   TOTAL FOR MONTH:      T    1 = FOG OR MIST
DPTR FM NORMAL:     M   DPTR FM NORMAL:       M    2 = FOG REDUCING VISIBILITY
HIGHEST:    75 ON 24,19 GRTST 24HR    T  ON  1- 1      TO 1/4 MILE OR LESS
LOWEST:     28 ON  5, 4                            3 = THUNDER
                        SNOW, ICE PELLETS, HAIL    4 = ICE PELLETS
                        TOTAL MONTH:    T          5 = HAIL
                        GRTST 24HR    T  ON  1- 1  6 = FREEZING RAIN OR DRIZZLE
                        GRTST DEPTH:   0           7 = DUSTSTORM OR SANDSTORM:
                                                       VSBY 1/2 MILE OR LESS
                                                   8 = SMOKE OR HAZE
[NO. OF DAYS WITH]      [WEATHER - DAYS WITH]      9 = BLOWING SNOW
                                                   X = TORNADO
MAX 32 OR BELOW:   0    0.01 INCH OR MORE:   0
MAX 90 OR ABOVE:   0    0.10 INCH OR MORE:   0
MIN 32 OR BELOW:   4    0.50 INCH OR MORE:   0
MIN  0 OR BELOW:   0    1.00 INCH OR MORE:   0

[HDD (BASE 65) ]
TOTAL THIS MO.   270    CLEAR  (SCALE 0-3)  19
DPTR FM NORMAL     M    PTCLDY (SCALE 4-7)   3
TOTAL FM JUL 1  3566    CLOUDY (SCALE 8-10)  2
DPTR FM NORMAL     M

[CDD (BASE 65) ]
TOTAL THIS MO.     0
DPTR FM NORMAL     M    [PRESSURE DATA]
TOTAL FM JAN 1     0    HIGHEST SLP M ON M
DPTR FM NORMAL     M    LOWEST  SLP M ON M

[REMARKS]
