000
CXUS53 KMPX 220700
CF6STC
PRELIMINARY LOCAL CLIMATOLOGICAL DATA (WS FORM: F-6)

                                          STATION:   ST CLOUD MN
                                          MONTH:     NOVEMBER
                                          YEAR:      2014
                                          LATITUDE:   45 32 N
                                          LONGITUDE:  94  4 W

  TEMPERATURE IN F:       :PCPN:    SNOW:  WIND      :SUNSHINE: SKY     :PK WND
================================================================================
1   2   3   4   5  6A  6B    7    8   9   10  11  12  13   14  15   16   17  18
                                     12Z  AVG MX 2MIN
DY MAX MIN AVG DEP HDD CDD  WTR  SNW DPTH SPD SPD DIR MIN PSBL S-S WX    SPD DR
================================================================================

 1  45  21  33  -6  32   0 0.00  0.0    0 11.6 23 150   M    M   0        29 150
 2  57  36  47   9  18   0 0.00  0.0    0 12.7 24 170   M    M   0        30 180
 3  51  39  45   7  20   0    T  0.0    0  7.1 22 300   M    M   6        28 310
 4  51  33  42   5  23   0 0.00  0.0    0 13.1 25 290   M    M   6 8      36 280
 5  41  31  36   0  29   0 0.25    T    0  5.7 14 350   M    M   9 1      19  40
 6  42  30  36   0  29   0 0.00  0.0    0  6.6 15 320   M    M   6        19 290
 7  48  30  39   4  26   0 0.02  0.0    0 13.9 33 320   M    M   8 1      44 310
 8  43  33  38   3  27   0 0.00  0.0    0 14.0 28 310   M    M   8        36 330
 9  39  28  34   0  31   0    T  0.0    0  5.8 15 330   M    M   5        19 320
10  31  24  28  -6  37   0 1.24 13.2    2 14.3 23 360   M    M  10 128    33 350
11  25  12  19 -14  46   0 0.01  0.3   11 12.7 21 340   M    M   8        30 350
12  25   8  17 -15  48   0    T    T   11  9.2 15 310   M    M   8        19 300
13  24   7  16 -16  49   0    T    T   10 12.2 20 310   M    M   7 8      23 310
14  21  -2  10 -21  55   0    T    T    8  4.5 12 260   M    M   0 18     13 260
15  21  -6   8 -23  57   0 0.09  0.8    7  1.5  7 140   M    M   8 18      8 140
16  18   1  10 -20  55   0    T    T    7 10.7 22 300   M    M   4 18     27 300
17  18   6  12 -18  53   0    T    T    0 17.2 28 300   M    M   3        35 300
18  18   5  12 -17  53   0 0.02  1.1    6  9.9 20 300   M    M   8 1      25 300
19  25  13  19  -9  46   0    T  0.3    7 15.7 28 300   M    M   8 18     36 310
20  18  -4   7 -21  58   0 0.00  0.0    6  9.0 18 300   M    M   0        22 310
21   M   M   M   M   M   M    M    M    M   M   M   M   M    M   M         M  M
================================================================================
SM  661  345       792   0  1.63    15.7 207.4          M      112
================================================================================
AV 33.0 17.2                              10.4 FASTST   M    M   6    MAX(MPH)
                                 MISC ---->  # 33 320               # 44  310
================================================================================
NOTES:
# LAST OF SEVERAL OCCURRENCES

COLUMN 17 PEAK WIND IN M.P.H.

PRELIMINARY LOCAL CLIMATOLOGICAL DATA (WS FORM: F-6) , PAGE 2

                                          STATION:  ST CLOUD MN
                                          MONTH:    NOVEMBER
                                          YEAR:     2014
                                          LATITUDE:   45 32 N
                                          LONGITUDE:  94  4 W

[TEMPERATURE DATA]      [PRECIPITATION DATA]       SYMBOLS USED IN COLUMN 16

AVERAGE MONTHLY: 25.1   TOTAL FOR MONTH:   1.63    1 = FOG OR MIST
DPTR FM NORMAL:  -7.9   DPTR FM NORMAL:    0.61    2 = FOG REDUCING VISIBILITY
HIGHEST:    57 ON  2    GRTST 24HR  1.24 ON 10-10      TO 1/4 MILE OR LESS
LOWEST:     -6 ON 15                               3 = THUNDER
                        SNOW, ICE PELLETS, HAIL    4 = ICE PELLETS
                        TOTAL MONTH:  15.7 INCHES  5 = HAIL
                        GRTST 24HR  13.2 ON   M    6 = FREEZING RAIN OR DRIZZLE
                        GRTST DEPTH:  11 ON 12,11  7 = DUSTSTORM OR SANDSTORM:
                                                       VSBY 1/2 MILE OR LESS
                                                   8 = SMOKE OR HAZE
[NO. OF DAYS WITH]      [WEATHER - DAYS WITH]      9 = BLOWING SNOW
                                                   X = TORNADO
MAX 32 OR BELOW:  11    0.01 INCH OR MORE:   6
MAX 90 OR ABOVE:   0    0.10 INCH OR MORE:   2
MIN 32 OR BELOW:  16    0.50 INCH OR MORE:   1
MIN  0 OR BELOW:   3    1.00 INCH OR MORE:   1

[HDD (BASE 65) ]
TOTAL THIS MO.   792    CLEAR  (SCALE 0-3)   5
DPTR FM NORMAL   120    PTCLDY (SCALE 4-7)  13
TOTAL FM JUL 1  1468    CLOUDY (SCALE 8-10)  2
DPTR FM NORMAL   -89

[CDD (BASE 65) ]
TOTAL THIS MO.     0
DPTR FM NORMAL     0    [PRESSURE DATA]
TOTAL FM JAN 1   597    HIGHEST SLP M ON M
DPTR FM NORMAL   132    LOWEST  SLP 29.69 ON  7

[REMARKS]
