000
CXUS55 KEAX 260736
CF6STJ
PRELIMINARY LOCAL CLIMATOLOGICAL DATA (WS FORM: F-6)

                                          STATION:   ST. JOSEPH MO
                                          MONTH:     SEPTEMBER
                                          YEAR:      2016
                                          LATITUDE:   39 46 N
                                          LONGITUDE:  94 55 W

  TEMPERATURE IN F:       :PCPN:    SNOW:  WIND      :SUNSHINE: SKY     :PK WND
================================================================================
1   2   3   4   5  6A  6B    7    8   9   10  11  12  13   14  15   16   17  18
                                     12Z  AVG MX 2MIN
DY MAX MIN AVG DEP HDD CDD  WTR  SNW DPTH SPD SPD DIR MIN PSBL S-S WX    SPD DR
================================================================================

 1  81  56  69  -3   0   4 0.00    M    M  5.5 14  70   M    M   1 18     19  50
 2  77  57  67  -5   0   2 0.00    M    M  6.4 14 100   M    M   2 8      17 140
 3  79  57  68  -3   0   3 0.00    M    M  7.7 15 140   M    M   3        20 160
 4  82  61  72   1   0   7 0.00    M    M 10.3 21 170   M    M   1        26 160
 5  89  68  79   8   0  14 0.00    M    M 12.1 24 200   M    M   1        32 180
 6  90  75  83  13   0  18 0.00    M    M 12.1 24 180   M    M   1        29 180
 7  87  76  82  12   0  17 0.11    M    M 10.4 23 210   M    M   6 13     27 200
 8  83  74  79   9   0  14 0.37    M    M  7.2 18 230   M    M   7 138    24 240
 9  86  65  76   7   0  11 0.60    M    M  7.6 20 330   M    M   5 138    28 310
10  75  54  65  -4   0   0 0.00    M    M  7.7 21 330   M    M   1 18     30 330
11  77  50  64  -4   1   0 0.00    M    M  7.3 17 180   M    M   0 1      23 160
12  85  61  73   5   0   8 0.00    M    M 10.4 21 180   M    M   1        26 180
13  71  65  68   0   0   3 4.74    M    M  5.7 20 160   M    M   9 13     24 340
14  75  65  70   3   0   5 1.34    M    M  5.8 15  30   M    M   7 13     19 360
15  85  66  76   9   0  11 0.00    M    M  6.9 16 190   M    M   3 1      21 170
16  73  62  68   2   0   3 0.32    M    M  5.3 23 320   M    M   3 13     30 320
17  83  57  70   4   0   5 0.00    M    M  3.2 14 330   M    M   3 1      24 230
18  84  57  71   5   0   6 0.00    M    M  4.9 15 190   M    M   0 1      19 200
19  91  63  77  12   0  12 0.00    M    M  7.5 20 200   M    M   0        24 200
20  93  68  81  16   0  16 0.00    M    M  7.0 15 170   M    M   0        23 180
21  93  74  84  20   0  19 0.00    M    M 10.3 20 180   M    M   0        25 190
22  91  72  82  18   0  17 0.00    M    M 10.0 20 200   M    M   0        24 210
23  90  66  78  14   0  13 0.00    M    M  6.7 15 180   M    M   0 1      21 200
24  90  66  78  15   0  13 1.04    M    M  8.3 22 170   M    M   4 13     27 260
25  69  53  61  -2   4   0 0.14    M    M  6.0 20 340   M    M   4 18     27 340
================================================================================
SM 2079 1588         5 221  8.66    M    192.3          M       62
================================================================================
AV 83.2 63.5                               7.7 FASTST   M    M   2    MAX(MPH)
                                 MISC ---->  # 24 200               # 32  180
================================================================================
NOTES:
# LAST OF SEVERAL OCCURRENCES

COLUMN 17 PEAK WIND IN M.P.H.

PRELIMINARY LOCAL CLIMATOLOGICAL DATA (WS FORM: F-6) , PAGE 2

                                          STATION:  ST. JOSEPH MO
                                          MONTH:    SEPTEMBER
                                          YEAR:     2016
                                          LATITUDE:   39 46 N
                                          LONGITUDE:  94 55 W

[TEMPERATURE DATA]      [PRECIPITATION DATA]       SYMBOLS USED IN COLUMN 16

AVERAGE MONTHLY: 73.3   TOTAL FOR MONTH:   8.66    1 = FOG OR MIST
DPTR FM NORMAL:   5.8   DPTR FM NORMAL:    5.68    2 = FOG REDUCING VISIBILITY
HIGHEST:    93 ON 21,20 GRTST 24HR  5.99 ON 13-14      TO 1/4 MILE OR LESS
LOWEST:     50 ON 11                               3 = THUNDER
                        SNOW, ICE PELLETS, HAIL    4 = ICE PELLETS
                        TOTAL MONTH:    M          5 = HAIL
                        GRTST 24HR    M  ON   M    6 = FREEZING RAIN OR DRIZZLE
                        GRTST DEPTH:  M  ON   M    7 = DUSTSTORM OR SANDSTORM:
                                                       VSBY 1/2 MILE OR LESS
                                                   8 = SMOKE OR HAZE
[NO. OF DAYS WITH]      [WEATHER - DAYS WITH]      9 = BLOWING SNOW
                                                   X = TORNADO
MAX 32 OR BELOW:   0    0.01 INCH OR MORE:   8
MAX 90 OR ABOVE:   7    0.10 INCH OR MORE:   8
MIN 32 OR BELOW:   0    0.50 INCH OR MORE:   4
MIN  0 OR BELOW:   0    1.00 INCH OR MORE:   3

[HDD (BASE 65) ]
TOTAL THIS MO.     5    CLEAR  (SCALE 0-3)  17
DPTR FM NORMAL   -44    PTCLDY (SCALE 4-7)   7
TOTAL FM JUL 1     7    CLOUDY (SCALE 8-10)  1
DPTR FM NORMAL   -47

[CDD (BASE 65) ]
TOTAL THIS MO.   221
DPTR FM NORMAL   111    [PRESSURE DATA]
TOTAL FM JAN 1  1493    HIGHEST SLP  0.00 ON M
DPTR FM NORMAL   306    LOWEST  SLP  0.00 ON M

[REMARKS]
