003
CXUS55 KEAX 240736
CF6STJ
PRELIMINARY LOCAL CLIMATOLOGICAL DATA (WS FORM: F-6)

                                          STATION:   ST. JOSEPH MO
                                          MONTH:     JULY
                                          YEAR:      2017
                                          LATITUDE:   39 46 N
                                          LONGITUDE:  94 55 W

  TEMPERATURE IN F:       :PCPN:    SNOW:  WIND      :SUNSHINE: SKY     :PK WND
================================================================================
1   2   3   4   5  6A  6B    7    8   9   10  11  12  13   14  15   16   17  18
                                     12Z  AVG MX 2MIN
DY MAX MIN AVG DEP HDD CDD  WTR  SNW DPTH SPD SPD DIR MIN PSBL S-S WX    SPD DR
================================================================================

 1  85  59  72  -4   0   7 0.00    M    M  3.2 10 280   M    M   0 1      16 200
 2  88  65  77   1   0  12 0.00    M    M  6.5 14 160   M    M   1        19 210
 3  89  68  79   3   0  14 0.00    M    M  4.9 22  20   M    M   0 3      28  20
 4  82  67  75  -1   0  10    T    M    M  3.5 21 190   M    M   1 1      24 190
 5  88  64  76  -1   0  11 0.01    M    M  4.8 15 130   M    M   1 123    22  80
 6  91  65  78   1   0  13 0.00    M    M  5.7 13 200   M    M   2 12     18 210
 7  86  62  74  -3   0   9    T    M    M  7.1 20 320   M    M   0        23 330
 8  88  58  73  -4   0   8 0.00    M    M  4.1 14 190   M    M   1 12     21 190
 9  91  64  78   1   0  13 0.00    M    M  8.6 18 200   M    M   0        26 210
10  94  76  85   8   0  20 0.00    M    M 13.4 22 230   M    M   0        27 220
11  94  72  83   6   0  18 0.00    M    M 11.6 22 170   M    M   0        28 200
12  95  74  85   8   0  20    T    M    M  9.6 18 320   M    M   1 3      24 210
13  85  70  78   1   0  13 1.00    M    M  6.3 17  50   M    M   6 13     26 190
14  90  70  80   3   0  15 0.00    M    M  3.9 10  70   M    M   3 1      29 100
15  89  65  77   0   0  12 0.00    M    M  3.3 10 200   M    M   0 1      19 180
16  94  67  81   4   0  16 0.00    M    M  3.5 10 280   M    M   1 1      20 200
17  92  68  80   3   0  15 0.00    M    M  4.2 15 150   M    M   0 1      26 170
18  91  71  81   4   0  16 0.00    M    M  6.7 15 190   M    M   1 3      20 150
19  91  73  82   5   0  17 0.54    M    M  8.5 17 170   M    M   3 13     26  30
20  95  76  86   9   0  21 0.00    M    M  7.9 13 200   M    M   0        21 200
21  95  77  86   9   0  21 0.00    M    M 10.8 18 190   M    M   0        26 200
22  96  76  86   9   0  21    T    M    M  8.5 17 200   M    M   0 3      23 200
23  91  70  81   4   0  16 0.00    M    M  5.3 14 190   M    M   1        17 200
================================================================================
SM 2080 1577         0 338  1.55    M    151.9          M       22
================================================================================
AV 90.4 68.6                               6.6 FASTST   M    M   1    MAX(MPH)
                                 MISC ---->  # 22  20               # 29  100
================================================================================
NOTES:
# LAST OF SEVERAL OCCURRENCES

COLUMN 17 PEAK WIND IN M.P.H.

PRELIMINARY LOCAL CLIMATOLOGICAL DATA (WS FORM: F-6) , PAGE 2

                                          STATION:  ST. JOSEPH MO
                                          MONTH:    JULY
                                          YEAR:     2017
                                          LATITUDE:   39 46 N
                                          LONGITUDE:  94 55 W

[TEMPERATURE DATA]      [PRECIPITATION DATA]       SYMBOLS USED IN COLUMN 16

AVERAGE MONTHLY: 79.5   TOTAL FOR MONTH:   1.55    1 = FOG OR MIST
DPTR FM NORMAL:   2.7   DPTR FM NORMAL:   -2.22    2 = FOG REDUCING VISIBILITY
HIGHEST:    96 ON 22    GRTST 24HR  1.00 ON 13-13      TO 1/4 MILE OR LESS
LOWEST:     58 ON  8                               3 = THUNDER
                        SNOW, ICE PELLETS, HAIL    4 = ICE PELLETS
                        TOTAL MONTH:    M          5 = HAIL
                        GRTST 24HR    M  ON   M    6 = FREEZING RAIN OR DRIZZLE
                        GRTST DEPTH:  M  ON   M    7 = DUSTSTORM OR SANDSTORM:
                                                       VSBY 1/2 MILE OR LESS
                                                   8 = SMOKE OR HAZE
[NO. OF DAYS WITH]      [WEATHER - DAYS WITH]      9 = BLOWING SNOW
                                                   X = TORNADO
MAX 32 OR BELOW:   0    0.01 INCH OR MORE:   3
MAX 90 OR ABOVE:  14    0.10 INCH OR MORE:   2
MIN 32 OR BELOW:   0    0.50 INCH OR MORE:   2
MIN  0 OR BELOW:   0    1.00 INCH OR MORE:   1

[HDD (BASE 65) ]
TOTAL THIS MO.     0    CLEAR  (SCALE 0-3)  21
DPTR FM NORMAL     0    PTCLDY (SCALE 4-7)   2
TOTAL FM JUL 1     0    CLOUDY (SCALE 8-10)  0
DPTR FM NORMAL     0

[CDD (BASE 65) ]
TOTAL THIS MO.   338
DPTR FM NORMAL    64    [PRESSURE DATA]
TOTAL FM JAN 1   772    HIGHEST SLP  0.00 ON M
DPTR FM NORMAL   118    LOWEST  SLP  0.00 ON M

[REMARKS]
