498
CXUS53 KLSX 211600
CF6STL
PRELIMINARY LOCAL CLIMATOLOGICAL DATA (WS FORM: F-6)

                                          STATION:   ST. LOUIS
                                          MONTH:     FEBRUARY
                                          YEAR:      2017
                                          LATITUDE:   38 45 N
                                          LONGITUDE:  90 23 W

  TEMPERATURE IN F:       :PCPN:    SNOW:  WIND      :SUNSHINE: SKY     :PK WND
================================================================================
1   2   3   4   5  6A  6B    7    8   9   10  11  12  13   14  15   16   17  18
                                     12Z  AVG MX 2MIN
DY MAX MIN AVG DEP HDD CDD  WTR  SNW DPTH SPD SPD DIR MIN PSBL S-S WX    SPD DR
================================================================================

 1  48  32  40   7  25   0 0.00  0.0    0  6.7 15 360   M    M   8        18  10
 2  38  26  32  -1  33   0 0.00  0.0    0  8.5 17 360   M    M   7        23 360
 3  36  23  30  -3  35   0 0.00  0.0    0  7.7 15 350   M    M   5        19 340
 4  42  19  31  -3  34   0 0.00  0.0    0 10.9 21 170   M    M   6 8      26 170
 5  54  34  44  10  21   0 0.00  0.0    0  7.3 14 260   M    M   5        19 250
 6  64  33  49  15  16   0 0.01  0.0    0  9.2 16 150   M    M   8 128    22 140
 7  67  40  54  20  11   0 0.01  0.0    0 14.2 33 210   M    M   8 3      45 220
 8  40  22  31  -3  34   0 0.02  0.2    0 12.7 21 310   M    M  10 1      28 320
 9  31  18  25 -10  40   0 0.00  0.0    0  8.2 15 140   M    M   5 8      20 320
10  70  28  49  14  16   0 0.00  0.0    0 11.7 25 220   M    M   7        31 220
11  74  45  60  25   5   0 0.00  0.0    0  5.4 12 180   M    M   8 8      15 190
12  57  36  47  12  18   0 0.00  0.0    0 12.7 31 340   M    M   6 18     36 340
13  50  28  39   3  26   0 0.00  0.0    0  3.1  9 220   M    M   6        12 210
14  59  41  50  14  15   0    T  0.0    0  8.6 16 260   M    M   9        20 350
15  49  33  41   5  24   0 0.00  0.0    0  9.4 20 330   M    M   4        25 340
16  71  30  51  14  14   0 0.00  0.0    0  8.4 21 240   M    M   5        29 220
17  75  50  63  26   2   0 0.00  0.0    0 11.8 21 230   M    M   3        24 220
18  63  49  56  19   9   0    T  0.0    0  8.1 16 260   M    M   7        21 240
19  72  41  57  20   8   0 0.00  0.0    0  6.4 17 130   M    M   2 1      20 130
20  79  52  66  28   0   1    T  0.0    0 12.2 22 160   M    M   7 18     30 200
================================================================================
SM 1139  680       386   1  0.04     0.2 183.2          M      126
================================================================================
AV 57.0 34.0                               9.2 FASTST   M    M   6    MAX(MPH)
                                 MISC ---->  # 33 210               # 45  220
================================================================================
NOTES:
# LAST OF SEVERAL OCCURRENCES

COLUMN 17 PEAK WIND IN M.P.H.

PRELIMINARY LOCAL CLIMATOLOGICAL DATA (WS FORM: F-6) , PAGE 2

                                          STATION:  ST. LOUIS
                                          MONTH:    FEBRUARY
                                          YEAR:     2017
                                          LATITUDE:   38 45 N
                                          LONGITUDE:  90 23 W

[TEMPERATURE DATA]      [PRECIPITATION DATA]       SYMBOLS USED IN COLUMN 16

AVERAGE MONTHLY: 45.5   TOTAL FOR MONTH:   0.04    1 = FOG OR MIST
DPTR FM NORMAL:  10.3   DPTR FM NORMAL:   -1.55    2 = FOG REDUCING VISIBILITY
HIGHEST:    79 ON 20    GRTST 24HR  0.02 ON  8- 8      TO 1/4 MILE OR LESS
LOWEST:     18 ON  9                               3 = THUNDER
                        SNOW, ICE PELLETS, HAIL    4 = ICE PELLETS
                        TOTAL MONTH:   0.2 INCH    5 = HAIL
                        GRTST 24HR   0.2 ON   M    6 = FREEZING RAIN OR DRIZZLE
                        GRTST DEPTH:   0           7 = DUSTSTORM OR SANDSTORM:
                                                       VSBY 1/2 MILE OR LESS
                                                   8 = SMOKE OR HAZE
[NO. OF DAYS WITH]      [WEATHER - DAYS WITH]      9 = BLOWING SNOW
                                                   X = TORNADO
MAX 32 OR BELOW:   1    0.01 INCH OR MORE:   3
MAX 90 OR ABOVE:   0    0.10 INCH OR MORE:   0
MIN 32 OR BELOW:   9    0.50 INCH OR MORE:   0
MIN  0 OR BELOW:   0    1.00 INCH OR MORE:   0

[HDD (BASE 65) ]
TOTAL THIS MO.   386    CLEAR  (SCALE 0-3)   2
DPTR FM NORMAL  -212    PTCLDY (SCALE 4-7)  16
TOTAL FM JUL 1  2638    CLOUDY (SCALE 8-10)  2
DPTR FM NORMAL  -754

[CDD (BASE 65) ]
TOTAL THIS MO.     1
DPTR FM NORMAL     1    [PRESSURE DATA]
TOTAL FM JAN 1     1    HIGHEST SLP M ON M
DPTR FM NORMAL     1    LOWEST  SLP 29.40 ON  7

[REMARKS]
