000
CXUS53 KLSX 181600
CF6STL
PRELIMINARY LOCAL CLIMATOLOGICAL DATA (WS FORM: F-6)

                                          STATION:   ST. LOUIS
                                          MONTH:     FEBRUARY
                                          YEAR:      2018
                                          LATITUDE:   38 45 N
                                          LONGITUDE:  90 23 W

  TEMPERATURE IN F:       :PCPN:    SNOW:  WIND      :SUNSHINE: SKY     :PK WND
================================================================================
1   2   3   4   5  6A  6B    7    8   9   10  11  12  13   14  15   16   17  18
                                     12Z  AVG MX 2MIN
DY MAX MIN AVG DEP HDD CDD  WTR  SNW DPTH SPD SPD DIR MIN PSBL S-S WX    SPD DR
================================================================================

 1  41  16  29  -4  36   0 0.00  0.0    0 12.3 24 340   M    M   7        30 340
 2  31  11  21 -12  44   0 0.00  0.0    0  5.9 14 170   M    M   3        18 330
 3  46  27  37   4  28   0    T  0.0    0 10.8 18 170   M    M   9        24 180
 4  38  12  25  -9  40   0 0.01  0.1    0 12.8 26 320   M    M   8 18     35 330
 5  29   6  18 -16  47   0    T    T    0  7.3 17 120   M    M   6 46     21 120
 6  26  16  21 -13  44   0    T    T    T  8.1 15 360   M    M   6 46     18  20
 7  34  16  25  -9  40   0    T    T    0  9.9 16 280   M    M   5 6      21 310
 8  48  19  34   0  31   0 0.00  0.0    0  9.4 21 140   M    M   6        25 150
 9  57  28  43   8  22   0 0.00  0.0    0  9.8 21 250   M    M  10        25 260
10  28  22  25 -10  40   0 0.03    T    0 11.6 20  20   M    M  10 146    24  20
11  26  19  23 -12  42   0    T    T    T  8.7 17 320   M    M   6 146    23 320
12  38  15  27  -8  38   0 0.00  0.0    0  7.1 17  20   M    M   2        23  20
13  47  21  34  -2  31   0 0.00  0.0    0  6.3 12 160   M    M   5        14 170
14  66  40  53  17  12   0 0.13  0.0    0  7.8 18 200   M    M   9 13     23 200
15  80  48  64  28   1   0 0.26  0.0    0 10.5 24 250   M    M   9 1      33 240
16  48  30  39   2  26   0    T    T    0 10.4 21 360   M    M   9 1      29 360
17  43  28  36  -1  29   0 0.10  0.7    0  8.2 22 280   M    M   7 1      27 290
================================================================================
SM  726  374       551   0  0.53     0.8 156.9          M      117
================================================================================
AV 42.7 22.0                               9.2 FASTST   M    M   7    MAX(MPH)
                                 MISC ---->  # 26 320               # 35  330
================================================================================
NOTES:
# LAST OF SEVERAL OCCURRENCES

COLUMN 17 PEAK WIND IN M.P.H.

PRELIMINARY LOCAL CLIMATOLOGICAL DATA (WS FORM: F-6) , PAGE 2

                                          STATION:  ST. LOUIS
                                          MONTH:    FEBRUARY
                                          YEAR:     2018
                                          LATITUDE:   38 45 N
                                          LONGITUDE:  90 23 W

[TEMPERATURE DATA]      [PRECIPITATION DATA]       SYMBOLS USED IN COLUMN 16

AVERAGE MONTHLY: 32.4   TOTAL FOR MONTH:   0.53    1 = FOG OR MIST
DPTR FM NORMAL:  -2.4   DPTR FM NORMAL:   -0.83    2 = FOG REDUCING VISIBILITY
HIGHEST:    80 ON 15    GRTST 24HR  0.26 ON 15-15      TO 1/4 MILE OR LESS
LOWEST:      6 ON  5                               3 = THUNDER
                        SNOW, ICE PELLETS, HAIL    4 = ICE PELLETS
                        TOTAL MONTH:   0.8 INCH    5 = HAIL
                        GRTST 24HR   0.7 ON 17-17  6 = FREEZING RAIN OR DRIZZLE
                        GRTST DEPTH:   0           7 = DUSTSTORM OR SANDSTORM:
                                                       VSBY 1/2 MILE OR LESS
                                                   8 = SMOKE OR HAZE
[NO. OF DAYS WITH]      [WEATHER - DAYS WITH]      9 = BLOWING SNOW
                                                   X = TORNADO
MAX 32 OR BELOW:   5    0.01 INCH OR MORE:   5
MAX 90 OR ABOVE:   0    0.10 INCH OR MORE:   3
MIN 32 OR BELOW:  15    0.50 INCH OR MORE:   0
MIN  0 OR BELOW:   0    1.00 INCH OR MORE:   0

[HDD (BASE 65) ]
TOTAL THIS MO.   551    CLEAR  (SCALE 0-3)   2
DPTR FM NORMAL    36    PTCLDY (SCALE 4-7)   9
TOTAL FM JUL 1  3272    CLOUDY (SCALE 8-10)  6
DPTR FM NORMAL   -37

[CDD (BASE 65) ]
TOTAL THIS MO.     0
DPTR FM NORMAL     0    [PRESSURE DATA]
TOTAL FM JAN 1     0    HIGHEST SLP M ON M
DPTR FM NORMAL     0    LOWEST  SLP 29.65 ON 15

[REMARKS]
