000
CXUS53 KGRB 030013
CF6SUE
PRELIMINARY LOCAL CLIMATOLOGICAL DATA (WS FORM: F-6)

                                          STATION:   STURGEON BAY WI
                                          MONTH:     JUNE
                                          YEAR:      2016
                                          LATITUDE:   44 55 N
                                          LONGITUDE:  87 25 W

  TEMPERATURE IN F:       :PCPN:    SNOW:  WIND      :SUNSHINE: SKY     :PK WND
================================================================================
1   2   3   4   5  6A  6B    7    8   9   10  11  12  13   14  15   16   17  18
                                     12Z  AVG MX 2MIN
DY MAX MIN AVG DEP HDD CDD  WTR  SNW DPTH SPD SPD DIR MIN PSBL S-S WX    SPD DR
================================================================================

 1   M   M   M   M   M   M20.03    M    0  7.9 17 170   M    M   7 3       M  M
 2  71  56  64   M   1   0 0.00  0.0    0  8.7 14 260   M    M   1         M  M
 3  68  52  60   M   5   0 0.38  0.0    0  5.6 13 120   M    M   2 3       M  M
 4  68  55  62   M   3   0 0.04  0.0    0  7.7 13 130   M    M   7 1      18 130
 5  73  57  65   M   0   0 0.17  0.0    0 10.4 17 300   M    M   7 123    39 310
 6  70  53  62   M   3   0 0.05  0.0    0 11.0 17 320   M    M   5 3      23 320
 7  60  48  54   M  11   0    T    M    0 10.9 16 320   M    M   8        21 340
 8  66  46  56   M   9   0 0.00  0.0    0  8.1 13 160   M    M   1         M  M
 9  65  51  58   M   7   0 0.00  0.0    0  6.1 12 130   M    M   2         M  M
10  72  54  63   M   2   0 0.50  0.0    0 11.4 20 170   M    M   4 13     31 180
11  88  57  73   M   0   8 0.00  0.0    0 11.0 15 270   M    M   1        21 240
12  70  53  62   M   3   0 0.00  0.0    0  8.0 13 350   M    M   0         M  M
13  61  50  56   M   9   0 0.17  0.0    0  5.4 12 140   M    M   9 13      M  M
14  69  57  63   M   2   0 0.00  0.0    0  7.6 10 120   M    M   9 8       M  M
15  66  57  62   M   3   0 1.03  0.0    M  7.5 13 120   M    M   9 13      M  M
16  69  55  62   M   3   0 0.37  0.0    0 11.6 20  10   M    M   7 1      27 360
17  82  54  68   M   0   3 0.00  0.0    0  2.8  6 180   M    M   0         M  M
18  83  60  72   M   0   7 0.00  0.0    0  7.0 12 200   M    M   0         M  M
19  84  66  75   M   0  10 0.00  0.0    0 10.2 17 170   M    M   0        23 220
20  80  58  69   M   0   4 0.00  0.0    0 12.8 20 280   M    M   1        30 290
21  78  56  67   M   0   2 0.00  0.0    0  7.8 15 260   M    M   2        20 260
22  70  53  62   M   3   0 0.00  0.0    0  5.8 10 130   M    M   0 8       M  M
23  73  57  65   M   0   0 0.23  0.0    0  4.9 10  80   M    M   3 1       M  M
24  78  54  66   M   0   1 0.00  0.0    0  4.9 12 180   M    M   0 8       M  M
25  79  61  70   M   0   5    T  0.0    0 14.2 23 170   M    M   1 3      32 170
26  84  67  76   M   0  11 3.20  0.0    0 10.8 16 250   M    M   5 13     22 250
27  75  57  66   M   0   1    T  0.0    0 10.2 18 350   M    M   6 8      24 350
28  70  51  61   M   4   0 0.00  0.0    0  9.4 17 360   M    M   2 8      22 350
29  73  48  61   M   4   0 0.00  0.0    M  5.1 10 170   M    M   0         M  M
30  76  56  66   M   0   1 0.22  0.0    0  7.4 12 180   M    M   5 13     17 240
================================================================================
SM 2121 1599        72  53 26.39     0.0 252.2          M      104
================================================================================
AV 73.1 55.1                               8.4 FASTST   M    M   3    MAX(MPH)
                                 MISC ---->  # 23 170                 39    M
================================================================================
NOTES:
# LAST OF SEVERAL OCCURRENCES

COLUMN 17 PEAK WIND IN M.P.H.

PRELIMINARY LOCAL CLIMATOLOGICAL DATA (WS FORM: F-6) , PAGE 2

                                          STATION:  STURGEON BAY WI
                                          MONTH:    JUNE
                                          YEAR:     2016
                                          LATITUDE:   44 55 N
                                          LONGITUDE:  87 25 W

[TEMPERATURE DATA]      [PRECIPITATION DATA]       SYMBOLS USED IN COLUMN 16

AVERAGE MONTHLY: 64.1   TOTAL FOR MONTH:  26.39    1 = FOG OR MIST
DPTR FM NORMAL:     M   DPTR FM NORMAL:       M    2 = FOG REDUCING VISIBILITY
HIGHEST:    88 ON 11    GRTST 24HR 20.03 ON  1- 1      TO 1/4 MILE OR LESS
LOWEST:     46 ON  8                               3 = THUNDER
                        SNOW, ICE PELLETS, HAIL    4 = ICE PELLETS
                        TOTAL MONTH:   0.0 INCH    5 = HAIL
                        GRTST 24HR     0.0         6 = FREEZING RAIN OR DRIZZLE
                        GRTST DEPTH:   0           7 = DUSTSTORM OR SANDSTORM:
                                                       VSBY 1/2 MILE OR LESS
                                                   8 = SMOKE OR HAZE
[NO. OF DAYS WITH]      [WEATHER - DAYS WITH]      9 = BLOWING SNOW
                                                   X = TORNADO
MAX 32 OR BELOW:   0    0.01 INCH OR MORE:  12
MAX 90 OR ABOVE:   0    0.10 INCH OR MORE:  10
MIN 32 OR BELOW:   0    0.50 INCH OR MORE:   4
MIN  0 OR BELOW:   0    1.00 INCH OR MORE:   3

[HDD (BASE 65) ]
TOTAL THIS MO.    72    CLEAR  (SCALE 0-3)  17
DPTR FM NORMAL     M    PTCLDY (SCALE 4-7)   9
TOTAL FM JUL 1  6780    CLOUDY (SCALE 8-10)  4
DPTR FM NORMAL  6542

[CDD (BASE 65) ]
TOTAL THIS MO.    53
DPTR FM NORMAL     M    [PRESSURE DATA]
TOTAL FM JAN 1    53    HIGHEST SLP M ON M
DPTR FM NORMAL    53    LOWEST  SLP M ON M

[REMARKS]
#FINAL-06-16#
