000
CXUS54 KEPZ 171200
CF6SVC
PRELIMINARY LOCAL CLIMATOLOGICAL DATA (WS FORM: F-6)

                                          STATION:   SILVER CITY
                                          MONTH:     AUGUST
                                          YEAR:      2017
                                          LATITUDE:   32 37 N
                                          LONGITUDE: 108 10 W

  TEMPERATURE IN F:       :PCPN:    SNOW:  WIND      :SUNSHINE: SKY     :PK WND
================================================================================
1   2   3   4   5  6A  6B    7    8   9   10  11  12  13   14  15   16   17  18
                                     12Z  AVG MX 2MIN
DY MAX MIN AVG DEP HDD CDD  WTR  SNW DPTH SPD SPD DIR MIN PSBL S-S WX    SPD DR
================================================================================

 1  77  61  69   M   0   4 2.92  0.0    0  5.1 15  50   M    M   8 3      18  50
 2  81  61  71   M   0   6 0.04  0.0    0  7.0 14 140   M    M   5        17 120
 3  84  62  73   M   0   8 0.00  0.0    0  4.0  8 140   M    M   1         M  M
 4  85  59  72   M   0   7    T  0.0    0  5.5 16 300   M    M   2        21 300
 5  87  60  74   M   0   9 0.00  0.0    0  9.2 18 280   M    M   2        23 270
 6  87  59  73   M   0   8 0.00  0.0    0 10.6 17 280   M    M   1        21 290
 7  89  59  74   M   0   9 0.00  0.0    0  9.1 14 280   M    M   2        17 280
 8  85  55  70   M   0   5 0.00  0.0    0  6.4 18 240   M    M   4 3      23 240
 9  88  61  75   M   0  10 0.30  0.0    0  4.7 10 340   M    M   4 3       M  M
10  90  66  78   M   0  13 0.01  0.0    0  6.6 14  60   M    M   5        17 160
11  85  65  75   M   0  10 0.01  0.0    0  9.0 15  70   M    M   5 3      20 130
12  84  62  73   M   0   8 0.31  0.0    0  8.6 17  40   M    M   5 3      22  40
13  85  62  74   M   0   9 0.00  0.0    0  9.8 17 330   M    M   3 3      27  50
14  87  61  74   M   0   9 0.00  0.0    0  9.7 18 300   M    M   3 3      24 300
15  84  59  72   M   0   7 0.00  0.0    0 10.2 17 300   M    M   5        21 300
16  84  55  70   M   0   5 0.00  0.0    0  8.0 13 280   M    M   2        16 280
================================================================================
SM 1362  967         0 127  3.59     0.0 123.5          M       57
================================================================================
AV 85.1 60.4                               7.7 FASTST   M    M   4    MAX(MPH)
                                 MISC ---->  # 18 280               # 27   50
================================================================================
NOTES:
# LAST OF SEVERAL OCCURRENCES

COLUMN 17 PEAK WIND IN M.P.H.

PRELIMINARY LOCAL CLIMATOLOGICAL DATA (WS FORM: F-6) , PAGE 2

                                          STATION:  SILVER CITY
                                          MONTH:    AUGUST
                                          YEAR:     2017
                                          LATITUDE:   32 37 N
                                          LONGITUDE: 108 10 W

[TEMPERATURE DATA]      [PRECIPITATION DATA]       SYMBOLS USED IN COLUMN 16

AVERAGE MONTHLY: 72.8   TOTAL FOR MONTH:   3.59    1 = FOG OR MIST
DPTR FM NORMAL:     M   DPTR FM NORMAL:       M    2 = FOG REDUCING VISIBILITY
HIGHEST:    90 ON 10    GRTST 24HR  2.92 ON  1- 1      TO 1/4 MILE OR LESS
LOWEST:     55 ON 16, 8                            3 = THUNDER
                        SNOW, ICE PELLETS, HAIL    4 = ICE PELLETS
                        TOTAL MONTH:   0.0 INCH    5 = HAIL
                        GRTST 24HR     0.0         6 = FREEZING RAIN OR DRIZZLE
                        GRTST DEPTH:   0           7 = DUSTSTORM OR SANDSTORM:
                                                       VSBY 1/2 MILE OR LESS
                                                   8 = SMOKE OR HAZE
[NO. OF DAYS WITH]      [WEATHER - DAYS WITH]      9 = BLOWING SNOW
                                                   X = TORNADO
MAX 32 OR BELOW:   0    0.01 INCH OR MORE:   6
MAX 90 OR ABOVE:   1    0.10 INCH OR MORE:   3
MIN 32 OR BELOW:   0    0.50 INCH OR MORE:   1
MIN  0 OR BELOW:   0    1.00 INCH OR MORE:   1

[HDD (BASE 65) ]
TOTAL THIS MO.     0    CLEAR  (SCALE 0-3)   7
DPTR FM NORMAL     M    PTCLDY (SCALE 4-7)   9
TOTAL FM JUL 1     0    CLOUDY (SCALE 8-10)  0
DPTR FM NORMAL     M

[CDD (BASE 65) ]
TOTAL THIS MO.   127
DPTR FM NORMAL     M    [PRESSURE DATA]
TOTAL FM JAN 1   739    HIGHEST SLP M ON M
DPTR FM NORMAL     M    LOWEST  SLP M ON M

[REMARKS]
