919
CXUS54 KOUN 270700
CF6SWO
PRELIMINARY LOCAL CLIMATOLOGICAL DATA (WS FORM: F-6)

                                          STATION:   STILLWATER
                                          MONTH:     MAY
                                          YEAR:      2016
                                          LATITUDE:   36 10 N
                                          LONGITUDE:  97  5 W

  TEMPERATURE IN F:       :PCPN:    SNOW:  WIND      :SUNSHINE: SKY     :PK WND
================================================================================
1   2   3   4   5  6A  6B    7    8   9   10  11  12  13   14  15   16   17  18
                                     12Z  AVG MX 2MIN
DY MAX MIN AVG DEP HDD CDD  WTR  SNW DPTH SPD SPD DIR MIN PSBL S-S WX    SPD DR
================================================================================

 1  63  44  54 -10  11   0    T  0.0    0 10.3 20 320   M    M   3        27 340
 2  65  41  53 -12  12   0    T  0.0    0  7.8 16 350   M    M   6        21 350
 3  72  37  55 -10  10   0 0.00  0.0    0  2.6 10 270   M    M   0 1      15 220
 4  79  47  63  -2   2   0 0.00  0.0    0  9.2 21 360   M    M   0        27 330
 5  81  40  61  -5   4   0 0.00  0.0    0  3.5 12 360   M    M   0        17 350
 6  83  44  64  -2   1   0 0.00  0.0    0  6.9 15 160   M    M   0        22 140
 7  83  55  69   3   0   4 0.00  0.0    0 12.1 26 170   M    M   0        33 180
 8  73  63  68   2   0   3 0.02  0.0    0 13.2 23 170   M    M   2 1      29 170
 9  79  60  70   3   0   5 0.02  0.0    0 15.2 31 130   M    M   4        39 140
10  89  47  68   1   0   3 0.00  0.0    0  7.6 21 150   M    M   1 12     24 140
11  82  65  74   7   0   9    T  0.0    0 10.4 20  30   M    M   4        25  40
12  79  50  65  -3   0   0 0.01  0.0    M  6.6 18  10   M    M   1        24  10
13  84  48  66  -2   0   1 0.28    M    0 10.4 29  30   M    M   0        36  40
14  65  48  57 -11   8   0 0.00  0.0    0 11.0 26  30   M    M   5        32  20
15  69  52  61  -7   4   0 0.07  0.0    0  7.9 17  90   M    M   9 1      22  80
16  66  55  61  -8   4   0 0.80  0.0    0  8.4 16 140   M    M   8 1      21 140
17  64  55  60  -9   5   0 0.25  0.0    0 14.0 33  50   M    M  10 1      41  40
18  68  49  59 -10   6   0 0.00  0.0    0  9.9 20  70   M    M   6 8      26  50
19  62  47  55 -15  10   0 0.18  0.0    0  5.9 13 100   M    M   8 1      15 110
20  72  55  64  -6   1   0 0.00  0.0    0  3.9 12 110   M    M  10 1      14 110
21  81  60  71   1   0   6 0.00  0.0    0  9.6 18 110   M    M   8        22 110
22  82  64  73   3   0   8 0.00  0.0    0 13.1 22 140   M    M   5        30 170
23  81  67  74   3   0   9 0.35  0.0    0 13.2 26  80   M    M   7 1      35  70
24  87  65  76   5   0  11 1.68  0.0    0  9.6 29  30   M    M   3 1      45  30
25  88  66  77   6   0  12 0.00  0.0    0 14.9 25 170   M    M   4 1      32 170
26  86  71  79   8   0  14    T  0.0    0 16.3 30 170   M    M   5 18     39 170
================================================================================
SM 1983 1395        78  85  3.66     0.0 253.5          M      109
================================================================================
AV 76.3 53.7                               9.7 FASTST   M    M   4    MAX(MPH)
                                 MISC ---->  # 33  50               # 45   30
================================================================================
NOTES:
# LAST OF SEVERAL OCCURRENCES

COLUMN 17 PEAK WIND IN M.P.H.

PRELIMINARY LOCAL CLIMATOLOGICAL DATA (WS FORM: F-6) , PAGE 2

                                          STATION:  STILLWATER
                                          MONTH:    MAY
                                          YEAR:     2016
                                          LATITUDE:   36 10 N
                                          LONGITUDE:  97  5 W

[TEMPERATURE DATA]      [PRECIPITATION DATA]       SYMBOLS USED IN COLUMN 16

AVERAGE MONTHLY: 65.0   TOTAL FOR MONTH:   3.66    1 = FOG OR MIST
DPTR FM NORMAL:  -3.0   DPTR FM NORMAL:   -0.45    2 = FOG REDUCING VISIBILITY
HIGHEST:    89 ON 10    GRTST 24HR  1.68 ON 23-24      TO 1/4 MILE OR LESS
LOWEST:     37 ON  3                               3 = THUNDER
                        SNOW, ICE PELLETS, HAIL    4 = ICE PELLETS
                        TOTAL MONTH:   0.0 INCH    5 = HAIL
                        GRTST 24HR     0.0         6 = FREEZING RAIN OR DRIZZLE
                        GRTST DEPTH:   0           7 = DUSTSTORM OR SANDSTORM:
                                                       VSBY 1/2 MILE OR LESS
                                                   8 = SMOKE OR HAZE
[NO. OF DAYS WITH]      [WEATHER - DAYS WITH]      9 = BLOWING SNOW
                                                   X = TORNADO
MAX 32 OR BELOW:   0    0.01 INCH OR MORE:  10
MAX 90 OR ABOVE:   0    0.10 INCH OR MORE:   6
MIN 32 OR BELOW:   0    0.50 INCH OR MORE:   2
MIN  0 OR BELOW:   0    1.00 INCH OR MORE:   1

[HDD (BASE 65) ]
TOTAL THIS MO.    78    CLEAR  (SCALE 0-3)   9
DPTR FM NORMAL    37    PTCLDY (SCALE 4-7)  14
TOTAL FM JUL 1  3139    CLOUDY (SCALE 8-10)  3
DPTR FM NORMAL  -642

[CDD (BASE 65) ]
TOTAL THIS MO.    85
DPTR FM NORMAL   -32    [PRESSURE DATA]
TOTAL FM JAN 1   125    HIGHEST SLP M ON M
DPTR FM NORMAL   -48    LOWEST  SLP 29.48 ON  9

[REMARKS]
