000
CXUS54 KOUN 230700
CF6SWO
PRELIMINARY LOCAL CLIMATOLOGICAL DATA (WS FORM: F-6)

                                          STATION:   STILLWATER
                                          MONTH:     AUGUST
                                          YEAR:      2017
                                          LATITUDE:   36 10 N
                                          LONGITUDE:  97  5 W

  TEMPERATURE IN F:       :PCPN:    SNOW:  WIND      :SUNSHINE: SKY     :PK WND
================================================================================
1   2   3   4   5  6A  6B    7    8   9   10  11  12  13   14  15   16   17  18
                                     12Z  AVG MX 2MIN
DY MAX MIN AVG DEP HDD CDD  WTR  SNW DPTH SPD SPD DIR MIN PSBL S-S WX    SPD DR
================================================================================

 1  81  67  74  -9   0   9 0.32  0.0    0  3.1 13  30   M    M   8 1      15  20
 2  91  64  78  -5   0  13 0.00  0.0    0  3.0 12 110   M    M   4 128    16  90
 3  96  65  81  -2   0  16    T  0.0    0  5.8 18  90   M    M   1        22  80
 4  86  67  77  -6   0  12 0.00  0.0    0  9.0 17  60   M    M   3        22  50
 5 100  68  84   1   0  19 0.04  0.0    0 15.5 32  10   M    M   1 13     45 350
 6  88  68  78  -5   0  13 0.01  0.0    0  8.4 18  70   M    M   6 13     24  70
 7  85  68  77  -6   0  12 0.00  0.0    0  9.5 17  30   M    M   4        20  40
 8  89  65  77  -6   0  12 0.00  0.0    0  7.2 14  80   M    M   1        19  60
 9  90  64  77  -6   0  12 0.30  0.0    0  7.1 17 170   M    M   3 13     21  50
10  92  69  81  -2   0  16    M  0.0    0  7.2 18 150   M    M   3 13     23 160
11  89  69  79  -4   0  14 1.09  0.0    0  7.1 25 270   M    M   4 13     34 270
12  74  71  73 -10   0   8 0.26  0.0    0  5.4 12  90   M    M   6 1      14  80
13  89  69  79  -4   0  14 0.00  0.0    0  5.9 14 140   M    M   7        17 140
14  89  71  80  -2   0  15    T  0.0    0  5.6 12 110   M    M   3 1      15 130
15  85  71  78  -4   0  13 0.49  0.0    0  8.4 18 100   M    M   4 13     25 170
16  94  70  82   0   0  17 1.30  0.0    0 12.1 35 250   M    M   2 13     50 250
17  91  68  80  -2   0  15 0.00  0.0    0  3.1 12 330   M    M   0 1      14 330
18  93  68  81  -1   0  16    T  0.0    0  4.7 14 260   M    M   1 18     19 270
19  98  73  86   4   0  21 0.00  0.0    0  7.5 15 180   M    M   1 8      19 190
20  96  73  85   3   0  20 0.00  0.0    0  9.4 20 180   M    M   0 18     26 170
21  94  75  85   4   0  20 0.00  0.0    0 11.1 21 180   M    M   0        28 210
22  92  73  83   2   0  18 0.22  0.0    0  7.2 24  40   M    M   1 13     30  50
================================================================================
SM 1982 1516         0 325  4.03     0.0 163.3          M       63
================================================================================
AV 90.1 68.9                               7.4 FASTST   M    M   3    MAX(MPH)
                                 MISC ---->  # 35 250               # 50  250
================================================================================
NOTES:
# LAST OF SEVERAL OCCURRENCES

COLUMN 17 PEAK WIND IN M.P.H.

PRELIMINARY LOCAL CLIMATOLOGICAL DATA (WS FORM: F-6) , PAGE 2

                                          STATION:  STILLWATER
                                          MONTH:    AUGUST
                                          YEAR:     2017
                                          LATITUDE:   36 10 N
                                          LONGITUDE:  97  5 W

[TEMPERATURE DATA]      [PRECIPITATION DATA]       SYMBOLS USED IN COLUMN 16

AVERAGE MONTHLY: 79.5   TOTAL FOR MONTH:   4.03    1 = FOG OR MIST
DPTR FM NORMAL:  -3.0   DPTR FM NORMAL:    1.98    2 = FOG REDUCING VISIBILITY
HIGHEST:   100 ON  5    GRTST 24HR  1.30 ON 16-16      TO 1/4 MILE OR LESS
LOWEST:     64 ON  9, 2                            3 = THUNDER
                        SNOW, ICE PELLETS, HAIL    4 = ICE PELLETS
                        TOTAL MONTH:   0.0 INCH    5 = HAIL
                        GRTST 24HR     0.0         6 = FREEZING RAIN OR DRIZZLE
                        GRTST DEPTH:   0           7 = DUSTSTORM OR SANDSTORM:
                                                       VSBY 1/2 MILE OR LESS
                                                   8 = SMOKE OR HAZE
[NO. OF DAYS WITH]      [WEATHER - DAYS WITH]      9 = BLOWING SNOW
                                                   X = TORNADO
MAX 32 OR BELOW:   0    0.01 INCH OR MORE:   9
MAX 90 OR ABOVE:  12    0.10 INCH OR MORE:   7
MIN 32 OR BELOW:   0    0.50 INCH OR MORE:   2
MIN  0 OR BELOW:   0    1.00 INCH OR MORE:   2

[HDD (BASE 65) ]
TOTAL THIS MO.     0    CLEAR  (SCALE 0-3)  13
DPTR FM NORMAL     0    PTCLDY (SCALE 4-7)   8
TOTAL FM JUL 1     0    CLOUDY (SCALE 8-10)  1
DPTR FM NORMAL     0

[CDD (BASE 65) ]
TOTAL THIS MO.   325
DPTR FM NORMAL   -61    [PRESSURE DATA]
TOTAL FM JAN 1  1567    HIGHEST SLP M ON M
DPTR FM NORMAL   103    LOWEST  SLP 29.69 ON  6

[REMARKS]
