000
CXUS51 KBGM 210526
CF6SYR
PRELIMINARY LOCAL CLIMATOLOGICAL DATA (WS FORM: F-6)

                                          STATION:   SYRACUSE NY
                                          MONTH:     APRIL
                                          YEAR:      2017
                                          LATITUDE:   43  7 N
                                          LONGITUDE:  76  7 W

  TEMPERATURE IN F:       :PCPN:    SNOW:  WIND      :SUNSHINE: SKY     :PK WND
================================================================================
1   2   3   4   5  6A  6B    7    8   9   10  11  12  13   14  15   16   17  18
                                     12Z  AVG MX 2MIN
DY MAX MIN AVG DEP HDD CDD  WTR  SNW DPTH SPD SPD DIR MIN PSBL S-S WX    SPD DR
================================================================================

 1  40  32  36  -5  29   0 0.02    T    0  6.9 15 290   M    M  10 1      19 310
 2  56  31  44   3  21   0 0.00  0.0    0  6.4 20 250   M    M   6        24 260
 3  62  33  48   6  17   0 0.15  0.0    0  7.7 20 120   M    M   8 1      28 140
 4  58  46  52  10  13   0 1.45  0.0    0 11.1 28 260   M    M  10 13     36 250
 5  47  40  44   2  21   0 0.00  0.0    0 12.1 26 250   M    M   9        36 250
 6  50  39  45   2  20   0 0.91  0.0    0 12.3 23  90   M    M  10 1      27 100
 7  39  32  36  -7  29   0 0.27  0.3    0 15.1 24 250   M    M  10 1      30 290
 8  46  31  39  -5  26   0 0.00  0.0    0 12.8 23 270   M    M   5        29 300
 9  69  29  49   5  16   0 0.00  0.0    0  6.1 15 220   M    M   5        19 210
10  81  56  69  24   0   4 0.00  0.0    0  9.3 25 240   M    M   6        33 240
11  75  49  62  17   3   0 0.15  0.0    0  6.8 23 260   M    M   8 1      27 250
12  58  40  49   3  16   0 0.00  0.0    0 10.7 22 290   M    M  10        30 300
13  52  36  44  -2  21   0 0.00  0.0    0  8.0 17 280   M    M   7        22 290
14  62  29  46   0  19   0 0.00  0.0    0  3.3 10 360   M    M   3        13  40
15  71  36  54   7  11   0 0.09  0.0    0  8.4 20 210   M    M   6 1      28 200
16  81  57  69  22   0   4 0.12  0.0    0 16.0 32 240   M    M   7 1      45 240
17  57  38  48   0  17   0    T  0.0    0 11.8 22 280   M    M   5        26 290
18  57  31  44  -4  21   0 0.00  0.0    0  4.9  9  80   M    M   5        12 340
19  56  44  50   2  15   0 0.50  0.0    0 11.4 25 180   M    M   9 1      35 190
20  59  48  54   5  11   0 0.75  0.0    0  5.4 18  90   M    M  10 13     21  90
================================================================================
SM 1176  777       326   8  4.41     0.3 186.5          M      149
================================================================================
AV 58.8 38.9                               9.3 FASTST   M    M   7    MAX(MPH)
                                 MISC ---->  # 32 240               # 45  240
================================================================================
NOTES:
# LAST OF SEVERAL OCCURRENCES

COLUMN 17 PEAK WIND IN M.P.H.

PRELIMINARY LOCAL CLIMATOLOGICAL DATA (WS FORM: F-6) , PAGE 2

                                          STATION:  SYRACUSE NY
                                          MONTH:    APRIL
                                          YEAR:     2017
                                          LATITUDE:   43  7 N
                                          LONGITUDE:  76  7 W

[TEMPERATURE DATA]      [PRECIPITATION DATA]       SYMBOLS USED IN COLUMN 16

AVERAGE MONTHLY: 48.8   TOTAL FOR MONTH:   4.41    1 = FOG OR MIST
DPTR FM NORMAL:   4.0   DPTR FM NORMAL:    2.22    2 = FOG REDUCING VISIBILITY
HIGHEST:    81 ON 16,10 GRTST 24HR  1.45 ON  4- 4      TO 1/4 MILE OR LESS
LOWEST:     29 ON 14, 9                            3 = THUNDER
                        SNOW, ICE PELLETS, HAIL    4 = ICE PELLETS
                        TOTAL MONTH:   0.3 INCH    5 = HAIL
                        GRTST 24HR   0.3 ON  7- 7  6 = FREEZING RAIN OR DRIZZLE
                        GRTST DEPTH:   0           7 = DUSTSTORM OR SANDSTORM:
                                                       VSBY 1/2 MILE OR LESS
                                                   8 = SMOKE OR HAZE
[NO. OF DAYS WITH]      [WEATHER - DAYS WITH]      9 = BLOWING SNOW
                                                   X = TORNADO
MAX 32 OR BELOW:   0    0.01 INCH OR MORE:  10
MAX 90 OR ABOVE:   0    0.10 INCH OR MORE:   8
MIN 32 OR BELOW:   7    0.50 INCH OR MORE:   4
MIN  0 OR BELOW:   0    1.00 INCH OR MORE:   1

[HDD (BASE 65) ]
TOTAL THIS MO.   326    CLEAR  (SCALE 0-3)   0
DPTR FM NORMAL   -78    PTCLDY (SCALE 4-7)  12
TOTAL FM JUL 1  5667    CLOUDY (SCALE 8-10)  8
DPTR FM NORMAL  -525

[CDD (BASE 65) ]
TOTAL THIS MO.     8
DPTR FM NORMAL     8    [PRESSURE DATA]
TOTAL FM JAN 1     8    HIGHEST SLP 30.43 ON 13
DPTR FM NORMAL     8    LOWEST  SLP 29.09 ON  6

[REMARKS]
