000
CXUS51 KBGM 280800
CF6SYR
PRELIMINARY LOCAL CLIMATOLOGICAL DATA (WS FORM: F-6)

                                          STATION:   SYRACUSE NY
                                          MONTH:     FEBRUARY
                                          YEAR:      2015
                                          LATITUDE:   43  7 N
                                          LONGITUDE:  76  7 W

  TEMPERATURE IN F:       :PCPN:    SNOW:  WIND      :SUNSHINE: SKY     :PK WND
================================================================================
1   2   3   4   5  6A  6B    7    8   9   10  11  12  13   14  15   16   17  18
                                     12Z  AVG MX 2MIN
DY MAX MIN AVG DEP HDD CDD  WTR  SNW DPTH SPD SPD DIR MIN PSBL S-S WX    SPD DR
================================================================================

 1  24  11  18  -6  47   0 0.06  1.2    5  7.1 16 270   M    M   9 1      21 260
 2  14   1   8 -16  57   0 0.34  8.8   11 12.7 28 300   M    M  10 19     33 310
 3  22  -2  10 -14  55   0    T  0.4   14  7.6 21 220   M    M   8 18     26 210
 4  32  14  23  -1  42   0 0.17  2.9   13  9.4 22 260   M    M  10 19     27 250
 5  22   6  14 -10  51   0 0.05  1.8   16 11.1 21 340   M    M   8 189    24 310
 6  22   5  14 -10  51   0 0.02  0.4   14 13.8 24 260   M    M   7 18     31 250
 7  27  20  24   0  41   0 0.18  2.1   14  8.0 17 240   M    M  10 1      21 250
 8  23  10  17  -8  48   0 0.28  3.6   15  7.1 15  90   M    M  10 18     20  90
 9  20   9  15 -10  50   0 0.43  5.8   19  3.7 12  90   M    M  10 12     14 100
10  18   5  12 -13  53   0    T    T   21  6.5 12 300   M    M   9 1      13 300
11  28  -1  14 -11  51   0 0.05  1.0   20  3.4 12  90   M    M   7 18     13 100
12  24   0  12 -13  53   0 0.08  3.9   20 14.1 32 270   M    M   9 129    39 270
13   8 -13  -2 -27  67   0    T  0.4   20  6.9 18 250   M    M   7 19     24 250
14  22   2  12 -14  53   0 0.14  4.4   20  9.7 23 280   M    M  10 19     30 300
15   8  -6   1 -25  64   0 0.04  3.0   25 17.0 26 330   M    M   9 19     33 340
16   6 -17  -5 -31  70   0    T    T   25  6.0 15 260   M    M   7 1      19 270
17  17 -11   3 -23  62   0    T    T   24  2.9  7 270   M    M   8         9 100
18  24  -7   9 -17  56   0 0.06  2.6   23  5.8 28 270   M    M   8 129    32 260
19  11  -3   4 -23  61   0 0.25  6.2   26 18.5 28 260   M    M  10 1289   38 290
20   5 -14  -4 -31  69   0 0.08  1.6   29 13.5 26 250   M    M   7 19     32 250
21  20 -16   2 -25  63   0 0.10  4.4   32  6.1 21 160   M    M   9 19     28 160
22  25  13  19  -8  46   0 0.02  1.0   31  6.7 24 310   M    M  10 19     33 310
23  13  -6   4 -24  61   0 0.15  3.6   33 14.4 24 260   M    M   9 129    30 280
24  19 -18   1 -27  64   0 0.00  0.0   32 11.1 24 180   M    M   7        34 180
25  19   6  13 -15  52   0    T  0.4   30 11.7 25 280   M    M   7 9      33 270
26  15   2   9 -19  56   0    T  0.3   29  5.4 16 330   M    M  10 1      19 330
27  14  -2   6 -22  59   0    T  0.1   28  8.8 16 290   M    M   8        26 290
================================================================================
SM  502  -12      1502   0  2.50    59.9 249.0          M      233
================================================================================
AV 18.6 -0.4                               9.2 FASTST   M    M   9    MAX(MPH)
                                 MISC ---->  # 32 270               # 39  270
================================================================================
NOTES:
# LAST OF SEVERAL OCCURRENCES

COLUMN 17 PEAK WIND IN M.P.H.

PRELIMINARY LOCAL CLIMATOLOGICAL DATA (WS FORM: F-6) , PAGE 2

                                          STATION:  SYRACUSE NY
                                          MONTH:    FEBRUARY
                                          YEAR:     2015
                                          LATITUDE:   43  7 N
                                          LONGITUDE:  76  7 W

[TEMPERATURE DATA]      [PRECIPITATION DATA]       SYMBOLS USED IN COLUMN 16

AVERAGE MONTHLY:  9.1   TOTAL FOR MONTH:   2.50    1 = FOG OR MIST
DPTR FM NORMAL: -16.7   DPTR FM NORMAL:    0.52    2 = FOG REDUCING VISIBILITY
HIGHEST:    32 ON  4    GRTST 24HR  1.37 ON  1- 2      TO 1/4 MILE OR LESS
LOWEST:    -18 ON 24                               3 = THUNDER
                        SNOW, ICE PELLETS, HAIL    4 = ICE PELLETS
                        TOTAL MONTH:  59.9 INCHES  5 = HAIL
                        GRTST 24HR   8.8 ON   M    6 = FREEZING RAIN OR DRIZZLE
                        GRTST DEPTH:  33 ON 23     7 = DUSTSTORM OR SANDSTORM:
                                                       VSBY 1/2 MILE OR LESS
                                                   8 = SMOKE OR HAZE
[NO. OF DAYS WITH]      [WEATHER - DAYS WITH]      9 = BLOWING SNOW
                                                   X = TORNADO
MAX 32 OR BELOW:  27    0.01 INCH OR MORE:  18
MAX 90 OR ABOVE:   0    0.10 INCH OR MORE:   9
MIN 32 OR BELOW:  27    0.50 INCH OR MORE:   0
MIN  0 OR BELOW:  14    1.00 INCH OR MORE:   0

[HDD (BASE 65) ]
TOTAL THIS MO.  1502    CLEAR  (SCALE 0-3)   0
DPTR FM NORMAL   443    PTCLDY (SCALE 4-7)  12
TOTAL FM JUL 1  5167    CLOUDY (SCALE 8-10) 15
DPTR FM NORMAL   372

[CDD (BASE 65) ]
TOTAL THIS MO.     0
DPTR FM NORMAL     0    [PRESSURE DATA]
TOTAL FM JAN 1     0    HIGHEST SLP 30.47 ON 23
DPTR FM NORMAL     0    LOWEST  SLP 29.36 ON  2

[REMARKS]
