000
CXUS55 KPUB 181159
CF6TAD
PRELIMINARY LOCAL CLIMATOLOGICAL DATA (WS FORM: F-6)

                                          STATION:   TRINIDAD CO
                                          MONTH:     DECEMBER
                                          YEAR:      2014
                                          LATITUDE:   37 16 N
                                          LONGITUDE: 104 20 W

  TEMPERATURE IN F:       :PCPN:    SNOW:  WIND      :SUNSHINE: SKY     :PK WND
================================================================================
1   2   3   4   5  6A  6B    7    8   9   10  11  12  13   14  15   16   17  18
                                     12Z  AVG MX 2MIN
DY MAX MIN AVG DEP HDD CDD  WTR  SNW DPTH SPD SPD DIR MIN PSBL S-S WX    SPD DR
================================================================================

 1  37  16  27  -7  38   0    T    M    0  5.1 16 250   M    M   5 8      19 240
 2  53  25  39   5  26   0 0.00  0.0    0  8.6 18 250   M    M   0        20 250
 3  45  30  38   5  27   0 0.00  0.0    0  5.6 14  20   M    M   4        16  20
 4  57  27  42   9  23   0 0.01    M    0  6.5 16 190   M    M   4        18 200
 5  55  31  43  10  22   0 0.00  0.0    0  7.7 15 280   M    M   1        17 270
 6  57  28  43  11  22   0 0.00  0.0    0 10.8 24 250   M    M   0        30 250
 7  61  30  46  14  19   0 0.00  0.0    0  9.9 23 250   M    M   1        27 250
 8  61  28  45  13  20   0 0.00  0.0    0  8.6 21 250   M    M   0        24 250
 9  61  26  44  12  21   0 0.00  0.0    0  7.5 16 250   M    M   0        19 240
10  59  24  42  10  23   0 0.00  0.0    0 10.0 17 250   M    M   0        19 250
11  62  28  45  13  20   0 0.00  0.0    0 10.3 18 260   M    M   0        21 260
12  64  30  47  16  18   0 0.00  0.0    0  8.7 18 270   M    M   0        23 250
13  66  32  49  18  16   0 0.00  0.0    0  9.6 24 220   M    M   0        32 190
14  52  28  40   9  25   0 0.04    M    0 13.8 32 320   M    M   8 1      43 320
15  45  15  30  -1  35   0 0.00  0.0    0  8.1 30 310   M    M   0 1      38 310
16  45  17  31   0  34   0 0.00  0.0    0  4.9 15 270   M    M   0        18 260
17  42  23  33   2  32   0 0.00  0.0    0  4.6 14 280   M    M   4        17 260
================================================================================
SM  922  438       421   0  0.05     0.0 140.3          M       27
================================================================================
AV 54.2 25.8                               8.3 FASTST   M    M   2    MAX(MPH)
                                 MISC ---->  # 32 320               # 43  320
================================================================================
NOTES:
# LAST OF SEVERAL OCCURRENCES

COLUMN 17 PEAK WIND IN M.P.H.

PRELIMINARY LOCAL CLIMATOLOGICAL DATA (WS FORM: F-6) , PAGE 2

                                          STATION:  TRINIDAD CO
                                          MONTH:    DECEMBER
                                          YEAR:     2014
                                          LATITUDE:   37 16 N
                                          LONGITUDE: 104 20 W

[TEMPERATURE DATA]      [PRECIPITATION DATA]       SYMBOLS USED IN COLUMN 16

AVERAGE MONTHLY: 40.0   TOTAL FOR MONTH:   0.05    1 = FOG OR MIST
DPTR FM NORMAL:   7.9   DPTR FM NORMAL:   -0.26    2 = FOG REDUCING VISIBILITY
HIGHEST:    66 ON 13    GRTST 24HR  0.04 ON 14-14      TO 1/4 MILE OR LESS
LOWEST:     15 ON 15                               3 = THUNDER
                        SNOW, ICE PELLETS, HAIL    4 = ICE PELLETS
                        TOTAL MONTH:   0.0 INCH    5 = HAIL
                        GRTST 24HR     0.0         6 = FREEZING RAIN OR DRIZZLE
                        GRTST DEPTH:   0           7 = DUSTSTORM OR SANDSTORM:
                                                       VSBY 1/2 MILE OR LESS
                                                   8 = SMOKE OR HAZE
[NO. OF DAYS WITH]      [WEATHER - DAYS WITH]      9 = BLOWING SNOW
                                                   X = TORNADO
MAX 32 OR BELOW:   0    0.01 INCH OR MORE:   2
MAX 90 OR ABOVE:   0    0.10 INCH OR MORE:   0
MIN 32 OR BELOW:  17    0.50 INCH OR MORE:   0
MIN  0 OR BELOW:   0    1.00 INCH OR MORE:   0

[HDD (BASE 65) ]
TOTAL THIS MO.   421    CLEAR  (SCALE 0-3)  12
DPTR FM NORMAL  -140    PTCLDY (SCALE 4-7)   5
TOTAL FM JUL 1  1562    CLOUDY (SCALE 8-10)  0
DPTR FM NORMAL  -232

[CDD (BASE 65) ]
TOTAL THIS MO.     0
DPTR FM NORMAL     0    [PRESSURE DATA]
TOTAL FM JAN 1   894    HIGHEST SLP M ON M
DPTR FM NORMAL   175    LOWEST  SLP 29.64 ON 14

[REMARKS]
