000
CXUS54 KBMX 301216
CF6TCL
PRELIMINARY LOCAL CLIMATOLOGICAL DATA (WS FORM: F-6)

                                          STATION:   TUSCALOOSA
                                          MONTH:     JUNE
                                          YEAR:      2015
                                          LATITUDE:   33 13 N
                                          LONGITUDE:  87 37 W

  TEMPERATURE IN F:       :PCPN:    SNOW:  WIND      :SUNSHINE: SKY     :PK WND
================================================================================
1   2   3   4   5  6A  6B    7    8   9   10  11  12  13   14  15   16   17  18
                                     12Z  AVG MX 2MIN
DY MAX MIN AVG DEP HDD CDD  WTR  SNW DPTH SPD SPD DIR MIN PSBL S-S WX    SPD DR
================================================================================

 1  83  67  75  -1   0  10 0.28  0.0    0  3.7 14 150   M    M   6 138    17 160
 2  84  64  74  -2   0   9 0.00  0.0    0  5.3 12 310   M    M   3 18     16 320
 3  83  60  72  -4   0   7 0.00  0.0    0  3.9 12 330   M    M   2 1      14 320
 4  87  61  74  -2   0   9 0.00  0.0    0  2.2 10  20   M    M   1 1      14  30
 5  90  66  78   2   0  13 0.00  0.0    0  2.9 10 310   M    M   1 18     13 360
 6  92  68  80   3   0  15 0.00  0.0    0  3.3 13 350   M    M   1 18     16 360
 7  93  67  80   3   0  15 0.00  0.0    0  2.2  9 200   M    M   0 18     15 210
 8  91  71  81   4   0  16 0.08  0.0    0  5.8 15 190   M    M   1 138    21 210
 9  87  70  79   2   0  14    T  0.0    0  5.0 23  50   M    M   2 138    28  50
10  91  68  80   3   0  15 0.00  0.0    0  2.7 20 190   M    M   4 18     26 190
11  90  67  79   1   0  14 0.00  0.0    0  4.0 15 170   M    M   1 18     20 170
12  88  72  80   2   0  15 0.27  0.0    0  5.8 24 220   M    M   3 138    32 210
13  91  68  80   2   0  15 0.02  0.0    0  5.1 31 200   M    M   4 1      40 200
14  92  69  81   3   0  16 0.00  0.0    0  3.3 13 220   M    M   2        16 210
15  95  70  83   5   0  18 0.00  0.0    0  3.8 13 180   M    M   0 1      17 200
16  96  72  84   5   0  19 0.00  0.0    0  3.4 12 210   M    M   0 1      18 210
17  97  72  85   6   0  20 0.00  0.0    0  3.5 16 200   M    M   0 1      19 200
18  95  75  85   6   0  20 0.00  0.0    0  4.7 15 170   M    M   1 18     20 160
19  94  74  84   5   0  19 0.00  0.0    0  9.4 18 190   M    M   1        26 200
20  94  74  84   5   0  19 0.57  0.0    0  6.6 29 280   M    M   5 138    37 270
21  95  73  84   4   0  19 0.00  0.0    0  3.2 12 320   M    M   0 18     17 310
22  96  72  84   4   0  19 0.00  0.0    0  1.9 12 320   M    M   0 18     14 320
23  98  77  88   8   0  23 0.00  0.0    0  3.6 13 250   M    M   0 18     17 260
24  99  73  86   6   0  21 0.00  0.0    0  6.2 15 270   M    M   1        20 300
25  95  72  84   4   0  19 0.07  0.0    0  3.2 23 110   M    M   0 38     31 120
26  92  73  83   3   0  18 0.18  0.0    0  5.0 16 170   M    M   1 138    20 170
27  89  72  81   1   0  16 0.15  0.0    0  5.5 17 330   M    M   6 1      23 320
28  88  67  78  -3   0  13 0.00  0.0    0  3.4 13 320   M    M   1 1      19 310
29  92  64  78  -3   0  13 0.00  0.0    0  5.1 14 210   M    M   1 1      19 240
================================================================================
SM 2657 2018         0 459  1.62     0.0 123.7          M       48
================================================================================
AV 91.6 69.6                               4.3 FASTST   M    M   2    MAX(MPH)
                                 MISC ---->  # 31 200               # 40  200
================================================================================
NOTES:
# LAST OF SEVERAL OCCURRENCES

COLUMN 17 PEAK WIND IN M.P.H.

PRELIMINARY LOCAL CLIMATOLOGICAL DATA (WS FORM: F-6) , PAGE 2

                                          STATION:  TUSCALOOSA
                                          MONTH:    JUNE
                                          YEAR:     2015
                                          LATITUDE:   33 13 N
                                          LONGITUDE:  87 37 W

[TEMPERATURE DATA]      [PRECIPITATION DATA]       SYMBOLS USED IN COLUMN 16

AVERAGE MONTHLY: 80.6   TOTAL FOR MONTH:   1.62    1 = FOG OR MIST
DPTR FM NORMAL:   2.3   DPTR FM NORMAL:   -2.98    2 = FOG REDUCING VISIBILITY
HIGHEST:    99 ON 24    GRTST 24HR  0.63 ON 31- 1      TO 1/4 MILE OR LESS
LOWEST:     60 ON  3                               3 = THUNDER
                        SNOW, ICE PELLETS, HAIL    4 = ICE PELLETS
                        TOTAL MONTH:   0.0 INCH    5 = HAIL
                        GRTST 24HR     0.0         6 = FREEZING RAIN OR DRIZZLE
                        GRTST DEPTH:   0           7 = DUSTSTORM OR SANDSTORM:
                                                       VSBY 1/2 MILE OR LESS
                                                   8 = SMOKE OR HAZE
[NO. OF DAYS WITH]      [WEATHER - DAYS WITH]      9 = BLOWING SNOW
                                                   X = TORNADO
MAX 32 OR BELOW:   0    0.01 INCH OR MORE:   8
MAX 90 OR ABOVE:  21    0.10 INCH OR MORE:   5
MIN 32 OR BELOW:   0    0.50 INCH OR MORE:   1
MIN  0 OR BELOW:   0    1.00 INCH OR MORE:   0

[HDD (BASE 65) ]
TOTAL THIS MO.     0    CLEAR  (SCALE 0-3)  23
DPTR FM NORMAL     0    PTCLDY (SCALE 4-7)   6
TOTAL FM JUL 1  2562    CLOUDY (SCALE 8-10)  0
DPTR FM NORMAL    41

[CDD (BASE 65) ]
TOTAL THIS MO.   459
DPTR FM NORMAL    72    [PRESSURE DATA]
TOTAL FM JAN 1   820    HIGHEST SLP M ON M
DPTR FM NORMAL   122    LOWEST  SLP 29.83 ON  9

[REMARKS]
