000
CXUS52 KMFL 281000
CF6TMB
PRELIMINARY LOCAL CLIMATOLOGICAL DATA (WS FORM: F-6)

                                          STATION:   KENDALL-TAMIAMI EXEC ARPT
                                          MONTH:     AUGUST
                                          YEAR:      2015
                                          LATITUDE:   25 38 N
                                          LONGITUDE:  80 26 W

  TEMPERATURE IN F:       :PCPN:    SNOW:  WIND      :SUNSHINE: SKY     :PK WND
================================================================================
1   2   3   4   5  6A  6B    7    8   9   10  11  12  13   14  15   16   17  18
                                     12Z  AVG MX 2MIN
DY MAX MIN AVG DEP HDD CDD  WTR  SNW DPTH SPD SPD DIR MIN PSBL S-S WX    SPD DR
================================================================================

 1  92  74  83   0   0  18 0.01  0.0    0  5.2 14 180   M    M   1        19 150
 2  92  76  84   1   0  19    T  0.0    0  4.2 18 170   M    M   2 3      27 180
 3  91  73  82  -1   0  17 0.49  0.0    0  5.1 18 310   M    M   2 13     23 310
 4  92  73  83   0   0  18 0.00  0.0    0  4.6 14  90   M    M   1 138    20 100
 5  92  76  84   1   0  19 0.00  0.0    0  5.7 15 140   M    M   1        21 130
 6  93  75  84   1   0  19 0.00  0.0    0  5.0 15 110   M    M   1        19 140
 7  93  73  83   0   0  18 0.00  0.0    0  4.4 21 300   M    M   2 3      25 300
 8  94  75  85   2   0  20 0.07  0.0    0  5.0 15  40   M    M   2 3      20 180
 9  94  73  84   1   0  19 0.00  0.0    0  4.9 14 180   M    M   2 3      19 160
10  92  76  84   1   0  19 0.01  0.0    0  4.1 18 270   M    M   2 3      22 260
11  93  74  84   1   0  19 1.11  0.0    0  3.8 29 250   M    M   3 13     36 250
12  94  74  84   1   0  19 0.00  0.0    0  4.1 12 250   M    M   2        16 230
13  92  74  83   0   0  18 0.41  0.0    0  4.5 31 300   M    M   2 13     36 300
14  92  74  83   0   0  18 0.07  0.0    0  4.6 15 320   M    M   2 3      20 310
15  87  76  82  -1   0  17 0.03  0.0    0  4.5 13  60   M    M   1 3      15 240
16  91  75  83   0   0  18 0.53  0.0    0  6.8 33 120   M    M   2 13     39 120
17  90  78  84   1   0  19 0.19  0.0    0  8.7 15 100   M    M   1        22 110
18  91  77  84   2   0  19 0.01  0.0    0  6.4 15 110   M    M   2 3      20 120
19  92  79  86   4   0  21 0.01  0.0    0  6.2 17 120   M    M   1        22 120
20  92  77  85   3   0  20 0.00  0.0    0  4.6 14 120   M    M   2 3      16 100
21  91  76  84   2   0  19    T  0.0    0  4.1 13 120   M    M   1 3      15 100
22  93  75  84   2   0  19 0.10  0.0    0  4.1 16 110   M    M   2 13     20 110
23  94  76  85   3   0  20 0.18  0.0    0  4.6 22  20   M    M   2 13     28  20
24  93  76  85   3   0  20 0.38  0.0    0  5.9 24  80   M    M   1 13     26  80
25  92  76  84   2   0  19 0.00  0.0    0  3.9 15 310   M    M   1        20 100
26  88  74  81  -1   0  16 0.49  0.0    0  4.1 16 280   M    M   4 13     20 280
27  90  73  82   0   0  17 0.18  0.0    0  4.2 13 130   M    M   2 3      15 140
================================================================================
SM 2480 2028         0 504  4.27     0.0 133.3          M       47
================================================================================
AV 91.9 75.1                               4.9 FASTST   M    M   2    MAX(MPH)
                                 MISC ---->  # 33 120               # 39  120
================================================================================
NOTES:
# LAST OF SEVERAL OCCURRENCES

COLUMN 17 PEAK WIND IN M.P.H.

PRELIMINARY LOCAL CLIMATOLOGICAL DATA (WS FORM: F-6) , PAGE 2

                                          STATION:  KENDALL-TAMIAMI EXEC ARPT
                                          MONTH:    AUGUST
                                          YEAR:     2015
                                          LATITUDE:   25 38 N
                                          LONGITUDE:  80 26 W

[TEMPERATURE DATA]      [PRECIPITATION DATA]       SYMBOLS USED IN COLUMN 16

AVERAGE MONTHLY: 83.5   TOTAL FOR MONTH:   4.27    1 = FOG OR MIST
DPTR FM NORMAL:   0.9   DPTR FM NORMAL:   -3.44    2 = FOG REDUCING VISIBILITY
HIGHEST:    94 ON 23,12 GRTST 24HR  1.11 ON 11-11      TO 1/4 MILE OR LESS
LOWEST:     73 ON 27, 9                            3 = THUNDER
                        SNOW, ICE PELLETS, HAIL    4 = ICE PELLETS
                        TOTAL MONTH:   0.0 INCH    5 = HAIL
                        GRTST 24HR     0.0         6 = FREEZING RAIN OR DRIZZLE
                        GRTST DEPTH:   0           7 = DUSTSTORM OR SANDSTORM:
                                                       VSBY 1/2 MILE OR LESS
                                                   8 = SMOKE OR HAZE
[NO. OF DAYS WITH]      [WEATHER - DAYS WITH]      9 = BLOWING SNOW
                                                   X = TORNADO
MAX 32 OR BELOW:   0    0.01 INCH OR MORE:  17
MAX 90 OR ABOVE:  25    0.10 INCH OR MORE:  10
MIN 32 OR BELOW:   0    0.50 INCH OR MORE:   2
MIN  0 OR BELOW:   0    1.00 INCH OR MORE:   1

[HDD (BASE 65) ]
TOTAL THIS MO.     0    CLEAR  (SCALE 0-3)  26
DPTR FM NORMAL     0    PTCLDY (SCALE 4-7)   1
TOTAL FM JUL 1     0    CLOUDY (SCALE 8-10)  0
DPTR FM NORMAL     0

[CDD (BASE 65) ]
TOTAL THIS MO.   504
DPTR FM NORMAL    27    [PRESSURE DATA]
TOTAL FM JAN 1  3041    HIGHEST SLP M ON M
DPTR FM NORMAL   555    LOWEST  SLP 29.87 ON M

[REMARKS]
