000
CXUS52 KMFL 301000
CF6TMB
PRELIMINARY LOCAL CLIMATOLOGICAL DATA (WS FORM: F-6)

                                          STATION:   KENDALL-TAMIAMI EXEC ARPT
                                          MONTH:     JULY
                                          YEAR:      2014
                                          LATITUDE:   25 38 N
                                          LONGITUDE:  80 26 W

  TEMPERATURE IN F:       :PCPN:    SNOW:  WIND      :SUNSHINE: SKY     :PK WND
================================================================================
1   2   3   4   5  6A  6B    7    8   9   10  11  12  13   14  15   16   17  18
                                     12Z  AVG MX 2MIN
DY MAX MIN AVG DEP HDD CDD  WTR  SNW DPTH SPD SPD DIR MIN PSBL S-S WX    SPD DR
================================================================================

 1  91  77  84   2   0  19 0.00  0.0    0  8.0 15 250   M    M   1 3      19 250
 2  92  77  85   3   0  20 0.69  0.0    0  6.5 29 270   M    M   1 138    35 260
 3  95  77  86   4   0  21 0.01  0.0    0  4.7 15 200   M    M   2 13     21 200
 4  91  77  84   2   0  19 0.08  0.0    0  3.5 15 240   M    M   2 138    21 180
 5  88  75  82   0   0  17 1.81  0.0    0  1.9 22 150   M    M   1 138    25 150
 6  91  76  84   2   0  19    T  0.0    0  3.8 17 130   M    M   2 3      22 130
 7  88  76  82   0   0  17 0.11  0.0    0  2.8 14 170   M    M   3 13     18 180
 8  93  76  85   3   0  20 0.42  0.0    0  2.5  9 110   M    M   1 138     M  M
 9  93  73  83   1   0  18 1.21  0.0    0  3.5 25 220   M    M   3 13     32 230
10  87  73  80  -2   0  15 1.28  0.0    0  3.5 20 280   M    M   2 138    23 280
11  93  75  84   2   0  19 0.04  0.0    0  7.7 16 110   M    M   2 3      21 110
12  92  77  85   3   0  20 0.22  0.0    0  6.9 32  70   M    M   3 138    41  80
13  93  78  86   4   0  21    T  0.0    0  6.6 15 120   M    M   1        20  90
14  93  76  85   3   0  20 0.03  0.0    0  3.3 21  20   M    M   2 38     31  90
15  92  75  84   2   0  19 0.74  0.0    0  2.2 21 240   M    M   2 13     27 240
16  95  77  86   4   0  21 0.09  0.0    0  5.6 17 250   M    M   1 3      23 230
17  94  76  85   3   0  20 0.10  0.0    0  4.9 18 350   M    M   1 13     25 310
18  98  78  88   6   0  23 0.37  0.0    0  5.4 23  90   M    M   4 138    25  80
19  94  76  85   3   0  20 0.03  0.0    0  3.5 15 340   M    M   2 138    20 340
20  95  75  85   3   0  20 0.29  0.0    0  4.1 22  60   M    M   3 13     26  60
21  84  75  80  -2   0  15 1.13  0.0    0  2.5 15 180   M    M   3 13     20 240
22  91  76  84   2   0  19 0.08  0.0    0  2.9 15 190   M    M   2 13     20 180
23  90  77  84   2   0  19 0.98  0.0    0  3.2 20 300   M    M   4 13     24 290
24  91  78  85   3   0  20    T  0.0    0  4.6 18 290   M    M   3 13     26 290
25  92  76  84   2   0  19 0.00  0.0    0  3.4 14 110   M    M   1 13     17 150
26  93  78  86   4   0  21 0.13  0.0    0  2.3 22  30   M    M   4 3      27  40
27  95  77  86   3   0  21 0.01  0.0    0  3.5 13 130   M    M   2        17 130
28  98  78  88   5   0  23 0.00  0.0    0  5.5 14 270   M    M   1        16 270
29  95  77  86   3   0  21    T  0.0    0  7.0 18 250   M    M   1 3      22 240
================================================================================
SM 2677 2212         0 566  9.85     0.0 125.8          M       60
================================================================================
AV 92.3 76.3                               4.3 FASTST   M    M   2    MAX(MPH)
                                 MISC ---->  # 32  70               # 41   80
================================================================================
NOTES:
# LAST OF SEVERAL OCCURRENCES

COLUMN 17 PEAK WIND IN M.P.H.

PRELIMINARY LOCAL CLIMATOLOGICAL DATA (WS FORM: F-6) , PAGE 2

                                          STATION:  KENDALL-TAMIAMI EXEC ARPT
                                          MONTH:    JULY
                                          YEAR:     2014
                                          LATITUDE:   25 38 N
                                          LONGITUDE:  80 26 W

[TEMPERATURE DATA]      [PRECIPITATION DATA]       SYMBOLS USED IN COLUMN 16

AVERAGE MONTHLY: 84.3   TOTAL FOR MONTH:   9.85    1 = FOG OR MIST
DPTR FM NORMAL:   2.2   DPTR FM NORMAL:    2.81    2 = FOG REDUCING VISIBILITY
HIGHEST:    98 ON 28,18 GRTST 24HR  2.40 ON  9-10      TO 1/4 MILE OR LESS
LOWEST:     73 ON 10, 9                            3 = THUNDER
                        SNOW, ICE PELLETS, HAIL    4 = ICE PELLETS
                        TOTAL MONTH:   0.0 INCH    5 = HAIL
                        GRTST 24HR     0.0         6 = FREEZING RAIN OR DRIZZLE
                        GRTST DEPTH:   0           7 = DUSTSTORM OR SANDSTORM:
                                                       VSBY 1/2 MILE OR LESS
                                                   8 = SMOKE OR HAZE
[NO. OF DAYS WITH]      [WEATHER - DAYS WITH]      9 = BLOWING SNOW
                                                   X = TORNADO
MAX 32 OR BELOW:   0    0.01 INCH OR MORE:  22
MAX 90 OR ABOVE:  25    0.10 INCH OR MORE:  14
MIN 32 OR BELOW:   0    0.50 INCH OR MORE:   7
MIN  0 OR BELOW:   0    1.00 INCH OR MORE:   4

[HDD (BASE 65) ]
TOTAL THIS MO.     0    CLEAR  (SCALE 0-3)  25
DPTR FM NORMAL     0    PTCLDY (SCALE 4-7)   4
TOTAL FM JUL 1     0    CLOUDY (SCALE 8-10)  0
DPTR FM NORMAL     0

[CDD (BASE 65) ]
TOTAL THIS MO.   566
DPTR FM NORMAL    70    [PRESSURE DATA]
TOTAL FM JAN 1  2542    HIGHEST SLP M ON M
DPTR FM NORMAL   566    LOWEST  SLP 29.85 ON  1

[REMARKS]
