000
CXUS54 KBMX 241111
CF6TOI
PRELIMINARY LOCAL CLIMATOLOGICAL DATA (WS FORM: F-6)

                                          STATION:   TROY
                                          MONTH:     JANUARY
                                          YEAR:      2017
                                          LATITUDE:   31 51 N
                                          LONGITUDE:  86  1 W

  TEMPERATURE IN F:       :PCPN:    SNOW:  WIND      :SUNSHINE: SKY     :PK WND
================================================================================
1   2   3   4   5  6A  6B    7    8   9   10  11  12  13   14  15   16   17  18
                                     12Z  AVG MX 2MIN
DY MAX MIN AVG DEP HDD CDD  WTR  SNW DPTH SPD SPD DIR MIN PSBL S-S WX    SPD DR
================================================================================

 1  66  50  58  12   7   0 3.62  0.0    0  4.4 13 100   M    M  10 13     17 310
 2  72  62  67  21   0   2 5.64  0.0    0  6.9 25 130   M    M  10 13     30 130
 3  68  51  60  14   5   0 0.01  0.0    0  3.5 10 260   M    M   6 12     15 270
 4  57  41  49   3  16   0 0.00  0.0    0  7.3 17 320   M    M   5 12     21 320
 5  62  33  48   2  17   0    T  0.0    0  4.1 14 220   M    M   4 1      18 220
 6  49  33  41  -5  24   0 1.50    M    0  9.8 17 350   M    M  10 1      22 360
 7  36  24  30 -16  35   0 0.00  0.0    0 15.2 28 340   M    M   3        35 330
 8  42  19  31 -15  34   0 0.00  0.0    0  5.6 14  20   M    M   0        19  30
 9  52  20  36 -10  29   0 0.00  0.0    0  2.7 15 120   M    M   0        18 130
10  66  31  49   3  16   0 0.03    M    0  6.6 20 170   M    M   5 1      26 180
11  73  56  65  19   0   0    T  0.0    0  6.4 17 170   M    M   7        23 160
12  77  49  63  17   2   0 0.00  0.0    0  2.7 13 150   M    M   2 1      19 200
13  78  46  62  16   3   0 0.00  0.0    0  1.1  9 130   M    M   2 12     12 130
14  77  43  60  14   5   0 0.00  0.0    0  0.5 10 140   M    M   1 1      14 140
15  75  45  60  14   5   0 0.00  0.0    0  1.1  9 160   M    M   1        11 160
16  78  45  62  16   3   0 0.00  0.0    0  4.6 15 180   M    M   3 1      22 150
17  78  53  66  20   0   1 0.00  0.0    0  3.9 15 210   M    M   2 1      19 200
18  77  55  66  20   0   1 0.00  0.0    0  3.5 13 310   M    M   6 12     18 330
19  76  53  65  19   0   0 0.77  0.0    0  6.4 18 200   M    M   7 12     25 160
20  76  61  69  23   0   4 0.00  0.0    0  5.7 14 210   M    M   6 1      18 190
21  70  60  65  18   0   0 1.34  0.0    0  7.5 30 300   M    M   7 13     37 300
22  71  49  60  13   5   0 0.47  0.0    0  6.0 25 270   M    M   6 123    37 270
23  68  49  59  12   6   0    T  0.0    0 12.6 28 320   M    M   5 1      35 330
================================================================================
SM 1544 1028       212   8 13.38     0.0 128.1          M      108
================================================================================
AV 67.1 44.7                               5.6 FASTST   M    M   5    MAX(MPH)
                                 MISC ---->  # 30 300               # 37  300
================================================================================
NOTES:
# LAST OF SEVERAL OCCURRENCES

COLUMN 17 PEAK WIND IN M.P.H.

PRELIMINARY LOCAL CLIMATOLOGICAL DATA (WS FORM: F-6) , PAGE 2

                                          STATION:  TROY
                                          MONTH:    JANUARY
                                          YEAR:     2017
                                          LATITUDE:   31 51 N
                                          LONGITUDE:  86  1 W

[TEMPERATURE DATA]      [PRECIPITATION DATA]       SYMBOLS USED IN COLUMN 16

AVERAGE MONTHLY: 55.9   TOTAL FOR MONTH:  13.38    1 = FOG OR MIST
DPTR FM NORMAL:   9.8   DPTR FM NORMAL:   10.13    2 = FOG REDUCING VISIBILITY
HIGHEST:    78 ON 17,16 GRTST 24HR  5.95 ON  1- 2      TO 1/4 MILE OR LESS
LOWEST:     19 ON  8                               3 = THUNDER
                        SNOW, ICE PELLETS, HAIL    4 = ICE PELLETS
                        TOTAL MONTH:   0.0 INCH    5 = HAIL
                        GRTST 24HR     0.0         6 = FREEZING RAIN OR DRIZZLE
                        GRTST DEPTH:   0           7 = DUSTSTORM OR SANDSTORM:
                                                       VSBY 1/2 MILE OR LESS
                                                   8 = SMOKE OR HAZE
[NO. OF DAYS WITH]      [WEATHER - DAYS WITH]      9 = BLOWING SNOW
                                                   X = TORNADO
MAX 32 OR BELOW:   0    0.01 INCH OR MORE:   8
MAX 90 OR ABOVE:   0    0.10 INCH OR MORE:   6
MIN 32 OR BELOW:   4    0.50 INCH OR MORE:   5
MIN  0 OR BELOW:   0    1.00 INCH OR MORE:   4

[HDD (BASE 65) ]
TOTAL THIS MO.   212    CLEAR  (SCALE 0-3)   9
DPTR FM NORMAL  -222    PTCLDY (SCALE 4-7)  11
TOTAL FM JUL 1   825    CLOUDY (SCALE 8-10)  3
DPTR FM NORMAL  -526

[CDD (BASE 65) ]
TOTAL THIS MO.     8
DPTR FM NORMAL     8    [PRESSURE DATA]
TOTAL FM JAN 1     8    HIGHEST SLP M ON M
DPTR FM NORMAL     8    LOWEST  SLP 29.23 ON 22

[REMARKS]
