000
CXUS55 KCYS 301000
CF6TOR
PRELIMINARY LOCAL CLIMATOLOGICAL DATA (WS FORM: F-6)

                                          STATION:   TORRINGTON WY AIRPORT
                                          MONTH:     JUNE
                                          YEAR:      2015
                                          LATITUDE:   42  3 N
                                          LONGITUDE: 104  9 W

  TEMPERATURE IN F:       :PCPN:    SNOW:  WIND      :SUNSHINE: SKY     :PK WND
================================================================================
1   2   3   4   5  6A  6B    7    8   9   10  11  12  13   14  15   16   17  18
                                     12Z  AVG MX 2MIN
DY MAX MIN AVG DEP HDD CDD  WTR  SNW DPTH SPD SPD DIR MIN PSBL S-S WX    SPD DR
================================================================================

 1  86  51  69   8   0   4    T    M    M  8.9 36 230   M    M   1 1238   48 230
 2  88  54  71   9   0   6    T    M    M  7.9 36  30   M    M   0 3      42  30
 3  79  50  65   3   0   0 0.00    M    M 12.1 28 120   M    M   2        34 120
 4  77  61  69   7   0   4    T    M    M 11.5 24 110   M    M   5        32  80
 5  77  61  69   6   0   4 0.19    M    M 14.5 28 190   M    M   6 13     38 190
 6  82  56  69   6   0   4    T    M    M  6.6 20 250   M    M   4 13     24 320
 7  76  56  66   3   0   1 0.15    M    M  7.1 23 360   M    M   4 13     30 360
 8  84  51  68   4   0   3 0.00    M    M  4.7 12 170   M    M   0        17 250
 9  92  55  74  10   0   9 0.00    M    M  4.9 16 290   M    M   0        22 310
10  80  58  69   5   0   4 0.80    M    M  9.9 26 190   M    M   4 13     32 190
11  69  57  63  -2   2   0 0.01    M    M  8.4 20  30   M    M   9 1      23  20
12  78  55  67   2   0   2    T    M    M  8.5 15 110   M    M   5 1      20 130
13  87  54  71   5   0   6 0.04    M    M  8.0 16 130   M    M   0 3      24  90
14  80  54  67   1   0   2 0.16    M    M  9.5 22  50   M    M   2 3      27  50
15  73  56  65  -1   0   0 0.07    M    M 11.3 26  80   M    M   7 13     32  70
16  81  50  66   0   0   1 1.07    M    M  8.1 14 130   M    M   4 13      M  M
17  81  47  64  -3   1   0 0.04    M    M 10.9 22 190   M    M   2 13     28 180
18  81  56  69   2   0   4 0.00    M    M 10.9 23  40   M    M   1        29 360
19  93  60  77   9   0  12 0.00    M    M 10.0 22 190   M    M   1        29 340
20  86  60  73   5   0   8 0.00    M    M  7.7 18 330   M    M   0        23 320
21  89  57  73   5   0   8 0.00    M    M 11.6 23  40   M    M   2        27  40
22  81  57  69   0   0   4 0.00    M    M 11.5 33 330   M    M   0 8      47 340
23  86  54  70   1   0   5 0.00    M    M 13.5 25 110   M    M   0        34 120
24  85  56  71   2   0   6 0.00    M    M  8.0 23  30   M    M   3        28  30
25  87  61  74   4   0   9    T    M    M 11.2 30  40   M    M   4 13     34  40
26  85  55  70   0   0   5 0.00    M    M  6.4 17  20   M    M   1        22  30
27  92  54  73   3   0   8 0.00    M    M  5.9 15 310   M    M   0        19 310
28  91  56  74   3   0   9 0.00    M    M  5.6 15  80   M    M   0        16  80
29  92  59  76   5   0  11    T    M    M  7.9 22  70   M    M   1 38     27  70
================================================================================
SM 2418 1611         3 139  2.53    M    263.0          M       68
================================================================================
AV 83.4 55.6                               9.1 FASTST   M    M   2    MAX(MPH)
                                 MISC ---->  # 36 230               # 48  230
================================================================================
NOTES:
# LAST OF SEVERAL OCCURRENCES

COLUMN 17 PEAK WIND IN M.P.H.

PRELIMINARY LOCAL CLIMATOLOGICAL DATA (WS FORM: F-6) , PAGE 2

                                          STATION:  TORRINGTON WY AIRPORT
                                          MONTH:    JUNE
                                          YEAR:     2015
                                          LATITUDE:   42  3 N
                                          LONGITUDE: 104  9 W

[TEMPERATURE DATA]      [PRECIPITATION DATA]       SYMBOLS USED IN COLUMN 16

AVERAGE MONTHLY: 69.5   TOTAL FOR MONTH:   2.53    1 = FOG OR MIST
DPTR FM NORMAL:   3.3   DPTR FM NORMAL:    0.16    2 = FOG REDUCING VISIBILITY
HIGHEST:    93 ON 19    GRTST 24HR  1.08 ON 15-16      TO 1/4 MILE OR LESS
LOWEST:     47 ON 17                               3 = THUNDER
                        SNOW, ICE PELLETS, HAIL    4 = ICE PELLETS
                        TOTAL MONTH:    M          5 = HAIL
                        GRTST 24HR    M  ON   M    6 = FREEZING RAIN OR DRIZZLE
                        GRTST DEPTH:  M  ON   M    7 = DUSTSTORM OR SANDSTORM:
                                                       VSBY 1/2 MILE OR LESS
                                                   8 = SMOKE OR HAZE
[NO. OF DAYS WITH]      [WEATHER - DAYS WITH]      9 = BLOWING SNOW
                                                   X = TORNADO
MAX 32 OR BELOW:   0    0.01 INCH OR MORE:   9
MAX 90 OR ABOVE:   5    0.10 INCH OR MORE:   5
MIN 32 OR BELOW:   0    0.50 INCH OR MORE:   2
MIN  0 OR BELOW:   0    1.00 INCH OR MORE:   1

[HDD (BASE 65) ]
TOTAL THIS MO.     3    CLEAR  (SCALE 0-3)  18
DPTR FM NORMAL   -73    PTCLDY (SCALE 4-7)  10
TOTAL FM JUL 1  6263    CLOUDY (SCALE 8-10)  1
DPTR FM NORMAL  -324

[CDD (BASE 65) ]
TOTAL THIS MO.   139
DPTR FM NORMAL    30    [PRESSURE DATA]
TOTAL FM JAN 1   139    HIGHEST SLP  0.00 ON 16
DPTR FM NORMAL    12    LOWEST  SLP  0.00 ON 16

[REMARKS]
